{"id":162,"date":"2025-06-30T16:54:27","date_gmt":"2025-06-30T14:54:27","guid":{"rendered":"https:\/\/www.minesparis.psl.eu\/safeheat\/?page_id=162"},"modified":"2026-03-31T15:10:10","modified_gmt":"2026-03-31T13:10:10","slug":"about","status":"publish","type":"page","link":"https:\/\/www.minesparis.psl.eu\/safeheat\/about\/","title":{"rendered":"About SAFEHEAT"},"content":{"rendered":"\n<div class=\"container block-full-largeur\">\n\t<div class=\"row mt-4\">\n\t\t<div class=\"col-md-12\">\n\t\t\t<h2 style=\"text-align: justify\">The project in brief<\/h2>\n<h3 data-start=\"123\" data-end=\"158\" style=\"text-align: justify\">Project Background and Objectives<\/h3>\n<p data-start=\"160\" data-end=\"750\" style=\"text-align: justify\">In a <strong data-start=\"165\" data-end=\"233\">regulatory context favorable to non-synthetic refrigerant fluids<\/strong>, the aim of the project is to achieve <strong data-start=\"272\" data-end=\"292\">proof of concept<\/strong> for a <strong data-start=\"299\" data-end=\"317\">heat pump (HP)<\/strong> using <strong data-start=\"324\" data-end=\"386\">natural, non-flammable and non-toxic fluids: water and CO\u2082<\/strong>. The <strong data-start=\"392\" data-end=\"413\">novel combination<\/strong> of these two <strong data-start=\"427\" data-end=\"456\">abundant and inert fluids<\/strong> makes it possible to <strong data-start=\"478\" data-end=\"567\">exploit the thermodynamic advantages of each while cancelling out their disadvantages<\/strong>. The use of <strong data-start=\"580\" data-end=\"597\">water and CO\u2082<\/strong> stands out from the use of <strong data-start=\"625\" data-end=\"669\">hydrocarbon and fluorinated refrigerants<\/strong>, which are respectively <strong data-start=\"694\" data-end=\"714\">highly flammable<\/strong> and <strong data-start=\"719\" data-end=\"749\">harmful to the environment<\/strong>.<\/p>\n<h3 style=\"text-align: justify\">Methodology and Environmental Impact<\/h3>\n<p data-start=\"796\" data-end=\"1324\" style=\"text-align: justify\"><strong data-start=\"796\" data-end=\"816\">Laboratory tests<\/strong> in a <strong data-start=\"822\" data-end=\"847\">simulated environment<\/strong> (<strong data-start=\"849\" data-end=\"891\">climatic chamber and hot water network<\/strong>) will be used to <strong data-start=\"909\" data-end=\"933\">validate the concept<\/strong> and create a <strong data-start=\"947\" data-end=\"968\">data-driven model<\/strong>. This model will be used to carry out an <strong data-start=\"1010\" data-end=\"1052\">energetic and environmental assessment<\/strong> of the solution for <strong data-start=\"1073\" data-end=\"1096\">real-life use cases<\/strong>, simulated by <strong data-start=\"1111\" data-end=\"1138\">building thermal models<\/strong> and a <strong data-start=\"1145\" data-end=\"1176\" data-is-only-node=\"\">Life Cycle Assessment (LCA)<\/strong>. The <strong data-start=\"1182\" data-end=\"1189\">LCA<\/strong> can then <strong data-start=\"1199\" data-end=\"1232\">highlight and help to improve<\/strong> this solution\u2019s <strong data-start=\"1249\" data-end=\"1274\">comparative advantage<\/strong> over others in terms of <strong data-start=\"1299\" data-end=\"1323\">environmental impact<\/strong>.<\/p>\n<p data-start=\"1326\" data-end=\"1843\" style=\"text-align: justify\">The approach therefore involves <strong data-start=\"1358\" data-end=\"1388\">several scales of analysis<\/strong> (<strong data-start=\"1390\" data-end=\"1418\">from component to system<\/strong>) in order to <strong data-start=\"1432\" data-end=\"1475\">correctly quantify the HP\u2019s performance<\/strong>, and is also <strong data-start=\"1489\" data-end=\"1506\">cross-cutting<\/strong> as it focuses on <strong data-start=\"1524\" data-end=\"1552\">technological innovation<\/strong> and <strong data-start=\"1557\" data-end=\"1582\">environmental impacts<\/strong>, which we consider <strong data-start=\"1602\" data-end=\"1615\">essential<\/strong> to guarantee the objectives of the <strong data-start=\"1651\" data-end=\"1696\">European industry\u2019s ecological transition<\/strong>. The project will create the <strong data-start=\"1726\" data-end=\"1745\">technical basis<\/strong> for a <strong data-start=\"1752\" data-end=\"1785\">safe and efficient HP segment<\/strong> that will be <strong data-start=\"1799\" data-end=\"1842\">robust against regulatory uncertainties<\/strong>.<\/p>\n<h2>Solution<\/h2>\n<h3>Water &amp; CO2 cascade<\/h3>\n<p>&nbsp;<\/p>\n<blockquote>\n<p style=\"text-align: center\">\u00a0High operating range natural non-flammable solution for both heating an domestic hot water production<\/p>\n<\/blockquote>\n\t\t<\/div>\n\t<\/div>\n<\/div>\n\n\n<div class=\"container bloc-50-50\">\n\t<div class=\"row mt-4\">\n\t\t<div class=\"col-md-6\">\n\t\t\t<p style=\"text-align: center;\"><span style=\"color: #015d9e;\"><b>sustainable fluids:<\/b><\/span><\/p>\n<ul style=\"text-align: center; list-style-position: inside; padding-left: 0; margin: 0;\">\n<li style=\"text-align: center;\">Low global warming effect<\/li>\n<li style=\"text-align: center;\">Non-flammable<\/li>\n<li style=\"text-align: center;\">Non-toxic<\/li>\n<li style=\"text-align: center;\">Abundant<\/li>\n<\/ul>\n\t\t<\/div>\n\t\t<div class=\"col-md-6\">\n\t\t\t<p style=\"text-align: center;\"><span style=\"color: #015d9e;\"><b>perfect synergy<\/b>:<\/span><\/p>\n<ul>\n<li style=\"text-align: center;\">Water is efficient for heating but cannot be used at negative ambient temperatures<\/li>\n<li style=\"text-align: center;\">CO2 is efficient for low temperature systems, but is not efficient when operated at high temperatures<\/li>\n<\/ul>\n\t\t<\/div>\n\t<\/div>\n<\/div>\n\n\n<div class=\"container block-full-largeur\">\n\t<div class=\"row mt-4\">\n\t\t<div class=\"col-md-12\">\n\t\t\t<h2>The principle<\/h2>\n<ul>\n<li><strong>Bottom cycle: <\/strong>always sub-critical vapor compression CO2 system inspired from commercial refrigeration. De-superheating allows domestic hot water produciton<\/li>\n<li><strong>To cyles<\/strong> : a vapor compression cycle using a high speed Leviathan Dynamics compressor<\/li>\n<\/ul>\n\t\t<\/div>\n\t<\/div>\n<\/div>\n\n\n<div class=\"container bloc-50-50\">\n\t<div class=\"row mt-4\">\n\t\t<div class=\"col-md-6\">\n\t\t\t<p><img loading=\"lazy\" decoding=\"async\" src=\"https:\/\/www.minesparis.psl.eu\/safeheat\/wp-content\/uploads\/sites\/23\/2025\/07\/A-double-service-Heat-Pump-300x253.png\" alt=\"\" width=\"408\" height=\"344\" class=\" wp-image-179 aligncenter\" srcset=\"https:\/\/www.minesparis.psl.eu\/safeheat\/wp-content\/uploads\/sites\/23\/2025\/07\/A-double-service-Heat-Pump-300x253.png 300w, https:\/\/www.minesparis.psl.eu\/safeheat\/wp-content\/uploads\/sites\/23\/2025\/07\/A-double-service-Heat-Pump-1024x864.png 1024w, https:\/\/www.minesparis.psl.eu\/safeheat\/wp-content\/uploads\/sites\/23\/2025\/07\/A-double-service-Heat-Pump-768x648.png 768w, https:\/\/www.minesparis.psl.eu\/safeheat\/wp-content\/uploads\/sites\/23\/2025\/07\/A-double-service-Heat-Pump-360x304.png 360w, https:\/\/www.minesparis.psl.eu\/safeheat\/wp-content\/uploads\/sites\/23\/2025\/07\/A-double-service-Heat-Pump.png 1086w\" sizes=\"auto, (max-width: 408px) 100vw, 408px\" \/><\/p>\n<p style=\"text-align: center\"><em>A double service Heat Pump (HP)<\/em><\/p>\n\t\t<\/div>\n\t\t<div class=\"col-md-6\">\n\t\t\t<p><img loading=\"lazy\" decoding=\"async\" src=\"https:\/\/www.minesparis.psl.eu\/safeheat\/wp-content\/uploads\/sites\/23\/2025\/07\/A-TS-digram-1-300x164.png\" alt=\"\" width=\"657\" height=\"359\" class=\" wp-image-181 aligncenter\" srcset=\"https:\/\/www.minesparis.psl.eu\/safeheat\/wp-content\/uploads\/sites\/23\/2025\/07\/A-TS-digram-1-300x164.png 300w, https:\/\/www.minesparis.psl.eu\/safeheat\/wp-content\/uploads\/sites\/23\/2025\/07\/A-TS-digram-1-1024x559.png 1024w, https:\/\/www.minesparis.psl.eu\/safeheat\/wp-content\/uploads\/sites\/23\/2025\/07\/A-TS-digram-1-768x419.png 768w, https:\/\/www.minesparis.psl.eu\/safeheat\/wp-content\/uploads\/sites\/23\/2025\/07\/A-TS-digram-1-1536x838.png 1536w, https:\/\/www.minesparis.psl.eu\/safeheat\/wp-content\/uploads\/sites\/23\/2025\/07\/A-TS-digram-1-1300x710.png 1300w, https:\/\/www.minesparis.psl.eu\/safeheat\/wp-content\/uploads\/sites\/23\/2025\/07\/A-TS-digram-1.png 1812w\" sizes=\"auto, (max-width: 657px) 100vw, 657px\" \/><\/p>\n<p style=\"text-align: center\"><em>A TS digram<\/em><\/p>\n<p>&nbsp;<\/p>\n\t\t<\/div>\n\t<\/div>\n<\/div>\n\n\n<div class=\"container block-full-largeur\">\n\t<div class=\"row mt-4\">\n\t\t<div class=\"col-md-12\">\n\t\t\t<h2>Challenges<\/h2>\n<ul>\n<li>TRL2 &gt; TRL5 : proof of concept !<\/li>\n<li>Thermodynamic optimisation (dependance on the provided service)<\/li>\n<li>Evapo-condenser optimisation (high efficiency &amp; low volume)<\/li>\n<li>Cycles coupling regulation<\/li>\n<li>Real-usage based comparative LCA<\/li>\n<\/ul>\n<p>&nbsp;<\/p>\n<h2>General work-flow diagram<\/h2>\n<p><img loading=\"lazy\" decoding=\"async\" src=\"https:\/\/www.minesparis.psl.eu\/safeheat\/wp-content\/uploads\/sites\/23\/2025\/07\/General-work-flow-diagram-1-300x102.png\" alt=\"\" width=\"697\" height=\"237\" class=\"wp-image-183 aligncenter\" srcset=\"https:\/\/www.minesparis.psl.eu\/safeheat\/wp-content\/uploads\/sites\/23\/2025\/07\/General-work-flow-diagram-1-300x102.png 300w, https:\/\/www.minesparis.psl.eu\/safeheat\/wp-content\/uploads\/sites\/23\/2025\/07\/General-work-flow-diagram-1-1024x348.png 1024w, https:\/\/www.minesparis.psl.eu\/safeheat\/wp-content\/uploads\/sites\/23\/2025\/07\/General-work-flow-diagram-1-768x261.png 768w, https:\/\/www.minesparis.psl.eu\/safeheat\/wp-content\/uploads\/sites\/23\/2025\/07\/General-work-flow-diagram-1.png 1139w\" sizes=\"auto, (max-width: 697px) 100vw, 697px\" \/><\/p>\n<p>&nbsp;<\/p>\n<h2>Project structure<\/h2>\n<h3><img loading=\"lazy\" decoding=\"async\" src=\"https:\/\/www.minesparis.psl.eu\/safeheat\/wp-content\/uploads\/sites\/23\/2025\/07\/Project-structure-300x107.png\" alt=\"\" width=\"704\" height=\"251\" class=\" wp-image-185 aligncenter\" srcset=\"https:\/\/www.minesparis.psl.eu\/safeheat\/wp-content\/uploads\/sites\/23\/2025\/07\/Project-structure-300x107.png 300w, https:\/\/www.minesparis.psl.eu\/safeheat\/wp-content\/uploads\/sites\/23\/2025\/07\/Project-structure-1024x364.png 1024w, https:\/\/www.minesparis.psl.eu\/safeheat\/wp-content\/uploads\/sites\/23\/2025\/07\/Project-structure-768x273.png 768w, https:\/\/www.minesparis.psl.eu\/safeheat\/wp-content\/uploads\/sites\/23\/2025\/07\/Project-structure.png 1230w\" sizes=\"auto, (max-width: 704px) 100vw, 704px\" \/><\/h3>\n<p>&nbsp;<\/p>\n<h2>The partners<\/h2>\n<h3><span style=\"color: #000000\">SAFEHEAT consortium: 3 nation, 3 academic partners, 1 industrial partner<\/span><\/h3>\n\t\t<\/div>\n\t<\/div>\n<\/div>\n\n\n<div class=\"container bloc-50-50\">\n\t<div class=\"row mt-4\">\n\t\t<div class=\"col-md-6\">\n\t\t\t<p><img loading=\"lazy\" decoding=\"async\" src=\"https:\/\/www.minesparis.psl.eu\/safeheat\/wp-content\/uploads\/sites\/23\/2025\/07\/Logo-Mines-Paris-PSL-Bloc-Marque-Bleu-VF-300x90.png\" alt=\"\" width=\"227\" height=\"68\" class=\"wp-image-188 aligncenter\" srcset=\"https:\/\/www.minesparis.psl.eu\/safeheat\/wp-content\/uploads\/sites\/23\/2025\/07\/Logo-Mines-Paris-PSL-Bloc-Marque-Bleu-VF-300x90.png 300w, https:\/\/www.minesparis.psl.eu\/safeheat\/wp-content\/uploads\/sites\/23\/2025\/07\/Logo-Mines-Paris-PSL-Bloc-Marque-Bleu-VF-1024x309.png 1024w, https:\/\/www.minesparis.psl.eu\/safeheat\/wp-content\/uploads\/sites\/23\/2025\/07\/Logo-Mines-Paris-PSL-Bloc-Marque-Bleu-VF-768x232.png 768w, https:\/\/www.minesparis.psl.eu\/safeheat\/wp-content\/uploads\/sites\/23\/2025\/07\/Logo-Mines-Paris-PSL-Bloc-Marque-Bleu-VF-1536x463.png 1536w, https:\/\/www.minesparis.psl.eu\/safeheat\/wp-content\/uploads\/sites\/23\/2025\/07\/Logo-Mines-Paris-PSL-Bloc-Marque-Bleu-VF-1300x392.png 1300w, https:\/\/www.minesparis.psl.eu\/safeheat\/wp-content\/uploads\/sites\/23\/2025\/07\/Logo-Mines-Paris-PSL-Bloc-Marque-Bleu-VF.png 1960w\" sizes=\"auto, (max-width: 227px) 100vw, 227px\" \/><\/p>\n<p style=\"text-align: center\"><strong>Project coordinator, expert in thermodynamic optimization and under vacuum heat exchangers (France)<\/strong><\/p>\n<p style=\"text-align: center\"><a href=\"https:\/\/www.minesparis.psl.eu\/\" class=\"button-mines btn-bleu flech lf-blanc\">Website<\/a><\/p>\n<hr \/>\n<p style=\"text-align: center\"><span style=\"color: #015d9e\"><strong>The team<\/strong><\/span><\/p>\n<ul>\n<li style=\"text-align: center\"><strong>Egoi Ortego Sampedro &#8211;<\/strong> Coordinator<\/li>\n<li style=\"text-align: center\"><strong>Assaad Zoughaib &#8211;<\/strong> Expert<\/li>\n<li style=\"text-align: center\"><strong>Franck Fayole &#8211;<\/strong> test engineer<\/li>\n<li style=\"text-align: center\"><strong>Ghady Zeghondy &#8211;<\/strong> intern engineer<\/li>\n<\/ul>\n<p>&nbsp;<\/p>\n<p>&nbsp;<\/p>\n\t\t<\/div>\n\t\t<div class=\"col-md-6\">\n\t\t\t<p><img loading=\"lazy\" decoding=\"async\" src=\"https:\/\/www.minesparis.psl.eu\/safeheat\/wp-content\/uploads\/sites\/23\/2025\/07\/Leviathan-Dynamics-300x95.png\" alt=\"\" width=\"287\" height=\"91\" class=\" wp-image-190 aligncenter\" srcset=\"https:\/\/www.minesparis.psl.eu\/safeheat\/wp-content\/uploads\/sites\/23\/2025\/07\/Leviathan-Dynamics-300x95.png 300w, https:\/\/www.minesparis.psl.eu\/safeheat\/wp-content\/uploads\/sites\/23\/2025\/07\/Leviathan-Dynamics.png 399w\" sizes=\"auto, (max-width: 287px) 100vw, 287px\" \/><\/p>\n<p style=\"text-align: center\"><strong>Industrial partner, expert in water high speed compressors (France)<\/strong><\/p>\n<p style=\"text-align: center\"><a href=\"https:\/\/leviathan-dynamics.com\/fr\/\" target=\"_blank\" class=\"button-mines btn-bleu flech lf-blanc\" rel=\"noopener\">Website<\/a><\/p>\n<hr \/>\n<p style=\"text-align: center\"><span style=\"color: #015d9e\"><strong>The team<\/strong><\/span><\/p>\n<ul>\n<li style=\"text-align: center\"><strong>Karino Kang &#8211;<\/strong> President, cofounder and Chief Operating Officer<\/li>\n<li style=\"text-align: center\"><strong>Alan Chauvin &#8211;<\/strong> Cofounder, Chief Technology Officer<\/li>\n<li style=\"text-align: center\"><strong>Zacharie Prigent &#8211;<\/strong> Fluid Simulation and thermodynamics Engineer<\/li>\n<li style=\"text-align: center\"><strong>Naoufel Menadi &#8211;<\/strong> Chief Executive Officer<\/li>\n<\/ul>\n<p>&nbsp;<\/p>\n<p>&nbsp;<\/p>\n\t\t<\/div>\n\t<\/div>\n<\/div>\n\n\n<div class=\"container bloc-50-50\">\n\t<div class=\"row mt-4\">\n\t\t<div class=\"col-md-6\">\n\t\t\t<p><img loading=\"lazy\" decoding=\"async\" src=\"https:\/\/www.minesparis.psl.eu\/safeheat\/wp-content\/uploads\/sites\/23\/2025\/07\/Logo_UJI_2017-300x57.jpg\" alt=\"\" width=\"300\" height=\"57\" class=\"size-medium wp-image-191 aligncenter\" srcset=\"https:\/\/www.minesparis.psl.eu\/safeheat\/wp-content\/uploads\/sites\/23\/2025\/07\/Logo_UJI_2017-300x57.jpg 300w, https:\/\/www.minesparis.psl.eu\/safeheat\/wp-content\/uploads\/sites\/23\/2025\/07\/Logo_UJI_2017-1024x195.jpg 1024w, https:\/\/www.minesparis.psl.eu\/safeheat\/wp-content\/uploads\/sites\/23\/2025\/07\/Logo_UJI_2017-768x146.jpg 768w, https:\/\/www.minesparis.psl.eu\/safeheat\/wp-content\/uploads\/sites\/23\/2025\/07\/Logo_UJI_2017.jpg 1081w\" sizes=\"auto, (max-width: 300px) 100vw, 300px\" \/><\/p>\n<p style=\"text-align: center\"><strong>Academic partner, expert in carbon dioxide thermodynamic systems (Spain)<\/strong><\/p>\n<p style=\"text-align: center\"><a href=\"https:\/\/www.uji.es\/\" target=\"_blank\" class=\"button-mines btn-bleu flech lf-blanc\" rel=\"noopener\">Website<\/a><\/p>\n<hr \/>\n<p style=\"text-align: center\"><span style=\"color: #015d9e\"><strong>The team<\/strong><\/span><\/p>\n<ul>\n<li style=\"text-align: center\"><strong>Laura Nebot Andr\u00e9s &#8211;<\/strong> Assistant Professor. Local Coordinator.<\/li>\n<li style=\"text-align: center\"><strong>Rodrigo Llopis Dom\u00e9nech &#8211;<\/strong> Full Professor in Refrigeration<\/li>\n<li style=\"text-align: center\"><strong>Ram\u00f3n Cabello L\u00f3pez &#8211;<\/strong> Full Professor &amp; group leader of Grupo de investigaci\u00f3n en Ingenier\u00eda T\u00e9rmica<\/li>\n<li style=\"text-align: center\"><strong>Daniel S\u00e1nchez Garc\u00eda-Vacas &#8211;<\/strong> Assistant Professor.<\/li>\n<li style=\"text-align: center\"><strong>Manel Enric Mart\u00ednez Angeles &#8211;<\/strong> PhD candidate<\/li>\n<\/ul>\n\t\t<\/div>\n\t\t<div class=\"col-md-6\">\n\t\t\t<p><img loading=\"lazy\" decoding=\"async\" src=\"https:\/\/www.minesparis.psl.eu\/safeheat\/wp-content\/uploads\/sites\/23\/2025\/07\/Aau-logo-300x277.png\" alt=\"\" width=\"79\" height=\"73\" class=\"wp-image-192 aligncenter\" srcset=\"https:\/\/www.minesparis.psl.eu\/safeheat\/wp-content\/uploads\/sites\/23\/2025\/07\/Aau-logo-300x277.png 300w, https:\/\/www.minesparis.psl.eu\/safeheat\/wp-content\/uploads\/sites\/23\/2025\/07\/Aau-logo.png 408w\" sizes=\"auto, (max-width: 79px) 100vw, 79px\" \/><strong>Academic partner, expert in buildings thermal simulation and LCA (Denmark)<\/strong><\/p>\n<p style=\"text-align: center\"><a href=\"https:\/\/www.aau.dk\/\" target=\"_blank\" class=\"button-mines btn-bleu flech lf-blanc\" rel=\"noopener\">Website<\/a><\/p>\n<hr \/>\n<p style=\"text-align: center\"><span style=\"color: #015d9e\"><strong>The team<\/strong><\/span><\/p>\n<ul>\n<li style=\"text-align: center\"><strong>Alessandro Maccarini &#8211;<\/strong> Associate Professor &#8211; Local Coordinator<\/li>\n<li style=\"text-align: center\"><strong>Alireza Afshari &#8211;<\/strong> Full professor &amp; group leader for Building Energy Systems and Indoor Environment<\/li>\n<li style=\"text-align: center\"><strong>Kai Kanafani &#8211;<\/strong> Associate Professor<\/li>\n<\/ul>\n\t\t<\/div>\n\t<\/div>\n<\/div>","protected":false},"excerpt":{"rendered":"","protected":false},"author":4,"featured_media":383,"parent":0,"menu_order":0,"comment_status":"closed","ping_status":"closed","template":"","meta":{"footnotes":""},"class_list":["post-162","page","type-page","status-publish","has-post-thumbnail","hentry"],"acf":[],"yoast_head":"<!-- This site is optimized with the Yoast SEO plugin v27.2 - https:\/\/yoast.com\/product\/yoast-seo-wordpress\/ -->\n<title>About SAFEHEAT - SAFEHEAT<\/title>\n<meta name=\"robots\" content=\"index, follow, max-snippet:-1, max-image-preview:large, max-video-preview:-1\" \/>\n<link rel=\"canonical\" href=\"https:\/\/www.minesparis.psl.eu\/safeheat\/about\/\" \/>\n<meta property=\"og:locale\" content=\"fr_FR\" \/>\n<meta property=\"og:type\" content=\"article\" \/>\n<meta property=\"og:title\" content=\"About SAFEHEAT - SAFEHEAT\" \/>\n<meta property=\"og:url\" content=\"https:\/\/www.minesparis.psl.eu\/safeheat\/about\/\" \/>\n<meta property=\"og:site_name\" content=\"SAFEHEAT\" \/>\n<meta property=\"article:modified_time\" content=\"2026-03-31T13:10:10+00:00\" \/>\n<meta property=\"og:image\" content=\"https:\/\/www.minesparis.psl.eu\/safeheat\/wp-content\/uploads\/sites\/23\/2025\/07\/PAC_petit_2.png\" \/>\n\t<meta property=\"og:image:width\" content=\"651\" \/>\n\t<meta property=\"og:image:height\" content=\"527\" \/>\n\t<meta property=\"og:image:type\" content=\"image\/png\" \/>\n<meta name=\"twitter:card\" content=\"summary_large_image\" \/>\n<meta name=\"twitter:label1\" content=\"Dur\u00e9e de lecture estim\u00e9e\" \/>\n\t<meta name=\"twitter:data1\" content=\"1 minute\" \/>\n<script type=\"application\/ld+json\" class=\"yoast-schema-graph\">{\"@context\":\"https:\/\/schema.org\",\"@graph\":[{\"@type\":\"WebPage\",\"@id\":\"https:\/\/www.minesparis.psl.eu\/safeheat\/about\/\",\"url\":\"https:\/\/www.minesparis.psl.eu\/safeheat\/about\/\",\"name\":\"About SAFEHEAT - SAFEHEAT\",\"isPartOf\":{\"@id\":\"https:\/\/www.minesparis.psl.eu\/safeheat\/#website\"},\"primaryImageOfPage\":{\"@id\":\"https:\/\/www.minesparis.psl.eu\/safeheat\/about\/#primaryimage\"},\"image\":{\"@id\":\"https:\/\/www.minesparis.psl.eu\/safeheat\/about\/#primaryimage\"},\"thumbnailUrl\":\"https:\/\/www.minesparis.psl.eu\/safeheat\/wp-content\/uploads\/sites\/23\/2025\/07\/PAC_petit_2.png\",\"datePublished\":\"2025-06-30T14:54:27+00:00\",\"dateModified\":\"2026-03-31T13:10:10+00:00\",\"breadcrumb\":{\"@id\":\"https:\/\/www.minesparis.psl.eu\/safeheat\/about\/#breadcrumb\"},\"inLanguage\":\"fr-FR\",\"potentialAction\":[{\"@type\":\"ReadAction\",\"target\":[\"https:\/\/www.minesparis.psl.eu\/safeheat\/about\/\"]}]},{\"@type\":\"ImageObject\",\"inLanguage\":\"fr-FR\",\"@id\":\"https:\/\/www.minesparis.psl.eu\/safeheat\/about\/#primaryimage\",\"url\":\"https:\/\/www.minesparis.psl.eu\/safeheat\/wp-content\/uploads\/sites\/23\/2025\/07\/PAC_petit_2.png\",\"contentUrl\":\"https:\/\/www.minesparis.psl.eu\/safeheat\/wp-content\/uploads\/sites\/23\/2025\/07\/PAC_petit_2.png\",\"width\":651,\"height\":527},{\"@type\":\"BreadcrumbList\",\"@id\":\"https:\/\/www.minesparis.psl.eu\/safeheat\/about\/#breadcrumb\",\"itemListElement\":[{\"@type\":\"ListItem\",\"position\":1,\"name\":\"Accueil\",\"item\":\"https:\/\/www.minesparis.psl.eu\/safeheat\/\"},{\"@type\":\"ListItem\",\"position\":2,\"name\":\"About SAFEHEAT\"}]},{\"@type\":\"WebSite\",\"@id\":\"https:\/\/www.minesparis.psl.eu\/safeheat\/#website\",\"url\":\"https:\/\/www.minesparis.psl.eu\/safeheat\/\",\"name\":\"SAFEHEAT\",\"description\":\"\",\"publisher\":{\"@id\":\"https:\/\/www.minesparis.psl.eu\/safeheat\/#organization\"},\"potentialAction\":[{\"@type\":\"SearchAction\",\"target\":{\"@type\":\"EntryPoint\",\"urlTemplate\":\"https:\/\/www.minesparis.psl.eu\/safeheat\/?s={search_term_string}\"},\"query-input\":{\"@type\":\"PropertyValueSpecification\",\"valueRequired\":true,\"valueName\":\"search_term_string\"}}],\"inLanguage\":\"fr-FR\"},{\"@type\":\"Organization\",\"@id\":\"https:\/\/www.minesparis.psl.eu\/safeheat\/#organization\",\"name\":\"SAFEHEAT\",\"url\":\"https:\/\/www.minesparis.psl.eu\/safeheat\/\",\"logo\":{\"@type\":\"ImageObject\",\"inLanguage\":\"fr-FR\",\"@id\":\"https:\/\/www.minesparis.psl.eu\/safeheat\/#\/schema\/logo\/image\/\",\"url\":\"https:\/\/www.minesparis.psl.eu\/safeheat\/wp-content\/uploads\/sites\/23\/2026\/02\/cropped-cropped-SAFEHEAT_MainLogoRVB-scaled-1.jpg\",\"contentUrl\":\"https:\/\/www.minesparis.psl.eu\/safeheat\/wp-content\/uploads\/sites\/23\/2026\/02\/cropped-cropped-SAFEHEAT_MainLogoRVB-scaled-1.jpg\",\"width\":2310,\"height\":466,\"caption\":\"SAFEHEAT\"},\"image\":{\"@id\":\"https:\/\/www.minesparis.psl.eu\/safeheat\/#\/schema\/logo\/image\/\"}}]}<\/script>\n<!-- \/ Yoast SEO plugin. -->","yoast_head_json":{"title":"About SAFEHEAT - SAFEHEAT","robots":{"index":"index","follow":"follow","max-snippet":"max-snippet:-1","max-image-preview":"max-image-preview:large","max-video-preview":"max-video-preview:-1"},"canonical":"https:\/\/www.minesparis.psl.eu\/safeheat\/about\/","og_locale":"fr_FR","og_type":"article","og_title":"About SAFEHEAT - SAFEHEAT","og_url":"https:\/\/www.minesparis.psl.eu\/safeheat\/about\/","og_site_name":"SAFEHEAT","article_modified_time":"2026-03-31T13:10:10+00:00","og_image":[{"width":651,"height":527,"url":"https:\/\/www.minesparis.psl.eu\/safeheat\/wp-content\/uploads\/sites\/23\/2025\/07\/PAC_petit_2.png","type":"image\/png"}],"twitter_card":"summary_large_image","twitter_misc":{"Dur\u00e9e de lecture estim\u00e9e":"1 minute"},"schema":{"@context":"https:\/\/schema.org","@graph":[{"@type":"WebPage","@id":"https:\/\/www.minesparis.psl.eu\/safeheat\/about\/","url":"https:\/\/www.minesparis.psl.eu\/safeheat\/about\/","name":"About SAFEHEAT - SAFEHEAT","isPartOf":{"@id":"https:\/\/www.minesparis.psl.eu\/safeheat\/#website"},"primaryImageOfPage":{"@id":"https:\/\/www.minesparis.psl.eu\/safeheat\/about\/#primaryimage"},"image":{"@id":"https:\/\/www.minesparis.psl.eu\/safeheat\/about\/#primaryimage"},"thumbnailUrl":"https:\/\/www.minesparis.psl.eu\/safeheat\/wp-content\/uploads\/sites\/23\/2025\/07\/PAC_petit_2.png","datePublished":"2025-06-30T14:54:27+00:00","dateModified":"2026-03-31T13:10:10+00:00","breadcrumb":{"@id":"https:\/\/www.minesparis.psl.eu\/safeheat\/about\/#breadcrumb"},"inLanguage":"fr-FR","potentialAction":[{"@type":"ReadAction","target":["https:\/\/www.minesparis.psl.eu\/safeheat\/about\/"]}]},{"@type":"ImageObject","inLanguage":"fr-FR","@id":"https:\/\/www.minesparis.psl.eu\/safeheat\/about\/#primaryimage","url":"https:\/\/www.minesparis.psl.eu\/safeheat\/wp-content\/uploads\/sites\/23\/2025\/07\/PAC_petit_2.png","contentUrl":"https:\/\/www.minesparis.psl.eu\/safeheat\/wp-content\/uploads\/sites\/23\/2025\/07\/PAC_petit_2.png","width":651,"height":527},{"@type":"BreadcrumbList","@id":"https:\/\/www.minesparis.psl.eu\/safeheat\/about\/#breadcrumb","itemListElement":[{"@type":"ListItem","position":1,"name":"Accueil","item":"https:\/\/www.minesparis.psl.eu\/safeheat\/"},{"@type":"ListItem","position":2,"name":"About SAFEHEAT"}]},{"@type":"WebSite","@id":"https:\/\/www.minesparis.psl.eu\/safeheat\/#website","url":"https:\/\/www.minesparis.psl.eu\/safeheat\/","name":"SAFEHEAT","description":"","publisher":{"@id":"https:\/\/www.minesparis.psl.eu\/safeheat\/#organization"},"potentialAction":[{"@type":"SearchAction","target":{"@type":"EntryPoint","urlTemplate":"https:\/\/www.minesparis.psl.eu\/safeheat\/?s={search_term_string}"},"query-input":{"@type":"PropertyValueSpecification","valueRequired":true,"valueName":"search_term_string"}}],"inLanguage":"fr-FR"},{"@type":"Organization","@id":"https:\/\/www.minesparis.psl.eu\/safeheat\/#organization","name":"SAFEHEAT","url":"https:\/\/www.minesparis.psl.eu\/safeheat\/","logo":{"@type":"ImageObject","inLanguage":"fr-FR","@id":"https:\/\/www.minesparis.psl.eu\/safeheat\/#\/schema\/logo\/image\/","url":"https:\/\/www.minesparis.psl.eu\/safeheat\/wp-content\/uploads\/sites\/23\/2026\/02\/cropped-cropped-SAFEHEAT_MainLogoRVB-scaled-1.jpg","contentUrl":"https:\/\/www.minesparis.psl.eu\/safeheat\/wp-content\/uploads\/sites\/23\/2026\/02\/cropped-cropped-SAFEHEAT_MainLogoRVB-scaled-1.jpg","width":2310,"height":466,"caption":"SAFEHEAT"},"image":{"@id":"https:\/\/www.minesparis.psl.eu\/safeheat\/#\/schema\/logo\/image\/"}}]}},"_links":{"self":[{"href":"https:\/\/www.minesparis.psl.eu\/safeheat\/wp-json\/wp\/v2\/pages\/162","targetHints":{"allow":["GET"]}}],"collection":[{"href":"https:\/\/www.minesparis.psl.eu\/safeheat\/wp-json\/wp\/v2\/pages"}],"about":[{"href":"https:\/\/www.minesparis.psl.eu\/safeheat\/wp-json\/wp\/v2\/types\/page"}],"author":[{"embeddable":true,"href":"https:\/\/www.minesparis.psl.eu\/safeheat\/wp-json\/wp\/v2\/users\/4"}],"replies":[{"embeddable":true,"href":"https:\/\/www.minesparis.psl.eu\/safeheat\/wp-json\/wp\/v2\/comments?post=162"}],"version-history":[{"count":65,"href":"https:\/\/www.minesparis.psl.eu\/safeheat\/wp-json\/wp\/v2\/pages\/162\/revisions"}],"predecessor-version":[{"id":419,"href":"https:\/\/www.minesparis.psl.eu\/safeheat\/wp-json\/wp\/v2\/pages\/162\/revisions\/419"}],"wp:featuredmedia":[{"embeddable":true,"href":"https:\/\/www.minesparis.psl.eu\/safeheat\/wp-json\/wp\/v2\/media\/383"}],"wp:attachment":[{"href":"https:\/\/www.minesparis.psl.eu\/safeheat\/wp-json\/wp\/v2\/media?parent=162"}],"curies":[{"name":"wp","href":"https:\/\/api.w.org\/{rel}","templated":true}]}}