{"id":312,"date":"2024-12-20T13:53:14","date_gmt":"2024-12-20T12:53:14","guid":{"rendered":"https:\/\/www.minesparis.psl.eu\/ismme\/?page_id=312"},"modified":"2025-03-25T11:31:57","modified_gmt":"2025-03-25T10:31:57","slug":"formations-complementaires-obligatoires","status":"publish","type":"page","link":"https:\/\/www.minesparis.psl.eu\/ismme\/la-vie-de-lecole-doctorale\/formations-complementaires-obligatoires\/","title":{"rendered":"Formations compl\u00e9mentaires"},"content":{"rendered":"\n<div class=\"container block-full-largeur\">\n\t<div class=\"row mt-4\">\n\t\t<div class=\"col-md-12\">\n\t\t\t<h2>Formations compl\u00e9mentaires obligatoires<\/h2>\n<p style=\"text-align: justify;\">Les doctorants en formation initiale doivent compl\u00e9ter un socle de formation de 90 heures. Ce socle est compos\u00e9 de :<\/p>\n\t\t<\/div>\n\t<\/div>\n<\/div>\n\n\n<div class=\"container bloc-50-50\">\n\t<div class=\"row mt-4\">\n\t\t<div class=\"col-md-6\">\n\t\t\t<ul>\n<li>\n<p style=\"text-align: justify\"><strong>Modules d\u2019approfondissement scientifique ou technique<\/strong> : Ces formations, li\u00e9es aux disciplines du projet de recherche, peuvent \u00eatre impos\u00e9es par le directeur de th\u00e8se ou le responsable de sp\u00e9cialit\u00e9 doctorale. Elles sont choisies parmi des cours de cycles ing\u00e9nieur, masters, mast\u00e8res sp\u00e9cialis\u00e9s, \u00e9coles scientifiques th\u00e9matiques, \u00e9coles doctorales, ou MOOC de niveau master ou sup\u00e9rieur. La validation de ces modules peut n\u00e9cessiter une \u00e9valuation, selon les directives du directeur de th\u00e8se ou du responsable de sp\u00e9cialit\u00e9 doctorale. Les cours de m\u00e9thodologie sur les outils de recherche internes au laboratoire sont valid\u00e9s jusqu\u2019\u00e0 10 heures.<\/p>\n<\/li>\n<\/ul>\n\t\t<\/div>\n\t\t<div class=\"col-md-6\">\n\t\t\t<ul>\n<li style=\"text-align: justify\"><strong>Modules d&rsquo;ouverture scientifique<\/strong> : ces modules, au choix du doctorant, visent \u00e0 \u00e9largir les horizons scientifiques.<\/li>\n<li>\n<p style=\"text-align: justify\"><strong>Modules de formation \u00e0 l\u2019\u00e9thique de la recherche et \u00e0 l\u2019int\u00e9grit\u00e9 scientifique<\/strong> : ces modules sont essentiels pour assurer une pratique de recherche rigoureuse et \u00e9thique.<\/p>\n<\/li>\n<li>\n<p style=\"text-align: justify\"><strong>Modules transverses<\/strong> : ils favorisent le d\u00e9veloppement professionnel du doctorant, incluant des connaissances sur le monde \u00e9conomique, la communication, l\u2019animation d\u2019\u00e9quipe, et l\u2019insertion professionnelle.<\/p>\n<\/li>\n<\/ul>\n\t\t<\/div>\n\t<\/div>\n<\/div>\n\n\n<div class=\"container block-full-largeur\">\n\t<div class=\"row mt-4\">\n\t\t<div class=\"col-md-12\">\n\t\t\t<p style=\"text-align: justify\">Les doctorants en formation tout au long de la vie vie sont exon\u00e9r\u00e9s des formations transverses. Ils doivent suivre 45 heures de formation, comprenant des modules scientifiques (approfondissement et ouverture) et de formation \u00e0 l\u2019\u00e9thique de la recherche et \u00e0 l\u2019int\u00e9grit\u00e9 scientifique.<\/p>\n<p>&nbsp;<\/p>\n\t\t<\/div>\n\t<\/div>\n<\/div>\n\n<div class=\"container bloc-30-70\">\n\t<div class=\"row mt-4\">\n\t\t<div class=\"col-md-4\">\n\t\t\t<p><img loading=\"lazy\" decoding=\"async\" class=\"alignnone  wp-image-1103\" src=\"https:\/\/www.minesparis.psl.eu\/ismme\/wp-content\/uploads\/sites\/20\/2025\/03\/3O3A4893-300x202.jpg\" alt=\"\" width=\"498\" height=\"336\" srcset=\"https:\/\/www.minesparis.psl.eu\/ismme\/wp-content\/uploads\/sites\/20\/2025\/03\/3O3A4893-300x202.jpg 300w, https:\/\/www.minesparis.psl.eu\/ismme\/wp-content\/uploads\/sites\/20\/2025\/03\/3O3A4893-1024x691.jpg 1024w, https:\/\/www.minesparis.psl.eu\/ismme\/wp-content\/uploads\/sites\/20\/2025\/03\/3O3A4893-768x518.jpg 768w, https:\/\/www.minesparis.psl.eu\/ismme\/wp-content\/uploads\/sites\/20\/2025\/03\/3O3A4893-1536x1036.jpg 1536w, https:\/\/www.minesparis.psl.eu\/ismme\/wp-content\/uploads\/sites\/20\/2025\/03\/3O3A4893-2048x1382.jpg 2048w, https:\/\/www.minesparis.psl.eu\/ismme\/wp-content\/uploads\/sites\/20\/2025\/03\/3O3A4893-1300x877.jpg 1300w\" sizes=\"auto, (max-width: 498px) 100vw, 498px\" \/><\/p>\n\t\t<\/div>\n\t\t<div class=\"col-md-8\">\n\t\t\t<p style=\"text-align: justify;\"><strong>Le catalogue des formations doctorales<\/strong> propos\u00e9es par le Coll\u00e8ge Doctoral de PSL pour l&rsquo;ann\u00e9e en cours est accessible via ADUM.<\/p>\n<p><a class=\"button-mines btn-bleu flech lf-blanc\" href=\"https:\/\/adum.fr\/script\/formations.pl?site=PSL\" target=\"_blank\" rel=\"noopener\">D\u00e9couvrir<\/a><\/p>\n<p style=\"text-align: justify;\">De plus, l\u2019\u00c9cole interne de PSL propose certaines <strong>formations aux doctorants<\/strong> contractuels, consultables via sa plateforme.<\/p>\n<p><a class=\"button-mines btn-bleu flech lf-blanc\" href=\"https:\/\/psl-ecoleinterne.inscription.psl.eu\/\" target=\"_blank\" rel=\"noopener\">D\u00e9couvrir<\/a><\/p>\n\t\t<\/div>\n\t<\/div>\n<\/div>\n\n\n<div class=\"container block-full-largeur\">\n\t<div class=\"row mt-4\">\n\t\t<div class=\"col-md-12\">\n\t\t\t<p>Les cours scientifiques dispens\u00e9s au sein du programme gradu\u00e9 ISAI sont ouverts aux doctorants sur accord pr\u00e9alable de l\u2019enseignant.<\/p>\n<p style=\"text-align: left;\"><a class=\"button-mines btn-bleu flech lf-blanc\" href=\"https:\/\/psl.eu\/programmes-gradues\/programme-gradue-ingenierie-isai\" target=\"_blank\" rel=\"noopener\">D\u00e9couvrir<\/a><\/p>\n<h2>Activit\u00e9s compl\u00e9mentaires<\/h2>\n\t\t<\/div>\n\t<\/div>\n<\/div>\n\n<div class=\"container bloc-30-70\">\n\t<div class=\"row mt-4\">\n\t\t<div class=\"col-md-4\">\n\t\t\t<p><img loading=\"lazy\" decoding=\"async\" class=\"alignnone  wp-image-1106\" src=\"https:\/\/www.minesparis.psl.eu\/ismme\/wp-content\/uploads\/sites\/20\/2025\/03\/358A2787-300x191.jpg\" alt=\"\" width=\"499\" height=\"317\" srcset=\"https:\/\/www.minesparis.psl.eu\/ismme\/wp-content\/uploads\/sites\/20\/2025\/03\/358A2787-300x191.jpg 300w, https:\/\/www.minesparis.psl.eu\/ismme\/wp-content\/uploads\/sites\/20\/2025\/03\/358A2787-1024x653.jpg 1024w, https:\/\/www.minesparis.psl.eu\/ismme\/wp-content\/uploads\/sites\/20\/2025\/03\/358A2787-768x490.jpg 768w, https:\/\/www.minesparis.psl.eu\/ismme\/wp-content\/uploads\/sites\/20\/2025\/03\/358A2787-1536x980.jpg 1536w, https:\/\/www.minesparis.psl.eu\/ismme\/wp-content\/uploads\/sites\/20\/2025\/03\/358A2787-2048x1307.jpg 2048w, https:\/\/www.minesparis.psl.eu\/ismme\/wp-content\/uploads\/sites\/20\/2025\/03\/358A2787-1300x829.jpg 1300w\" sizes=\"auto, (max-width: 499px) 100vw, 499px\" \/><\/p>\n\t\t<\/div>\n\t\t<div class=\"col-md-8\">\n\t\t\t<p style=\"text-align: justify;\">Les doctorants sous contrat dans les \u00e9tablissements publics d\u2019enseignement sup\u00e9rieur ou de recherche ont la possibilit\u00e9 d&rsquo;entreprendre des activit\u00e9s compl\u00e9mentaires r\u00e9mun\u00e9r\u00e9es, dans la limite d&rsquo;un sixi\u00e8me de leur temps de travail annuel effectif.<\/p>\n<p style=\"text-align: justify;\">Ces activit\u00e9s doivent \u00eatre en ad\u00e9quation avec le projet doctoral et n\u00e9cessitent la validation pr\u00e9alable du directeur de th\u00e8se. Elles sont modulables et peuvent \u00eatre cumul\u00e9es, qu\u2019elles soient effectu\u00e9es dans ou en dehors du cadre du contrat doctoral (se r\u00e9f\u00e9rer aux modalit\u00e9s propres des \u00e9tablissements de pr\u00e9paration de th\u00e8se).<\/p>\n\t\t<\/div>\n\t<\/div>\n<\/div>\n\n\n<div class=\"container block-full-largeur\">\n\t<div class=\"row mt-4\">\n\t\t<div class=\"col-md-12\">\n\t\t\t<h4 style=\"text-align: center\">Les trois types d\u2019activit\u00e9s possibles :<\/h4>\n\t\t<\/div>\n\t<\/div>\n<\/div>\n\n\n<div class=\"container bloc-30-30-30\">\n\t<div class=\"row mt-4\">\n\t\t<div class=\"col-md-4\">\n\t\t\t<p style=\"text-align: center\"><strong>Une mission d\u2019enseignement<\/strong>,<strong> y compris dans le cadre de la formation continue<\/strong>, pour un maximum de 64 heures par an (cours magistraux, travaux dirig\u00e9s ou pratiques).<\/p>\n\t\t<\/div>\n\t\t<div class=\"col-md-4\">\n\t\t\t<p style=\"text-align: center\"><strong>Une mission dans les domaines de la diffusion de l&rsquo;information scientifique et technique ou de la valorisation des r\u00e9sultats de la recherche,<\/strong> limit\u00e9e \u00e0 32 jours de travail par an.<\/p>\n\t\t<\/div>\n\t\t<div class=\"col-md-4\">\n\t\t\t<p style=\"text-align: center\"><strong>Une mission d\u2019expertise au sein d\u2019une entreprise, collectivit\u00e9 territoriale, administration, \u00e9tablissement public, association ou fondation,<\/strong> \u00e9galement restreinte \u00e0 32 jours de travail par an.<\/p>\n<p>&nbsp;<\/p>\n\t\t<\/div>\n\t<\/div>\n<\/div>","protected":false},"excerpt":{"rendered":"","protected":false},"author":1,"featured_media":1072,"parent":251,"menu_order":0,"comment_status":"closed","ping_status":"closed","template":"","meta":{"footnotes":""},"class_list":["post-312","page","type-page","status-publish","has-post-thumbnail","hentry"],"acf":[],"yoast_head":"<!-- This site is optimized with the Yoast SEO plugin v27.2 - https:\/\/yoast.com\/product\/yoast-seo-wordpress\/ -->\n<title>Formations compl\u00e9mentaires - Ecole doctorale ISMME Mines Paris - PSL<\/title>\n<meta name=\"robots\" content=\"index, follow, max-snippet:-1, max-image-preview:large, max-video-preview:-1\" \/>\n<link rel=\"canonical\" href=\"https:\/\/www.minesparis.psl.eu\/ismme\/la-vie-de-lecole-doctorale\/formations-complementaires-obligatoires\/\" \/>\n<meta property=\"og:locale\" content=\"fr_FR\" \/>\n<meta property=\"og:type\" content=\"article\" \/>\n<meta property=\"og:title\" content=\"Formations compl\u00e9mentaires - Ecole doctorale ISMME Mines Paris - PSL\" \/>\n<meta property=\"og:url\" content=\"https:\/\/www.minesparis.psl.eu\/ismme\/la-vie-de-lecole-doctorale\/formations-complementaires-obligatoires\/\" \/>\n<meta property=\"og:site_name\" content=\"Ecole doctorale ISMME Mines Paris - PSL\" \/>\n<meta property=\"article:modified_time\" content=\"2025-03-25T10:31:57+00:00\" \/>\n<meta property=\"og:image\" content=\"https:\/\/www.minesparis.psl.eu\/ismme\/wp-content\/uploads\/sites\/20\/2025\/03\/Bandeau-ISMME.png\" \/>\n\t<meta property=\"og:image:width\" content=\"1300\" \/>\n\t<meta property=\"og:image:height\" content=\"500\" \/>\n\t<meta property=\"og:image:type\" content=\"image\/png\" \/>\n<meta name=\"twitter:card\" content=\"summary_large_image\" \/>\n<meta name=\"twitter:label1\" content=\"Dur\u00e9e de lecture estim\u00e9e\" \/>\n\t<meta name=\"twitter:data1\" content=\"1 minute\" \/>\n<script type=\"application\/ld+json\" class=\"yoast-schema-graph\">{\"@context\":\"https:\/\/schema.org\",\"@graph\":[{\"@type\":\"WebPage\",\"@id\":\"https:\/\/www.minesparis.psl.eu\/ismme\/la-vie-de-lecole-doctorale\/formations-complementaires-obligatoires\/\",\"url\":\"https:\/\/www.minesparis.psl.eu\/ismme\/la-vie-de-lecole-doctorale\/formations-complementaires-obligatoires\/\",\"name\":\"Formations compl\u00e9mentaires - Ecole doctorale ISMME Mines Paris - PSL\",\"isPartOf\":{\"@id\":\"https:\/\/www.minesparis.psl.eu\/ismme\/#website\"},\"primaryImageOfPage\":{\"@id\":\"https:\/\/www.minesparis.psl.eu\/ismme\/la-vie-de-lecole-doctorale\/formations-complementaires-obligatoires\/#primaryimage\"},\"image\":{\"@id\":\"https:\/\/www.minesparis.psl.eu\/ismme\/la-vie-de-lecole-doctorale\/formations-complementaires-obligatoires\/#primaryimage\"},\"thumbnailUrl\":\"https:\/\/www.minesparis.psl.eu\/ismme\/wp-content\/uploads\/sites\/20\/2025\/03\/Bandeau-ISMME.png\",\"datePublished\":\"2024-12-20T12:53:14+00:00\",\"dateModified\":\"2025-03-25T10:31:57+00:00\",\"breadcrumb\":{\"@id\":\"https:\/\/www.minesparis.psl.eu\/ismme\/la-vie-de-lecole-doctorale\/formations-complementaires-obligatoires\/#breadcrumb\"},\"inLanguage\":\"fr-FR\",\"potentialAction\":[{\"@type\":\"ReadAction\",\"target\":[\"https:\/\/www.minesparis.psl.eu\/ismme\/la-vie-de-lecole-doctorale\/formations-complementaires-obligatoires\/\"]}]},{\"@type\":\"ImageObject\",\"inLanguage\":\"fr-FR\",\"@id\":\"https:\/\/www.minesparis.psl.eu\/ismme\/la-vie-de-lecole-doctorale\/formations-complementaires-obligatoires\/#primaryimage\",\"url\":\"https:\/\/www.minesparis.psl.eu\/ismme\/wp-content\/uploads\/sites\/20\/2025\/03\/Bandeau-ISMME.png\",\"contentUrl\":\"https:\/\/www.minesparis.psl.eu\/ismme\/wp-content\/uploads\/sites\/20\/2025\/03\/Bandeau-ISMME.png\",\"width\":1300,\"height\":500},{\"@type\":\"BreadcrumbList\",\"@id\":\"https:\/\/www.minesparis.psl.eu\/ismme\/la-vie-de-lecole-doctorale\/formations-complementaires-obligatoires\/#breadcrumb\",\"itemListElement\":[{\"@type\":\"ListItem\",\"position\":1,\"name\":\"Accueil\",\"item\":\"https:\/\/www.minesparis.psl.eu\/ismme\/\"},{\"@type\":\"ListItem\",\"position\":2,\"name\":\"Parcours du doctorant\",\"item\":\"https:\/\/www.minesparis.psl.eu\/ismme\/la-vie-de-lecole-doctorale\/\"},{\"@type\":\"ListItem\",\"position\":3,\"name\":\"Formations compl\u00e9mentaires\"}]},{\"@type\":\"WebSite\",\"@id\":\"https:\/\/www.minesparis.psl.eu\/ismme\/#website\",\"url\":\"https:\/\/www.minesparis.psl.eu\/ismme\/\",\"name\":\"Ecole doctorale ISMME Mines Paris - PSL\",\"description\":\"\",\"publisher\":{\"@id\":\"https:\/\/www.minesparis.psl.eu\/ismme\/#organization\"},\"potentialAction\":[{\"@type\":\"SearchAction\",\"target\":{\"@type\":\"EntryPoint\",\"urlTemplate\":\"https:\/\/www.minesparis.psl.eu\/ismme\/?s={search_term_string}\"},\"query-input\":{\"@type\":\"PropertyValueSpecification\",\"valueRequired\":true,\"valueName\":\"search_term_string\"}}],\"inLanguage\":\"fr-FR\"},{\"@type\":\"Organization\",\"@id\":\"https:\/\/www.minesparis.psl.eu\/ismme\/#organization\",\"name\":\"Ecole doctorale ISMME Mines Paris - PSL\",\"url\":\"https:\/\/www.minesparis.psl.eu\/ismme\/\",\"logo\":{\"@type\":\"ImageObject\",\"inLanguage\":\"fr-FR\",\"@id\":\"https:\/\/www.minesparis.psl.eu\/ismme\/#\/schema\/logo\/image\/\",\"url\":\"https:\/\/www.minesparis.psl.eu\/ismme\/wp-content\/uploads\/sites\/20\/2025\/03\/Design-sans-titre12-1.svg\",\"contentUrl\":\"https:\/\/www.minesparis.psl.eu\/ismme\/wp-content\/uploads\/sites\/20\/2025\/03\/Design-sans-titre12-1.svg\",\"width\":320,\"height\":320,\"caption\":\"Ecole doctorale ISMME Mines Paris - PSL\"},\"image\":{\"@id\":\"https:\/\/www.minesparis.psl.eu\/ismme\/#\/schema\/logo\/image\/\"}}]}<\/script>\n<!-- \/ Yoast SEO plugin. -->","yoast_head_json":{"title":"Formations compl\u00e9mentaires - Ecole doctorale ISMME Mines Paris - PSL","robots":{"index":"index","follow":"follow","max-snippet":"max-snippet:-1","max-image-preview":"max-image-preview:large","max-video-preview":"max-video-preview:-1"},"canonical":"https:\/\/www.minesparis.psl.eu\/ismme\/la-vie-de-lecole-doctorale\/formations-complementaires-obligatoires\/","og_locale":"fr_FR","og_type":"article","og_title":"Formations compl\u00e9mentaires - Ecole doctorale ISMME Mines Paris - PSL","og_url":"https:\/\/www.minesparis.psl.eu\/ismme\/la-vie-de-lecole-doctorale\/formations-complementaires-obligatoires\/","og_site_name":"Ecole doctorale ISMME Mines Paris - PSL","article_modified_time":"2025-03-25T10:31:57+00:00","og_image":[{"width":1300,"height":500,"url":"https:\/\/www.minesparis.psl.eu\/ismme\/wp-content\/uploads\/sites\/20\/2025\/03\/Bandeau-ISMME.png","type":"image\/png"}],"twitter_card":"summary_large_image","twitter_misc":{"Dur\u00e9e de lecture estim\u00e9e":"1 minute"},"schema":{"@context":"https:\/\/schema.org","@graph":[{"@type":"WebPage","@id":"https:\/\/www.minesparis.psl.eu\/ismme\/la-vie-de-lecole-doctorale\/formations-complementaires-obligatoires\/","url":"https:\/\/www.minesparis.psl.eu\/ismme\/la-vie-de-lecole-doctorale\/formations-complementaires-obligatoires\/","name":"Formations compl\u00e9mentaires - Ecole doctorale ISMME Mines Paris - PSL","isPartOf":{"@id":"https:\/\/www.minesparis.psl.eu\/ismme\/#website"},"primaryImageOfPage":{"@id":"https:\/\/www.minesparis.psl.eu\/ismme\/la-vie-de-lecole-doctorale\/formations-complementaires-obligatoires\/#primaryimage"},"image":{"@id":"https:\/\/www.minesparis.psl.eu\/ismme\/la-vie-de-lecole-doctorale\/formations-complementaires-obligatoires\/#primaryimage"},"thumbnailUrl":"https:\/\/www.minesparis.psl.eu\/ismme\/wp-content\/uploads\/sites\/20\/2025\/03\/Bandeau-ISMME.png","datePublished":"2024-12-20T12:53:14+00:00","dateModified":"2025-03-25T10:31:57+00:00","breadcrumb":{"@id":"https:\/\/www.minesparis.psl.eu\/ismme\/la-vie-de-lecole-doctorale\/formations-complementaires-obligatoires\/#breadcrumb"},"inLanguage":"fr-FR","potentialAction":[{"@type":"ReadAction","target":["https:\/\/www.minesparis.psl.eu\/ismme\/la-vie-de-lecole-doctorale\/formations-complementaires-obligatoires\/"]}]},{"@type":"ImageObject","inLanguage":"fr-FR","@id":"https:\/\/www.minesparis.psl.eu\/ismme\/la-vie-de-lecole-doctorale\/formations-complementaires-obligatoires\/#primaryimage","url":"https:\/\/www.minesparis.psl.eu\/ismme\/wp-content\/uploads\/sites\/20\/2025\/03\/Bandeau-ISMME.png","contentUrl":"https:\/\/www.minesparis.psl.eu\/ismme\/wp-content\/uploads\/sites\/20\/2025\/03\/Bandeau-ISMME.png","width":1300,"height":500},{"@type":"BreadcrumbList","@id":"https:\/\/www.minesparis.psl.eu\/ismme\/la-vie-de-lecole-doctorale\/formations-complementaires-obligatoires\/#breadcrumb","itemListElement":[{"@type":"ListItem","position":1,"name":"Accueil","item":"https:\/\/www.minesparis.psl.eu\/ismme\/"},{"@type":"ListItem","position":2,"name":"Parcours du doctorant","item":"https:\/\/www.minesparis.psl.eu\/ismme\/la-vie-de-lecole-doctorale\/"},{"@type":"ListItem","position":3,"name":"Formations compl\u00e9mentaires"}]},{"@type":"WebSite","@id":"https:\/\/www.minesparis.psl.eu\/ismme\/#website","url":"https:\/\/www.minesparis.psl.eu\/ismme\/","name":"Ecole doctorale ISMME Mines Paris - PSL","description":"","publisher":{"@id":"https:\/\/www.minesparis.psl.eu\/ismme\/#organization"},"potentialAction":[{"@type":"SearchAction","target":{"@type":"EntryPoint","urlTemplate":"https:\/\/www.minesparis.psl.eu\/ismme\/?s={search_term_string}"},"query-input":{"@type":"PropertyValueSpecification","valueRequired":true,"valueName":"search_term_string"}}],"inLanguage":"fr-FR"},{"@type":"Organization","@id":"https:\/\/www.minesparis.psl.eu\/ismme\/#organization","name":"Ecole doctorale ISMME Mines Paris - PSL","url":"https:\/\/www.minesparis.psl.eu\/ismme\/","logo":{"@type":"ImageObject","inLanguage":"fr-FR","@id":"https:\/\/www.minesparis.psl.eu\/ismme\/#\/schema\/logo\/image\/","url":"https:\/\/www.minesparis.psl.eu\/ismme\/wp-content\/uploads\/sites\/20\/2025\/03\/Design-sans-titre12-1.svg","contentUrl":"https:\/\/www.minesparis.psl.eu\/ismme\/wp-content\/uploads\/sites\/20\/2025\/03\/Design-sans-titre12-1.svg","width":320,"height":320,"caption":"Ecole doctorale ISMME Mines Paris - PSL"},"image":{"@id":"https:\/\/www.minesparis.psl.eu\/ismme\/#\/schema\/logo\/image\/"}}]}},"_links":{"self":[{"href":"https:\/\/www.minesparis.psl.eu\/ismme\/wp-json\/wp\/v2\/pages\/312","targetHints":{"allow":["GET"]}}],"collection":[{"href":"https:\/\/www.minesparis.psl.eu\/ismme\/wp-json\/wp\/v2\/pages"}],"about":[{"href":"https:\/\/www.minesparis.psl.eu\/ismme\/wp-json\/wp\/v2\/types\/page"}],"author":[{"embeddable":true,"href":"https:\/\/www.minesparis.psl.eu\/ismme\/wp-json\/wp\/v2\/users\/1"}],"replies":[{"embeddable":true,"href":"https:\/\/www.minesparis.psl.eu\/ismme\/wp-json\/wp\/v2\/comments?post=312"}],"version-history":[{"count":6,"href":"https:\/\/www.minesparis.psl.eu\/ismme\/wp-json\/wp\/v2\/pages\/312\/revisions"}],"predecessor-version":[{"id":1139,"href":"https:\/\/www.minesparis.psl.eu\/ismme\/wp-json\/wp\/v2\/pages\/312\/revisions\/1139"}],"up":[{"embeddable":true,"href":"https:\/\/www.minesparis.psl.eu\/ismme\/wp-json\/wp\/v2\/pages\/251"}],"wp:featuredmedia":[{"embeddable":true,"href":"https:\/\/www.minesparis.psl.eu\/ismme\/wp-json\/wp\/v2\/media\/1072"}],"wp:attachment":[{"href":"https:\/\/www.minesparis.psl.eu\/ismme\/wp-json\/wp\/v2\/media?parent=312"}],"curies":[{"name":"wp","href":"https:\/\/api.w.org\/{rel}","templated":true}]}}