{"id":230,"date":"2024-12-19T17:48:43","date_gmt":"2024-12-19T16:48:43","guid":{"rendered":"https:\/\/www.minesparis.psl.eu\/ismme\/?page_id=230"},"modified":"2025-03-20T12:53:41","modified_gmt":"2025-03-20T11:53:41","slug":"gouvernance-et-organisation","status":"publish","type":"page","link":"https:\/\/www.minesparis.psl.eu\/ismme\/ecole-doctorale\/gouvernance-et-organisation\/","title":{"rendered":"Gouvernance et organisation"},"content":{"rendered":"\n<div class=\"container block-full-largeur\">\n\t<div class=\"row mt-4\">\n\t\t<div class=\"col-md-12\">\n\t\t\t<h2>Le directeur<\/h2>\n<p style=\"text-align: justify\">Le directeur de l&rsquo;\u00e9cole doctorale, de rang professoral, est nomm\u00e9 par le Pr\u00e9sident de PSL apr\u00e8s consultation de la commission recherche de PSL et du conseil de l\u2019\u00c9cole Doctorale. Sa nomination est effective pour la dur\u00e9e de l&rsquo;accr\u00e9ditation, avec une possibilit\u00e9 de renouvellement une fois. Son engagement est pr\u00e9cis\u00e9 dans la charte de PSL. Pour la p\u00e9riode d&rsquo;accr\u00e9ditation 2019-2025, le poste de directeur de l\u2019\u00c9cole Doctorale est occup\u00e9 par Marie-H\u00e9l\u00e8ne Berger.<\/p>\n<h2>Le conseil<\/h2>\n<p style=\"text-align: justify\">Le conseil de l&rsquo;\u00e9cole doctorale se r\u00e9unit deux fois par an. Il adopte le programme d&rsquo;actions de l&rsquo;\u00e9cole doctorale et g\u00e8re, par ses d\u00e9lib\u00e9rations, les affaires relevant de celle-ci. Un relev\u00e9 des d\u00e9cisions prises lors de chaque r\u00e9union est ensuite publi\u00e9 sur le site web de l&rsquo;\u00e9cole doctorale. Le directeur de l&rsquo;ED, bien qu&rsquo;il assiste aux r\u00e9unions, ne fait pas partie du conseil et ne participe pas aux prises de d\u00e9cisions.<\/p>\n<p style=\"text-align: justify\">Le conseil de l\u2019\u00c9cole Doctorale ISMME est constitu\u00e9 de 20 membres :<\/p>\n<ul>\n<li style=\"text-align: justify\">2 personnalit\u00e9s ext\u00e9rieures \u00e0 l&rsquo;ED, repr\u00e9sentantes du monde socio-\u00e9conomique;<\/li>\n<li style=\"text-align: justify\">2 personnalit\u00e9s ext\u00e9rieures \u00e0 l&rsquo;ED, de rang professoral, membres d&rsquo;un conseil d&rsquo;une autre \u00e9cole doctorale fran\u00e7aise;<\/li>\n<li style=\"text-align: justify\">10 membres des \u00e9tablissements de pr\u00e9paration de th\u00e8se, de rang professoral r\u00e9partis \u00e9quitablement entre les quatre axes disciplinaires de l&rsquo;ED d\u00e9crits ci-dessous;<\/li>\n<li style=\"text-align: justify\">2 membres ITA des \u00e9tablissements de pr\u00e9paration de th\u00e8se;<\/li>\n<li style=\"text-align: justify\">4 doctorants \u00e9lus par et parmi les doctorants de l&rsquo;ED.<\/li>\n<\/ul>\n<h2>L&rsquo;\u00e9lection des doctorants si\u00e9geant au conseil de l&rsquo;ED<\/h2>\n<p style=\"text-align: justify\">Les quatre doctorants si\u00e9geant au conseil sont \u00e9lus au d\u00e9but de l&rsquo;ann\u00e9e civile pour un mandat couvrant l&rsquo;ann\u00e9e en cours. Ils doivent \u00eatre inscrits \u00e0 PSL et pr\u00e9parer leur th\u00e8se au sein de l&rsquo;\u00c9cole Doctorale ISMME. La liste \u00e9lectorale est \u00e9tablie \u00e0 partir des doctorants inscrits \u00e0 l&rsquo;ED une semaine avant l&rsquo;ouverture des votes.<\/p>\n<h2>Le bureau ex\u00e9cutif<\/h2>\n<p style=\"text-align: justify\">Le bureau ex\u00e9cutif se r\u00e9unit chaque mois pour pr\u00e9parer les r\u00e9unions du conseil de l\u2019ED, proposer les programmes d\u2019action et les textes cadres propres \u00e0 l\u2019ED, ainsi que pour organiser son auto-\u00e9valuation. Il harmonise les pratiques au sein des \u00e9quipes rattach\u00e9es \u00e0 l\u2019ED et pr\u00e9pare les concours annuels pour l\u2019attribution des contrats doctoraux. Les demandes de prolongation exceptionnelle des doctorants au-del\u00e0 de la quatri\u00e8me ann\u00e9e sont examin\u00e9es coll\u00e9gialement par le bureau, qui formule un avis pour l\u2019ED, lequel est ensuite communiqu\u00e9 au responsable de l\u2019\u00e9tablissement de pr\u00e9paration de la th\u00e8se.<\/p>\n<p style=\"text-align: justify\">Le bureau ex\u00e9cutif, de composition plus restreinte que le conseil, comprend le directeur de l\u2019ED, sept membres internes habilit\u00e9s \u00e0 diriger des recherches (y compris les repr\u00e9sentants des \u00e9tablissements), ainsi que la gestionnaire de l\u2019ED. Les doctorants \u00e9lus peuvent \u00eatre invit\u00e9s \u00e0 participer aux r\u00e9unions du bureau sur proposition des membres ou \u00e0 leur demande.<\/p>\n<h2>Les sp\u00e9cialit\u00e9s doctorales<\/h2>\n<p style=\"text-align: justify\">Chaque doctorant de l&rsquo;\u00c9cole Doctorale est affili\u00e9 \u00e0 une sp\u00e9cialit\u00e9 doctorale sp\u00e9cifique choisie lors de l&rsquo;inscription. Cette sp\u00e9cialit\u00e9 sera mentionn\u00e9e sur le dipl\u00f4me de doctorat d\u00e9livr\u00e9 par PSL.<\/p>\n<p>L&rsquo;\u00c9cole Doctorale ISMME est structur\u00e9e en 10 sp\u00e9cialit\u00e9s :<\/p>\n\t\t<\/div>\n\t<\/div>\n<\/div>\n\n\n<div class=\"container bloc-50-50\">\n\t<div class=\"row mt-4\">\n\t\t<div class=\"col-md-6\">\n\t\t\t<ul>\n<li style=\"text-align: justify\">Informatique temps r\u00e9el, Robotique et Automatique<\/li>\n<li style=\"text-align: justify\">Math\u00e9matiques et Automatique<\/li>\n<li style=\"text-align: justify\">Morphologie math\u00e9matique<\/li>\n<li style=\"text-align: justify\">G\u00e9ostatistique et Probabilit\u00e9s appliqu\u00e9es<\/li>\n<li style=\"text-align: justify\">Bio-informatique<\/li>\n<\/ul>\n\t\t<\/div>\n\t\t<div class=\"col-md-6\">\n\t\t\t<ul>\n<li style=\"text-align: justify\">Sciences et G\u00e9nie des Mat\u00e9riaux<\/li>\n<li style=\"text-align: justify\">M\u00e9canique<\/li>\n<li style=\"text-align: justify\">Energ\u00e9tique et G\u00e9nie des Proc\u00e9d\u00e9s<\/li>\n<li style=\"text-align: justify\">Sciences et G\u00e9nie des Activit\u00e9s \u00e0 Risque<\/li>\n<li style=\"text-align: justify\">Architecture<\/li>\n<\/ul>\n\t\t<\/div>\n\t<\/div>\n<\/div>\n\n\n<div class=\"container block-full-largeur\">\n\t<div class=\"row mt-4\">\n\t\t<div class=\"col-md-12\">\n\t\t\t<h2>Les responsables de sp\u00e9cialit\u00e9 doctorale<\/h2>\n<p style=\"text-align: justify\">Chaque sp\u00e9cialit\u00e9 doctorale est coordonn\u00e9e par un responsable de sp\u00e9cialit\u00e9 habilit\u00e9 \u00e0 diriger des recherches (HDR), qui est le premier interlocuteur des doctorants pour l\u2019\u00c9cole Doctorale. Ce responsable veille \u00e0 l&rsquo;application des r\u00e8gles de l\u2019\u00c9cole Doctorale pour les doctorants et leurs encadrants dans sa sp\u00e9cialit\u00e9. Il \u00e9met des avis sur les dossiers de candidature, les taux d&rsquo;encadrement, les r\u00e9inscriptions, le choix des rapporteurs de th\u00e8se et la constitution des jurys de soutenance. Il organise les auditions de fin de premi\u00e8re ann\u00e9e et les comit\u00e9s de suivi individuel, assure le bon d\u00e9roulement des th\u00e8ses et joue un r\u00f4le de m\u00e9diateur en cas de conflit entre le doctorant et ses encadrants. Il transmet \u00e9galement au bureau de l\u2019\u00c9cole Doctorale les demandes de r\u00e9inscription au-del\u00e0 de la quatri\u00e8me ann\u00e9e (non incluse). Les doctorants de Chimie ParisTech b\u00e9n\u00e9ficient \u00e9galement d&rsquo;un r\u00e9f\u00e9rent local dont les missions sont similaires \u00e0 celles d\u2019un responsable de sp\u00e9cialit\u00e9.<\/p>\n<p style=\"text-align: center\"><a class=\"button-mines btn-bleu flech lf-blanc\" href=\"https:\/\/www.minesparis.psl.eu\/ismme\/axes-scientifiques-et-laboratoires-daccueil\/\" target=\"_blank\" rel=\"noopener\">Axes scientifiques et laboratoires d\u2019accueil<\/a><\/p>\n<p>&nbsp;<\/p>\n\t\t<\/div>\n\t<\/div>\n<\/div>","protected":false},"excerpt":{"rendered":"","protected":false},"author":1,"featured_media":1072,"parent":868,"menu_order":0,"comment_status":"closed","ping_status":"closed","template":"","meta":{"footnotes":""},"class_list":["post-230","page","type-page","status-publish","has-post-thumbnail","hentry"],"acf":[],"yoast_head":"<!-- This site is optimized with the Yoast SEO plugin v27.2 - https:\/\/yoast.com\/product\/yoast-seo-wordpress\/ -->\n<title>Gouvernance et organisation - Ecole doctorale ISMME Mines Paris - PSL<\/title>\n<meta name=\"robots\" content=\"index, follow, max-snippet:-1, max-image-preview:large, max-video-preview:-1\" \/>\n<link rel=\"canonical\" href=\"https:\/\/www.minesparis.psl.eu\/ismme\/ecole-doctorale\/gouvernance-et-organisation\/\" \/>\n<meta property=\"og:locale\" content=\"fr_FR\" \/>\n<meta property=\"og:type\" content=\"article\" \/>\n<meta property=\"og:title\" content=\"Gouvernance et organisation - Ecole doctorale ISMME Mines Paris - PSL\" \/>\n<meta property=\"og:url\" content=\"https:\/\/www.minesparis.psl.eu\/ismme\/ecole-doctorale\/gouvernance-et-organisation\/\" \/>\n<meta property=\"og:site_name\" content=\"Ecole doctorale ISMME Mines Paris - PSL\" \/>\n<meta property=\"article:modified_time\" content=\"2025-03-20T11:53:41+00:00\" \/>\n<meta property=\"og:image\" content=\"https:\/\/www.minesparis.psl.eu\/ismme\/wp-content\/uploads\/sites\/20\/2025\/03\/Bandeau-ISMME.png\" \/>\n\t<meta property=\"og:image:width\" content=\"1300\" \/>\n\t<meta property=\"og:image:height\" content=\"500\" \/>\n\t<meta property=\"og:image:type\" content=\"image\/png\" \/>\n<meta name=\"twitter:card\" content=\"summary_large_image\" \/>\n<script type=\"application\/ld+json\" class=\"yoast-schema-graph\">{\"@context\":\"https:\/\/schema.org\",\"@graph\":[{\"@type\":\"WebPage\",\"@id\":\"https:\/\/www.minesparis.psl.eu\/ismme\/ecole-doctorale\/gouvernance-et-organisation\/\",\"url\":\"https:\/\/www.minesparis.psl.eu\/ismme\/ecole-doctorale\/gouvernance-et-organisation\/\",\"name\":\"Gouvernance et organisation - Ecole doctorale ISMME Mines Paris - PSL\",\"isPartOf\":{\"@id\":\"https:\/\/www.minesparis.psl.eu\/ismme\/#website\"},\"primaryImageOfPage\":{\"@id\":\"https:\/\/www.minesparis.psl.eu\/ismme\/ecole-doctorale\/gouvernance-et-organisation\/#primaryimage\"},\"image\":{\"@id\":\"https:\/\/www.minesparis.psl.eu\/ismme\/ecole-doctorale\/gouvernance-et-organisation\/#primaryimage\"},\"thumbnailUrl\":\"https:\/\/www.minesparis.psl.eu\/ismme\/wp-content\/uploads\/sites\/20\/2025\/03\/Bandeau-ISMME.png\",\"datePublished\":\"2024-12-19T16:48:43+00:00\",\"dateModified\":\"2025-03-20T11:53:41+00:00\",\"breadcrumb\":{\"@id\":\"https:\/\/www.minesparis.psl.eu\/ismme\/ecole-doctorale\/gouvernance-et-organisation\/#breadcrumb\"},\"inLanguage\":\"fr-FR\",\"potentialAction\":[{\"@type\":\"ReadAction\",\"target\":[\"https:\/\/www.minesparis.psl.eu\/ismme\/ecole-doctorale\/gouvernance-et-organisation\/\"]}]},{\"@type\":\"ImageObject\",\"inLanguage\":\"fr-FR\",\"@id\":\"https:\/\/www.minesparis.psl.eu\/ismme\/ecole-doctorale\/gouvernance-et-organisation\/#primaryimage\",\"url\":\"https:\/\/www.minesparis.psl.eu\/ismme\/wp-content\/uploads\/sites\/20\/2025\/03\/Bandeau-ISMME.png\",\"contentUrl\":\"https:\/\/www.minesparis.psl.eu\/ismme\/wp-content\/uploads\/sites\/20\/2025\/03\/Bandeau-ISMME.png\",\"width\":1300,\"height\":500},{\"@type\":\"BreadcrumbList\",\"@id\":\"https:\/\/www.minesparis.psl.eu\/ismme\/ecole-doctorale\/gouvernance-et-organisation\/#breadcrumb\",\"itemListElement\":[{\"@type\":\"ListItem\",\"position\":1,\"name\":\"Accueil\",\"item\":\"https:\/\/www.minesparis.psl.eu\/ismme\/\"},{\"@type\":\"ListItem\",\"position\":2,\"name\":\"L\u2019\u00c9cole doctorale\",\"item\":\"https:\/\/www.minesparis.psl.eu\/ismme\/ecole-doctorale\/\"},{\"@type\":\"ListItem\",\"position\":3,\"name\":\"Gouvernance et organisation\"}]},{\"@type\":\"WebSite\",\"@id\":\"https:\/\/www.minesparis.psl.eu\/ismme\/#website\",\"url\":\"https:\/\/www.minesparis.psl.eu\/ismme\/\",\"name\":\"Ecole doctorale ISMME Mines Paris - PSL\",\"description\":\"\",\"publisher\":{\"@id\":\"https:\/\/www.minesparis.psl.eu\/ismme\/#organization\"},\"potentialAction\":[{\"@type\":\"SearchAction\",\"target\":{\"@type\":\"EntryPoint\",\"urlTemplate\":\"https:\/\/www.minesparis.psl.eu\/ismme\/?s={search_term_string}\"},\"query-input\":{\"@type\":\"PropertyValueSpecification\",\"valueRequired\":true,\"valueName\":\"search_term_string\"}}],\"inLanguage\":\"fr-FR\"},{\"@type\":\"Organization\",\"@id\":\"https:\/\/www.minesparis.psl.eu\/ismme\/#organization\",\"name\":\"Ecole doctorale ISMME Mines Paris - PSL\",\"url\":\"https:\/\/www.minesparis.psl.eu\/ismme\/\",\"logo\":{\"@type\":\"ImageObject\",\"inLanguage\":\"fr-FR\",\"@id\":\"https:\/\/www.minesparis.psl.eu\/ismme\/#\/schema\/logo\/image\/\",\"url\":\"https:\/\/www.minesparis.psl.eu\/ismme\/wp-content\/uploads\/sites\/20\/2025\/03\/Design-sans-titre12-1.svg\",\"contentUrl\":\"https:\/\/www.minesparis.psl.eu\/ismme\/wp-content\/uploads\/sites\/20\/2025\/03\/Design-sans-titre12-1.svg\",\"width\":320,\"height\":320,\"caption\":\"Ecole doctorale ISMME Mines Paris - PSL\"},\"image\":{\"@id\":\"https:\/\/www.minesparis.psl.eu\/ismme\/#\/schema\/logo\/image\/\"}}]}<\/script>\n<!-- \/ Yoast SEO plugin. -->","yoast_head_json":{"title":"Gouvernance et organisation - Ecole doctorale ISMME Mines Paris - PSL","robots":{"index":"index","follow":"follow","max-snippet":"max-snippet:-1","max-image-preview":"max-image-preview:large","max-video-preview":"max-video-preview:-1"},"canonical":"https:\/\/www.minesparis.psl.eu\/ismme\/ecole-doctorale\/gouvernance-et-organisation\/","og_locale":"fr_FR","og_type":"article","og_title":"Gouvernance et organisation - Ecole doctorale ISMME Mines Paris - PSL","og_url":"https:\/\/www.minesparis.psl.eu\/ismme\/ecole-doctorale\/gouvernance-et-organisation\/","og_site_name":"Ecole doctorale ISMME Mines Paris - PSL","article_modified_time":"2025-03-20T11:53:41+00:00","og_image":[{"width":1300,"height":500,"url":"https:\/\/www.minesparis.psl.eu\/ismme\/wp-content\/uploads\/sites\/20\/2025\/03\/Bandeau-ISMME.png","type":"image\/png"}],"twitter_card":"summary_large_image","schema":{"@context":"https:\/\/schema.org","@graph":[{"@type":"WebPage","@id":"https:\/\/www.minesparis.psl.eu\/ismme\/ecole-doctorale\/gouvernance-et-organisation\/","url":"https:\/\/www.minesparis.psl.eu\/ismme\/ecole-doctorale\/gouvernance-et-organisation\/","name":"Gouvernance et organisation - Ecole doctorale ISMME Mines Paris - PSL","isPartOf":{"@id":"https:\/\/www.minesparis.psl.eu\/ismme\/#website"},"primaryImageOfPage":{"@id":"https:\/\/www.minesparis.psl.eu\/ismme\/ecole-doctorale\/gouvernance-et-organisation\/#primaryimage"},"image":{"@id":"https:\/\/www.minesparis.psl.eu\/ismme\/ecole-doctorale\/gouvernance-et-organisation\/#primaryimage"},"thumbnailUrl":"https:\/\/www.minesparis.psl.eu\/ismme\/wp-content\/uploads\/sites\/20\/2025\/03\/Bandeau-ISMME.png","datePublished":"2024-12-19T16:48:43+00:00","dateModified":"2025-03-20T11:53:41+00:00","breadcrumb":{"@id":"https:\/\/www.minesparis.psl.eu\/ismme\/ecole-doctorale\/gouvernance-et-organisation\/#breadcrumb"},"inLanguage":"fr-FR","potentialAction":[{"@type":"ReadAction","target":["https:\/\/www.minesparis.psl.eu\/ismme\/ecole-doctorale\/gouvernance-et-organisation\/"]}]},{"@type":"ImageObject","inLanguage":"fr-FR","@id":"https:\/\/www.minesparis.psl.eu\/ismme\/ecole-doctorale\/gouvernance-et-organisation\/#primaryimage","url":"https:\/\/www.minesparis.psl.eu\/ismme\/wp-content\/uploads\/sites\/20\/2025\/03\/Bandeau-ISMME.png","contentUrl":"https:\/\/www.minesparis.psl.eu\/ismme\/wp-content\/uploads\/sites\/20\/2025\/03\/Bandeau-ISMME.png","width":1300,"height":500},{"@type":"BreadcrumbList","@id":"https:\/\/www.minesparis.psl.eu\/ismme\/ecole-doctorale\/gouvernance-et-organisation\/#breadcrumb","itemListElement":[{"@type":"ListItem","position":1,"name":"Accueil","item":"https:\/\/www.minesparis.psl.eu\/ismme\/"},{"@type":"ListItem","position":2,"name":"L\u2019\u00c9cole doctorale","item":"https:\/\/www.minesparis.psl.eu\/ismme\/ecole-doctorale\/"},{"@type":"ListItem","position":3,"name":"Gouvernance et organisation"}]},{"@type":"WebSite","@id":"https:\/\/www.minesparis.psl.eu\/ismme\/#website","url":"https:\/\/www.minesparis.psl.eu\/ismme\/","name":"Ecole doctorale ISMME Mines Paris - PSL","description":"","publisher":{"@id":"https:\/\/www.minesparis.psl.eu\/ismme\/#organization"},"potentialAction":[{"@type":"SearchAction","target":{"@type":"EntryPoint","urlTemplate":"https:\/\/www.minesparis.psl.eu\/ismme\/?s={search_term_string}"},"query-input":{"@type":"PropertyValueSpecification","valueRequired":true,"valueName":"search_term_string"}}],"inLanguage":"fr-FR"},{"@type":"Organization","@id":"https:\/\/www.minesparis.psl.eu\/ismme\/#organization","name":"Ecole doctorale ISMME Mines Paris - PSL","url":"https:\/\/www.minesparis.psl.eu\/ismme\/","logo":{"@type":"ImageObject","inLanguage":"fr-FR","@id":"https:\/\/www.minesparis.psl.eu\/ismme\/#\/schema\/logo\/image\/","url":"https:\/\/www.minesparis.psl.eu\/ismme\/wp-content\/uploads\/sites\/20\/2025\/03\/Design-sans-titre12-1.svg","contentUrl":"https:\/\/www.minesparis.psl.eu\/ismme\/wp-content\/uploads\/sites\/20\/2025\/03\/Design-sans-titre12-1.svg","width":320,"height":320,"caption":"Ecole doctorale ISMME Mines Paris - PSL"},"image":{"@id":"https:\/\/www.minesparis.psl.eu\/ismme\/#\/schema\/logo\/image\/"}}]}},"_links":{"self":[{"href":"https:\/\/www.minesparis.psl.eu\/ismme\/wp-json\/wp\/v2\/pages\/230","targetHints":{"allow":["GET"]}}],"collection":[{"href":"https:\/\/www.minesparis.psl.eu\/ismme\/wp-json\/wp\/v2\/pages"}],"about":[{"href":"https:\/\/www.minesparis.psl.eu\/ismme\/wp-json\/wp\/v2\/types\/page"}],"author":[{"embeddable":true,"href":"https:\/\/www.minesparis.psl.eu\/ismme\/wp-json\/wp\/v2\/users\/1"}],"replies":[{"embeddable":true,"href":"https:\/\/www.minesparis.psl.eu\/ismme\/wp-json\/wp\/v2\/comments?post=230"}],"version-history":[{"count":1,"href":"https:\/\/www.minesparis.psl.eu\/ismme\/wp-json\/wp\/v2\/pages\/230\/revisions"}],"predecessor-version":[{"id":1073,"href":"https:\/\/www.minesparis.psl.eu\/ismme\/wp-json\/wp\/v2\/pages\/230\/revisions\/1073"}],"up":[{"embeddable":true,"href":"https:\/\/www.minesparis.psl.eu\/ismme\/wp-json\/wp\/v2\/pages\/868"}],"wp:featuredmedia":[{"embeddable":true,"href":"https:\/\/www.minesparis.psl.eu\/ismme\/wp-json\/wp\/v2\/media\/1072"}],"wp:attachment":[{"href":"https:\/\/www.minesparis.psl.eu\/ismme\/wp-json\/wp\/v2\/media?parent=230"}],"curies":[{"name":"wp","href":"https:\/\/api.w.org\/{rel}","templated":true}]}}