{"id":2054,"date":"2025-03-21T16:41:05","date_gmt":"2025-03-21T15:41:05","guid":{"rendered":"https:\/\/www.minesparis.psl.eu\/isige\/?page_id=2054"},"modified":"2025-05-13T11:07:51","modified_gmt":"2025-05-13T09:07:51","slug":"focus-1-societies-ecosystems-environmental-foresight-and-trajectories","status":"publish","type":"page","link":"https:\/\/www.minesparis.psl.eu\/isige\/en\/research\/focus-1-societies-ecosystems-environmental-foresight-and-trajectories\/","title":{"rendered":"Area 1 : Societies, ecosystems: environmental prospective and trajectories"},"content":{"rendered":"\n<div class=\"container block-full-largeur\">\n\t<div class=\"row mt-4\">\n\t\t<div class=\"col-md-12\">\n\t\t\t<h2><span data-contrast=\"auto\">Area 1<\/span><\/h2>\n<h3>Societies, ecosystems: environmental prospective and trajectories<\/h3>\n\t\t<\/div>\n\t<\/div>\n<\/div>\n\n\n<div class=\"container bloc-50-50\">\n\t<div class=\"row mt-4\">\n\t\t<div class=\"col-md-6\">\n\t\t\t<p style=\"text-align: justify\">The global erosion of biodiversity and ecosystems is a critical\u00a0issue for our societies, given our dependence on the many services provided by the biosphere: supply, regulation, support and culture. Most of the damage to the living world is caused by the over-exploitation of biological resources, the artificialisation of land, the release of pollutants and the spread of invasive species.<\/p>\n<p style=\"text-align: justify\">Added to this is climate change, which is having a predominantly negative impact on living organisms, adding a further degree of uncertainty, as the dynamics of the biosphere and climate are interdependent.<\/p>\n\t\t<\/div>\n\t\t<div class=\"col-md-6\">\n\t\t\t<p style=\"text-align: justify\">All these factors affect the evolutionary trajectories of natural environments and the resulting ecosystem services are already leading to risk situations that threaten our social and economic activities, from the local to the global level.<\/p>\n<p style=\"text-align: justify\">In this context, ecosystems are both under threat and can provide responses to these pressures: in terms of mitigation (provision of bio-resources), adaptation and resilience (Nature-based sSolutions).<\/p>\n\t\t<\/div>\n\t<\/div>\n<\/div>\n\n\n<div class=\"container block-full-largeur\">\n\t<div class=\"row mt-4\">\n\t\t<div class=\"col-md-12\">\n\t\t\t<p style=\"text-align: justify\"><strong>Our expertise is based on an approach that is both systemic, recognising the complexity of the systems under study, and prospective, based on considering and anticipating global changes to promote a sustainable ecological transition for our societies and territories. \u00a0<\/strong><\/p>\n<h4 style=\"text-align: justify\">This work, which combines theory and practice, makes it possible to :<\/h4>\n<ul style=\"text-align: justify\">\n<li>understand the need for joint integration of biodiversity and climate change issues within organisations and territories ;<\/li>\n<li>help decision-makers to consider these issues by defining a rigorous scientific framework tailored to their needs ;<\/li>\n<li>help organisations and territories to implement strategies and solutions that are resilient to climate change ;<\/li>\n<li>support awareness-raising and training initiatives for stakeholders.<\/li>\n<\/ul>\n<h2 style=\"text-align: justify\">Research projects<\/h2>\n<table data-tablestyle=\"MsoTableGrid\" data-tablelook=\"1696\">\n<tbody>\n<tr>\n<td data-celllook=\"69905\"><strong>Projects\u00a0<\/strong><\/td>\n<td data-celllook=\"69905\"><b><span data-contrast=\"none\">P\u00e9riods<\/span><\/b><span data-ccp-props=\"{&quot;201341983&quot;:0,&quot;335559738&quot;:240,&quot;335559739&quot;:240,&quot;335559740&quot;:432}\">\u00a0<\/span><\/td>\n<td data-celllook=\"69905\"><b><span data-contrast=\"none\">Partners<\/span><\/b><span data-ccp-props=\"{&quot;201341983&quot;:0,&quot;335559738&quot;:240,&quot;335559739&quot;:240,&quot;335559740&quot;:432}\">\u00a0<\/span><\/td>\n<td data-celllook=\"69905\"><b><span data-contrast=\"none\">Funders<\/span><\/b><span data-ccp-props=\"{&quot;201341983&quot;:0,&quot;335559738&quot;:240,&quot;335559739&quot;:240,&quot;335559740&quot;:432}\">\u00a0<\/span><\/td>\n<\/tr>\n<tr>\n<td data-celllook=\"69905\"><a href=\"https:\/\/www.minesparis.psl.eu\/isige\/recherche\/projets-de-recherche\/le-projet-ge-co\/\"><b><span data-contrast=\"auto\">GE.CO<\/span><\/b><\/a><span data-contrast=\"auto\"><span data-contrast=\"auto\">\n<\/span><\/span>(Ecological management of COnflits and use constraints)<\/p>\n<p><span data-contrast=\"auto\">\u00a0<\/span><span data-ccp-props=\"{&quot;201341983&quot;:0,&quot;335559738&quot;:240,&quot;335559739&quot;:240,&quot;335559740&quot;:288}\">\n<\/span><\/td>\n<td data-celllook=\"69905\"><span data-contrast=\"auto\">2024-2026<\/span><span data-ccp-props=\"{&quot;201341983&quot;:0,&quot;335551550&quot;:2,&quot;335551620&quot;:2,&quot;335559738&quot;:240,&quot;335559739&quot;:240,&quot;335559740&quot;:288}\">\u00a0<\/span><\/td>\n<td data-celllook=\"69905\">Metropolis of Turin, Parc du Queyras, Parco del Monviso&#8230;<\/td>\n<td data-celllook=\"69905\"><span data-contrast=\"auto\">FEDER Alcotra<\/span><span data-ccp-props=\"{&quot;201341983&quot;:0,&quot;335559738&quot;:240,&quot;335559739&quot;:240,&quot;335559740&quot;:288}\">\u00a0<\/span><\/td>\n<\/tr>\n<tr>\n<td data-celllook=\"69905\"><b><span data-contrast=\"auto\"><a href=\"https:\/\/www.minesparis.psl.eu\/isige\/recherche\/projets-de-recherche\/le-projet-dominos\/\">DOMINOS<\/a>\u00a0<\/span><\/b>(Conditions for the emergence of a concerted bioeconomy based on forest resources in the territories)<\/td>\n<td data-celllook=\"69905\"><span data-contrast=\"auto\">2023-2026<\/span><span data-ccp-props=\"{&quot;201341983&quot;:0,&quot;335551550&quot;:2,&quot;335551620&quot;:2,&quot;335559738&quot;:240,&quot;335559739&quot;:240,&quot;335559740&quot;:288}\">\u00a0<\/span><\/td>\n<td data-celllook=\"69905\"><span data-contrast=\"auto\">AgroParisTech, INRAE, Univ. de Lorraine, La Vigotte Lab<\/span><span data-ccp-props=\"{&quot;201341983&quot;:0,&quot;335559738&quot;:240,&quot;335559739&quot;:240,&quot;335559740&quot;:288}\">\u00a0<\/span><\/td>\n<td data-celllook=\"69905\"><span data-contrast=\"auto\">ADEME<\/span><span data-ccp-props=\"{&quot;201341983&quot;:0,&quot;335559738&quot;:240,&quot;335559739&quot;:240,&quot;335559740&quot;:288}\">\u00a0<\/span><\/td>\n<\/tr>\n<tr>\n<td data-celllook=\"69905\"><b><span data-contrast=\"auto\">PiREN Seine\u00a0<\/span><\/b>(Climate donwscaling and assessment of climate change impacts on natural habitats<\/td>\n<td data-celllook=\"69905\"><span data-contrast=\"auto\">2025-2028<\/span><span data-ccp-props=\"{&quot;201341983&quot;:0,&quot;335551550&quot;:2,&quot;335551620&quot;:2,&quot;335559738&quot;:240,&quot;335559739&quot;:240,&quot;335559740&quot;:288}\">\u00a0<\/span><\/td>\n<td data-celllook=\"69905\"><span data-contrast=\"auto\">EPHE PSL, CEA, INERIS, INRAE, G\u00e9osciences, Panth\u00e9on Sorbonne, CNRS&#8230;\u00a0<\/span><span data-ccp-props=\"{&quot;201341983&quot;:0,&quot;335559738&quot;:240,&quot;335559739&quot;:240,&quot;335559740&quot;:288}\">\u00a0<\/span><\/td>\n<td data-celllook=\"69905\"><span data-contrast=\"auto\">Grand Paris, DRIEAT, VNF, SUEZ\u2026<\/span><span data-ccp-props=\"{&quot;201341983&quot;:0,&quot;335559738&quot;:240,&quot;335559739&quot;:240,&quot;335559740&quot;:288}\">\u00a0<\/span><\/td>\n<\/tr>\n<tr>\n<td data-celllook=\"69905\"><b><b>HALV<\/b><\/b>(Modelling the geomorphological evolution of a radioactive waste disposal site)<\/td>\n<td data-celllook=\"69905\"><span data-contrast=\"auto\">2025-2026<\/span><span data-ccp-props=\"{&quot;201341983&quot;:0,&quot;335551550&quot;:2,&quot;335551620&quot;:2,&quot;335559738&quot;:240,&quot;335559739&quot;:240,&quot;335559740&quot;:288}\">\u00a0<\/span><\/td>\n<td data-celllook=\"69905\"><span data-contrast=\"auto\">G\u00e9osciences<\/span><span data-ccp-props=\"{&quot;201341983&quot;:0,&quot;335559738&quot;:240,&quot;335559739&quot;:240,&quot;335559740&quot;:288}\">\u00a0<\/span><\/td>\n<td data-celllook=\"69905\"><span data-contrast=\"auto\">ANDRA<\/span><span data-ccp-props=\"{&quot;201341983&quot;:0,&quot;335559738&quot;:240,&quot;335559739&quot;:240,&quot;335559740&quot;:288}\">\u00a0<\/span><\/td>\n<\/tr>\n<tr>\n<td data-celllook=\"69905\"><a href=\"https:\/\/www.minesparis.psl.eu\/isige\/recherche\/projets-de-recherche\/le-projet-hyspi\/\"><b><span data-contrast=\"auto\">HySPI\u00a0<\/span><\/b><\/a>(Industrial hydrogen &#8211; prospective scenarios of environmental impact)<\/td>\n<td data-celllook=\"69905\"><span data-contrast=\"auto\">2022-2024<\/span><span data-ccp-props=\"{&quot;201341983&quot;:0,&quot;335551550&quot;:2,&quot;335551620&quot;:2,&quot;335559738&quot;:240,&quot;335559739&quot;:240,&quot;335559740&quot;:288}\">\u00a0<\/span><\/td>\n<td data-celllook=\"69905\"><span data-contrast=\"auto\">Paul Scherrer Institute, OIE, financement ADEME<\/span><span data-ccp-props=\"{&quot;201341983&quot;:0,&quot;335559738&quot;:240,&quot;335559739&quot;:240,&quot;335559740&quot;:288}\">\u00a0<\/span><\/td>\n<td data-celllook=\"69905\"><span data-contrast=\"auto\">ADEME<\/span><span data-ccp-props=\"{&quot;201341983&quot;:0,&quot;335559738&quot;:240,&quot;335559739&quot;:240,&quot;335559740&quot;:288}\">\u00a0<\/span><\/td>\n<\/tr>\n<\/tbody>\n<\/table>\n\t\t<\/div>\n\t<\/div>\n<\/div>\n\n\n<div class=\"container block-full-largeur\">\n\t<div class=\"row mt-4\">\n\t\t<div class=\"col-md-12\">\n\t\t\t<h2 style=\"text-align: justify\">Th\u00e8se<b><\/b><\/h2>\n<p style=\"text-align: justify\"><a href=\"https:\/\/www.minesparis.psl.eu\/isige\/recherche\/territoires-organisations-et-entreprises-pour-une-ecologisation-des-pratiques\/definition-de-solutions-fondees-sur-la-nature-resilientes-au-changement-climatique\/\"><strong><em>\u00ab\u00a0Resilience of ecosystem services produced by Nature-based Adaptation Solutions (SafN): the example of plant engineering on river banks\u00a0\u00bb<\/em><\/strong><\/a><\/p>\n<p style=\"text-align: justify\"><strong>Funding<\/strong><span data-contrast=\"auto\">\u00a0: The Transition Institute 1.5 (TTI.5.)\n<\/span><strong>Doctoral student<\/strong><span data-contrast=\"auto\"> : Hanna Soto Vargas (ISIGE Mines Paris &#8211; PSL)<\/span><\/p>\n<h2 style=\"text-align: justify\">Publications<\/h2>\n<ul>\n<li style=\"text-align: justify\"><span data-contrast=\"auto\">Rosa et al., 2024.\u00a0<em>Land-Use Impacts on Plant Functional Diversity Throughout Europe. Global Ecology and Biogeography.<\/em>\u00a0<\/span><a href=\"https:\/\/hal.science\/hal-04820079\" target=\"_blank\" rel=\"noopener\"><span data-contrast=\"none\">https:\/\/hal.science\/hal-04820079<\/span><\/a><span data-ccp-props=\"{}\">\u00a0<\/span><\/li>\n<li style=\"text-align: justify\"><span data-contrast=\"auto\">Beaussier et al., 2022.\u00a0<em>Deepening the territorial Life Cycle Assessment approach with partial equilibrium modelling: First insights from an application to a wood energy incentive in a French region. Resources, conservation, and recycling.<\/em>\u00a02022.\u00a0<\/span><a href=\"https:\/\/doi.org\/10.1016\/j.resconrec.2021.106024\" target=\"_blank\" rel=\"noopener\"><span data-contrast=\"none\">https:\/\/doi.org\/10.1016\/j.resconrec.2021.106024<\/span><\/a><\/li>\n<\/ul>\n\t\t<\/div>\n\t<\/div>\n<\/div>","protected":false},"excerpt":{"rendered":"","protected":false},"author":4,"featured_media":564,"parent":2052,"menu_order":0,"comment_status":"closed","ping_status":"closed","template":"","meta":{"footnotes":""},"class_list":["post-2054","page","type-page","status-publish","has-post-thumbnail","hentry"],"acf":[],"yoast_head":"<!-- This site is optimized with the Yoast SEO plugin v27.2 - https:\/\/yoast.com\/product\/yoast-seo-wordpress\/ -->\n<title>Area 1\u00a0: Societies, ecosystems: environmental prospective and trajectories - ISIGE Mines Paris - PSL<\/title>\n<meta name=\"description\" content=\"D\u00e9velopper des connaissances, des m\u00e9thodes, des mod\u00e8les et des outils pour aider les d\u00e9cideurs \u00e0 prendre en compte les enjeux li\u00e9s \u00e0 la de biodiversit\u00e9 et aux services \u00e9cosyst\u00e9miques dans leurs activit\u00e9s et strat\u00e9gies.\" \/>\n<meta name=\"robots\" content=\"index, follow, max-snippet:-1, max-image-preview:large, max-video-preview:-1\" \/>\n<link rel=\"canonical\" href=\"https:\/\/www.minesparis.psl.eu\/isige\/en\/research\/focus-1-societies-ecosystems-environmental-foresight-and-trajectories\/\" \/>\n<meta property=\"og:locale\" content=\"fr_FR\" \/>\n<meta property=\"og:type\" content=\"article\" \/>\n<meta property=\"og:title\" content=\"Area 1\u00a0: Societies, ecosystems: environmental prospective and trajectories - ISIGE Mines Paris - PSL\" \/>\n<meta property=\"og:description\" content=\"D\u00e9velopper des connaissances, des m\u00e9thodes, des mod\u00e8les et des outils pour aider les d\u00e9cideurs \u00e0 prendre en compte les enjeux li\u00e9s \u00e0 la de biodiversit\u00e9 et aux services \u00e9cosyst\u00e9miques dans leurs activit\u00e9s et strat\u00e9gies.\" \/>\n<meta property=\"og:url\" content=\"https:\/\/www.minesparis.psl.eu\/isige\/en\/research\/focus-1-societies-ecosystems-environmental-foresight-and-trajectories\/\" \/>\n<meta property=\"og:site_name\" content=\"ISIGE Mines Paris - PSL\" \/>\n<meta property=\"article:modified_time\" content=\"2025-05-13T09:07:51+00:00\" \/>\n<meta property=\"og:image\" content=\"https:\/\/www.minesparis.psl.eu\/isige\/wp-content\/uploads\/sites\/21\/2025\/02\/IMG_7204-scaled-600x400-1.jpg\" \/>\n\t<meta property=\"og:image:width\" content=\"600\" \/>\n\t<meta property=\"og:image:height\" content=\"400\" \/>\n\t<meta property=\"og:image:type\" content=\"image\/jpeg\" \/>\n<meta name=\"twitter:card\" content=\"summary_large_image\" \/>\n<meta name=\"twitter:label1\" content=\"Dur\u00e9e de lecture estim\u00e9e\" \/>\n\t<meta name=\"twitter:data1\" content=\"1 minute\" \/>\n<script type=\"application\/ld+json\" class=\"yoast-schema-graph\">{\"@context\":\"https:\/\/schema.org\",\"@graph\":[{\"@type\":\"WebPage\",\"@id\":\"https:\/\/www.minesparis.psl.eu\/isige\/en\/research\/focus-1-societies-ecosystems-environmental-foresight-and-trajectories\/\",\"url\":\"https:\/\/www.minesparis.psl.eu\/isige\/en\/research\/focus-1-societies-ecosystems-environmental-foresight-and-trajectories\/\",\"name\":\"Area 1\u00a0: Societies, ecosystems: environmental prospective and trajectories - ISIGE Mines Paris - PSL\",\"isPartOf\":{\"@id\":\"https:\/\/www.minesparis.psl.eu\/isige\/#website\"},\"primaryImageOfPage\":{\"@id\":\"https:\/\/www.minesparis.psl.eu\/isige\/en\/research\/focus-1-societies-ecosystems-environmental-foresight-and-trajectories\/#primaryimage\"},\"image\":{\"@id\":\"https:\/\/www.minesparis.psl.eu\/isige\/en\/research\/focus-1-societies-ecosystems-environmental-foresight-and-trajectories\/#primaryimage\"},\"thumbnailUrl\":\"https:\/\/www.minesparis.psl.eu\/isige\/wp-content\/uploads\/sites\/21\/2025\/02\/IMG_7204-scaled-600x400-1.jpg\",\"datePublished\":\"2025-03-21T15:41:05+00:00\",\"dateModified\":\"2025-05-13T09:07:51+00:00\",\"description\":\"D\u00e9velopper des connaissances, des m\u00e9thodes, des mod\u00e8les et des outils pour aider les d\u00e9cideurs \u00e0 prendre en compte les enjeux li\u00e9s \u00e0 la de biodiversit\u00e9 et aux services \u00e9cosyst\u00e9miques dans leurs activit\u00e9s et strat\u00e9gies.\",\"breadcrumb\":{\"@id\":\"https:\/\/www.minesparis.psl.eu\/isige\/en\/research\/focus-1-societies-ecosystems-environmental-foresight-and-trajectories\/#breadcrumb\"},\"inLanguage\":\"fr-FR\",\"potentialAction\":[{\"@type\":\"ReadAction\",\"target\":[\"https:\/\/www.minesparis.psl.eu\/isige\/en\/research\/focus-1-societies-ecosystems-environmental-foresight-and-trajectories\/\"]}]},{\"@type\":\"ImageObject\",\"inLanguage\":\"fr-FR\",\"@id\":\"https:\/\/www.minesparis.psl.eu\/isige\/en\/research\/focus-1-societies-ecosystems-environmental-foresight-and-trajectories\/#primaryimage\",\"url\":\"https:\/\/www.minesparis.psl.eu\/isige\/wp-content\/uploads\/sites\/21\/2025\/02\/IMG_7204-scaled-600x400-1.jpg\",\"contentUrl\":\"https:\/\/www.minesparis.psl.eu\/isige\/wp-content\/uploads\/sites\/21\/2025\/02\/IMG_7204-scaled-600x400-1.jpg\",\"width\":600,\"height\":400},{\"@type\":\"BreadcrumbList\",\"@id\":\"https:\/\/www.minesparis.psl.eu\/isige\/en\/research\/focus-1-societies-ecosystems-environmental-foresight-and-trajectories\/#breadcrumb\",\"itemListElement\":[{\"@type\":\"ListItem\",\"position\":1,\"name\":\"Accueil\",\"item\":\"https:\/\/www.minesparis.psl.eu\/isige\/\"},{\"@type\":\"ListItem\",\"position\":2,\"name\":\"Research\",\"item\":\"https:\/\/www.minesparis.psl.eu\/isige\/en\/research\/\"},{\"@type\":\"ListItem\",\"position\":3,\"name\":\"Area 1 : Societies, ecosystems: environmental prospective and trajectories\"}]},{\"@type\":\"WebSite\",\"@id\":\"https:\/\/www.minesparis.psl.eu\/isige\/#website\",\"url\":\"https:\/\/www.minesparis.psl.eu\/isige\/\",\"name\":\"ISIGE Mines Paris - PSL\",\"description\":\"\",\"publisher\":{\"@id\":\"https:\/\/www.minesparis.psl.eu\/isige\/#organization\"},\"potentialAction\":[{\"@type\":\"SearchAction\",\"target\":{\"@type\":\"EntryPoint\",\"urlTemplate\":\"https:\/\/www.minesparis.psl.eu\/isige\/?s={search_term_string}\"},\"query-input\":{\"@type\":\"PropertyValueSpecification\",\"valueRequired\":true,\"valueName\":\"search_term_string\"}}],\"inLanguage\":\"fr-FR\"},{\"@type\":\"Organization\",\"@id\":\"https:\/\/www.minesparis.psl.eu\/isige\/#organization\",\"name\":\"ISIGE Mines Paris - PSL\",\"url\":\"https:\/\/www.minesparis.psl.eu\/isige\/\",\"logo\":{\"@type\":\"ImageObject\",\"inLanguage\":\"fr-FR\",\"@id\":\"https:\/\/www.minesparis.psl.eu\/isige\/#\/schema\/logo\/image\/\",\"url\":\"https:\/\/www.minesparis.psl.eu\/isige\/wp-content\/uploads\/sites\/21\/2025\/02\/cropped-MinesParis-PSL-ISIGEOCoRVB-1.png\",\"contentUrl\":\"https:\/\/www.minesparis.psl.eu\/isige\/wp-content\/uploads\/sites\/21\/2025\/02\/cropped-MinesParis-PSL-ISIGEOCoRVB-1.png\",\"width\":1584,\"height\":360,\"caption\":\"ISIGE Mines Paris - PSL\"},\"image\":{\"@id\":\"https:\/\/www.minesparis.psl.eu\/isige\/#\/schema\/logo\/image\/\"}}]}<\/script>\n<!-- \/ Yoast SEO plugin. -->","yoast_head_json":{"title":"Area 1\u00a0: Societies, ecosystems: environmental prospective and trajectories - ISIGE Mines Paris - PSL","description":"D\u00e9velopper des connaissances, des m\u00e9thodes, des mod\u00e8les et des outils pour aider les d\u00e9cideurs \u00e0 prendre en compte les enjeux li\u00e9s \u00e0 la de biodiversit\u00e9 et aux services \u00e9cosyst\u00e9miques dans leurs activit\u00e9s et strat\u00e9gies.","robots":{"index":"index","follow":"follow","max-snippet":"max-snippet:-1","max-image-preview":"max-image-preview:large","max-video-preview":"max-video-preview:-1"},"canonical":"https:\/\/www.minesparis.psl.eu\/isige\/en\/research\/focus-1-societies-ecosystems-environmental-foresight-and-trajectories\/","og_locale":"fr_FR","og_type":"article","og_title":"Area 1\u00a0: Societies, ecosystems: environmental prospective and trajectories - ISIGE Mines Paris - PSL","og_description":"D\u00e9velopper des connaissances, des m\u00e9thodes, des mod\u00e8les et des outils pour aider les d\u00e9cideurs \u00e0 prendre en compte les enjeux li\u00e9s \u00e0 la de biodiversit\u00e9 et aux services \u00e9cosyst\u00e9miques dans leurs activit\u00e9s et strat\u00e9gies.","og_url":"https:\/\/www.minesparis.psl.eu\/isige\/en\/research\/focus-1-societies-ecosystems-environmental-foresight-and-trajectories\/","og_site_name":"ISIGE Mines Paris - PSL","article_modified_time":"2025-05-13T09:07:51+00:00","og_image":[{"width":600,"height":400,"url":"https:\/\/www.minesparis.psl.eu\/isige\/wp-content\/uploads\/sites\/21\/2025\/02\/IMG_7204-scaled-600x400-1.jpg","type":"image\/jpeg"}],"twitter_card":"summary_large_image","twitter_misc":{"Dur\u00e9e de lecture estim\u00e9e":"1 minute"},"schema":{"@context":"https:\/\/schema.org","@graph":[{"@type":"WebPage","@id":"https:\/\/www.minesparis.psl.eu\/isige\/en\/research\/focus-1-societies-ecosystems-environmental-foresight-and-trajectories\/","url":"https:\/\/www.minesparis.psl.eu\/isige\/en\/research\/focus-1-societies-ecosystems-environmental-foresight-and-trajectories\/","name":"Area 1\u00a0: Societies, ecosystems: environmental prospective and trajectories - ISIGE Mines Paris - PSL","isPartOf":{"@id":"https:\/\/www.minesparis.psl.eu\/isige\/#website"},"primaryImageOfPage":{"@id":"https:\/\/www.minesparis.psl.eu\/isige\/en\/research\/focus-1-societies-ecosystems-environmental-foresight-and-trajectories\/#primaryimage"},"image":{"@id":"https:\/\/www.minesparis.psl.eu\/isige\/en\/research\/focus-1-societies-ecosystems-environmental-foresight-and-trajectories\/#primaryimage"},"thumbnailUrl":"https:\/\/www.minesparis.psl.eu\/isige\/wp-content\/uploads\/sites\/21\/2025\/02\/IMG_7204-scaled-600x400-1.jpg","datePublished":"2025-03-21T15:41:05+00:00","dateModified":"2025-05-13T09:07:51+00:00","description":"D\u00e9velopper des connaissances, des m\u00e9thodes, des mod\u00e8les et des outils pour aider les d\u00e9cideurs \u00e0 prendre en compte les enjeux li\u00e9s \u00e0 la de biodiversit\u00e9 et aux services \u00e9cosyst\u00e9miques dans leurs activit\u00e9s et strat\u00e9gies.","breadcrumb":{"@id":"https:\/\/www.minesparis.psl.eu\/isige\/en\/research\/focus-1-societies-ecosystems-environmental-foresight-and-trajectories\/#breadcrumb"},"inLanguage":"fr-FR","potentialAction":[{"@type":"ReadAction","target":["https:\/\/www.minesparis.psl.eu\/isige\/en\/research\/focus-1-societies-ecosystems-environmental-foresight-and-trajectories\/"]}]},{"@type":"ImageObject","inLanguage":"fr-FR","@id":"https:\/\/www.minesparis.psl.eu\/isige\/en\/research\/focus-1-societies-ecosystems-environmental-foresight-and-trajectories\/#primaryimage","url":"https:\/\/www.minesparis.psl.eu\/isige\/wp-content\/uploads\/sites\/21\/2025\/02\/IMG_7204-scaled-600x400-1.jpg","contentUrl":"https:\/\/www.minesparis.psl.eu\/isige\/wp-content\/uploads\/sites\/21\/2025\/02\/IMG_7204-scaled-600x400-1.jpg","width":600,"height":400},{"@type":"BreadcrumbList","@id":"https:\/\/www.minesparis.psl.eu\/isige\/en\/research\/focus-1-societies-ecosystems-environmental-foresight-and-trajectories\/#breadcrumb","itemListElement":[{"@type":"ListItem","position":1,"name":"Accueil","item":"https:\/\/www.minesparis.psl.eu\/isige\/"},{"@type":"ListItem","position":2,"name":"Research","item":"https:\/\/www.minesparis.psl.eu\/isige\/en\/research\/"},{"@type":"ListItem","position":3,"name":"Area 1 : Societies, ecosystems: environmental prospective and trajectories"}]},{"@type":"WebSite","@id":"https:\/\/www.minesparis.psl.eu\/isige\/#website","url":"https:\/\/www.minesparis.psl.eu\/isige\/","name":"ISIGE Mines Paris - PSL","description":"","publisher":{"@id":"https:\/\/www.minesparis.psl.eu\/isige\/#organization"},"potentialAction":[{"@type":"SearchAction","target":{"@type":"EntryPoint","urlTemplate":"https:\/\/www.minesparis.psl.eu\/isige\/?s={search_term_string}"},"query-input":{"@type":"PropertyValueSpecification","valueRequired":true,"valueName":"search_term_string"}}],"inLanguage":"fr-FR"},{"@type":"Organization","@id":"https:\/\/www.minesparis.psl.eu\/isige\/#organization","name":"ISIGE Mines Paris - PSL","url":"https:\/\/www.minesparis.psl.eu\/isige\/","logo":{"@type":"ImageObject","inLanguage":"fr-FR","@id":"https:\/\/www.minesparis.psl.eu\/isige\/#\/schema\/logo\/image\/","url":"https:\/\/www.minesparis.psl.eu\/isige\/wp-content\/uploads\/sites\/21\/2025\/02\/cropped-MinesParis-PSL-ISIGEOCoRVB-1.png","contentUrl":"https:\/\/www.minesparis.psl.eu\/isige\/wp-content\/uploads\/sites\/21\/2025\/02\/cropped-MinesParis-PSL-ISIGEOCoRVB-1.png","width":1584,"height":360,"caption":"ISIGE Mines Paris - PSL"},"image":{"@id":"https:\/\/www.minesparis.psl.eu\/isige\/#\/schema\/logo\/image\/"}}]}},"_links":{"self":[{"href":"https:\/\/www.minesparis.psl.eu\/isige\/wp-json\/wp\/v2\/pages\/2054","targetHints":{"allow":["GET"]}}],"collection":[{"href":"https:\/\/www.minesparis.psl.eu\/isige\/wp-json\/wp\/v2\/pages"}],"about":[{"href":"https:\/\/www.minesparis.psl.eu\/isige\/wp-json\/wp\/v2\/types\/page"}],"author":[{"embeddable":true,"href":"https:\/\/www.minesparis.psl.eu\/isige\/wp-json\/wp\/v2\/users\/4"}],"replies":[{"embeddable":true,"href":"https:\/\/www.minesparis.psl.eu\/isige\/wp-json\/wp\/v2\/comments?post=2054"}],"version-history":[{"count":7,"href":"https:\/\/www.minesparis.psl.eu\/isige\/wp-json\/wp\/v2\/pages\/2054\/revisions"}],"predecessor-version":[{"id":2807,"href":"https:\/\/www.minesparis.psl.eu\/isige\/wp-json\/wp\/v2\/pages\/2054\/revisions\/2807"}],"up":[{"embeddable":true,"href":"https:\/\/www.minesparis.psl.eu\/isige\/wp-json\/wp\/v2\/pages\/2052"}],"wp:featuredmedia":[{"embeddable":true,"href":"https:\/\/www.minesparis.psl.eu\/isige\/wp-json\/wp\/v2\/media\/564"}],"wp:attachment":[{"href":"https:\/\/www.minesparis.psl.eu\/isige\/wp-json\/wp\/v2\/media?parent=2054"}],"curies":[{"name":"wp","href":"https:\/\/api.w.org\/{rel}","templated":true}]}}