{"id":1241,"date":"2025-03-13T11:32:37","date_gmt":"2025-03-13T10:32:37","guid":{"rendered":"https:\/\/www.minesparis.psl.eu\/isige\/?page_id=1241"},"modified":"2025-07-29T07:51:41","modified_gmt":"2025-07-29T05:51:41","slug":"alumni-isige","status":"publish","type":"page","link":"https:\/\/www.minesparis.psl.eu\/isige\/alumni-isige\/","title":{"rendered":"ISIGE Alumni"},"content":{"rendered":"\n<div class=\"container block-full-largeur\">\n\t<div class=\"row mt-4\">\n\t\t<div class=\"col-md-12\">\n\t\t\t<h2 style=\"text-align: justify\">Un r\u00e9seau dynamique d\u00e9di\u00e9 \u00e0 l\u2019environnement<\/h2>\n<p style=\"text-align: justify\">Ce r\u00e9seau est une v\u00e9ritable richesse dont chaque dipl\u00f4m\u00e9 peut profiter. Afin de faciliter les relations entre anciens et de maintenir entre eux des moments de partages sur les questions d\u2019actualit\u00e9s en environnement, RSE, \u00e9nergie et de soci\u00e9t\u00e9, l\u2019association ISIGE Alumni a \u00e9t\u00e9 cr\u00e9\u00e9e. Elle rassemble les \u00e9tudiants actuels et les anciens de nos 4 Mast\u00e8res Sp\u00e9cialis\u00e9s en Environnement\u00a0:<\/p>\n<ul style=\"text-align: justify\">\n<li>MS IGE (Ing\u00e9nierie et Gestion de l\u2019Environnement) cr\u00e9\u00e9 en 1992<\/li>\n<li>MS EnvIM (International Advanced Master) cr\u00e9\u00e9 en 2007<\/li>\n<li>MS RSEDD (Management de la RSE et du D\u00e9veloppement Durable) cr\u00e9\u00e9 en 2008<\/li>\n<li>MS Sant\u00e9 Environnement (2 promotions : 2011 et 2012)<\/li>\n<\/ul>\n<p style=\"text-align: justify\">Ainsi que plus r\u00e9cemment, le MS EEDD Expert en Environnement et D\u00e9veloppement Durable, regroupant les trois parcours, RSE-DD, IGE et International EnvIM.<\/p>\n<p style=\"text-align: justify\">L\u2019association a pour but de renforcer et d&rsquo;animer ce r\u00e9seau, de promouvoir les formations de l\u2019ISIGE et de fournir une aide \u00e0 la recherche d\u2019emplois des membres du r\u00e9seau. Pour ce faire, l&rsquo;association met en place diverses actions :<\/p>\n<ul style=\"text-align: justify\">\n<li>Diffusion des offres d\u2019emploi : les offres des alumni sont transmises au r\u00e9seau sur LinkedIn. Si vous avez des offres \u00e0 proposer, n\u2019h\u00e9sitez pas \u00e0 le poster directement sur le groupe LinkedIn de l\u2019<a href=\"https:\/\/www.linkedin.com\/company\/isige-mines-paris-psl\/\">ISIGE alumni<\/a>,<\/li>\n<li>Organisation des caf\u00e9s ISIGE,<\/li>\n<li>Organisation de conf\u00e9rences th\u00e9matiques avec des intervenants de renomm\u00e9e nationale<\/li>\n<li>Annuaires des alumni : sur le site des <a href=\"https:\/\/www.mines-paris.org\/fr\/annuaire\">Alumni des Mines<\/a>,<\/li>\n<li>Diffusion d\u2019actualit\u00e9s et \u00e9v\u00e8nements int\u00e9ressant le r\u00e9seau : \u00e0 suivre sur notre page <a href=\"https:\/\/www.linkedin.com\/company\/isige-mines-paris-psl\/\">Linkedin<\/a><\/li>\n<\/ul>\n<p style=\"text-align: justify\">L\u2019association est repr\u00e9sent\u00e9e par un\u00a0<strong>bureau<\/strong>\u00a0\u00e9lu chaque ann\u00e9e. Ce bureau repr\u00e9sente les diff\u00e9rentes formations de l\u2019ISIGE.<\/p>\n<p>&nbsp;<\/p>\n\t\t<\/div>\n\t<\/div>\n<\/div>\n\n\n<div class=\"container bloc-50-50\">\n\t<div class=\"row mt-4\">\n\t\t<div class=\"col-md-6\">\n\t\t\t<h3>Bureau 2025<\/h3>\n<ul>\n<li>Margot Waserman, Pr\u00e9sidente &#8211; IGE 2024-25<\/li>\n<li>R\u00e9mi Beulque, Vice-pr\u00e9sident\u00a0 &#8211; IGE 2012-13<\/li>\n<li>Isabelle Pollet, Tr\u00e9sori\u00e8re &#8211; RSEDD 2024-25<\/li>\n<li>Walaa Mrad, Vice-tr\u00e9sori\u00e8re &#8211; Envim 2022-23<\/li>\n<li>In\u00e8s Catarino, Secr\u00e9taire &#8211; IGE 2024-25<\/li>\n<li>D\u00e9borah Broqu\u00e8re, Vice-secr\u00e9taire &#8211; IGE 2024-25<\/li>\n<\/ul>\n\t\t<\/div>\n\t\t<div class=\"col-md-6\">\n\t\t\t<h3>Bureau \u00e9largi 2025<\/h3>\n<ul>\n<li>Astrid Pelletier &#8211; RSE-DD 2023-24<\/li>\n<li>Astrid Le Chippey &#8211; IGE 2023-24<\/li>\n<li>Florence Roger &#8211; RSEDD 2024-25<\/li>\n<li>\u00c9lodie Renier &#8211; RSEDD 2024-25<\/li>\n<li>Magdalena Czyrnek-Del\u00eatre &#8211; IGE 2012-13<\/li>\n<li>Julien Colas &#8211; IGE 2008-09<\/li>\n<li>Yoann Lechat &#8211; Envim 2019-20<\/li>\n<li>Nathan Sonalier &#8211; IGE 2018-19<\/li>\n<li>Sophie Serizier &#8211; RSE-DD 2023-24<\/li>\n<li>Nour El Korek &#8211; Envim 2023-24<\/li>\n<li>Hssine Benrouz &#8211; Envim 2022-23<\/li>\n<li>Fran\u00e7ois Bordet &#8211; Envim 2023-24<\/li>\n<\/ul>\n\t\t<\/div>\n\t<\/div>\n<\/div>\n\n\n<div class=\"container block-full-largeur\">\n\t<div class=\"row mt-4\">\n\t\t<div class=\"col-md-12\">\n\t\t\t<p style=\"text-align: justify\">Vous souhaitez t\u00e9moigner de votre mission actuelle ? Vous souhaiteriez que nous invitions une personnalit\u00e9 ? Vous \u00eates int\u00e9ress\u00e9s par rejoindre le bureau ou le bureau \u00e9largi ? Contactez-nous \u00e0 l\u2019adresse suivante :<\/p>\n<p style=\"text-align: center\"><a class=\"btn-bleu lf-blanc button-mines flech\" href=\"mailto:isige-alumni@mines-paris.org\" target=\"_self\">isige-alumni@mines-paris.org<\/a><\/p>\n<p>&nbsp;<\/p>\n<hr \/>\n<h2 id=\"parent-fieldname-title\" class=\"documentFirstHeading\" style=\"text-align: justify\">R\u00e9seau ISIGE<\/h2>\n<p style=\"text-align: justify\">L\u2019ISIGE entretient de multiples partenariats et rayonne au c\u0153ur de r\u00e9seaux r\u00e9put\u00e9s. Ainsi, le centre mobilise des comp\u00e9tences dans le monde entier et assure sa mission d&rsquo;excellence.<\/p>\n<h3>R\u00e9seaux d&rsquo;anciens<\/h3>\n\t\t<\/div>\n\t<\/div>\n<\/div>\n\n\n<div class=\"container bloc-50-50\">\n\t<div class=\"row mt-4\">\n\t\t<div class=\"col-md-6\">\n\t\t\t<h4 style=\"text-align: justify\">ISIGE Alumni<\/h4>\n<p style=\"text-align: justify\">Depuis sa cr\u00e9ation en 1992, l&rsquo;ISIGE a su constituer un puissant r\u00e9seau d&rsquo;experts au service de l&rsquo;environnement et du d\u00e9veloppement durable. Nos anciens \u00e9l\u00e8ves sont en poste, en France et \u00e0 l\u2019international, dans diff\u00e9rents types de structures\u00a0: grands groupes, cabinets de conseil, \u00e9tablissements publics\u2026<\/p>\n<p style=\"text-align: justify\">La mission d\u2019ISIGE Alumni est de renforcer et valoriser le r\u00e9seau professionnel de ses anciens \u00e9l\u00e8ves. Pour ce faire, l\u2019association organise des \u00e9v\u00e9nements sur des sujets d\u2019actualit\u00e9, permettant d\u2019entretenir les \u00e9changes entre dipl\u00f4m\u00e9s.<\/p>\n<p style=\"text-align: center\"><a class=\"button-mines btn-bleu flech lf-blanc\" href=\"https:\/\/www.linkedin.com\/groups\/3446424\/?highlightedUpdateUrn=urn%3Ali%3AgroupPost%3A3446424-7355692259293421568&amp;q=highlightedFeedForGroups\" target=\"_blank\" rel=\"noopener\">Page LinkedIn<\/a><\/p>\n<p>&nbsp;<\/p>\n\t\t<\/div>\n\t\t<div class=\"col-md-6\">\n\t\t\t<h4 style=\"text-align: justify\">Mines Paris &#8211; PSL Alumni<\/h4>\n<p style=\"text-align: justify\">Fond\u00e9 en 1864, l\u2019association des anciens \u00e9l\u00e8ves de Mines Paris &#8211; PSL est riche d\u2019un r\u00e9seau de plus de 20 000 membres dans le monde. Elle a vocation de valoriser les dipl\u00f4m\u00e9s, de repr\u00e9senter l\u2019\u00e9cole, d&rsquo;aider les \u00e9tudiants dans leurs d\u00e9marches administratives et de participer aux choix strat\u00e9giques de l\u2019\u00e9cole.<\/p>\n<p style=\"text-align: justify\">Un tel r\u00e9seau constitue un atout puissant pour dynamiser sa carri\u00e8re professionnelle\u00a0: annuaire des anciens, offres d\u2019emplois r\u00e9serv\u00e9s, conf\u00e9rences, tables rondes, s\u00e9minaires\u2026<\/p>\n<p style=\"text-align: center\"><a class=\"button-mines btn-bleu flech lf-blanc\" href=\"http:\/\/www.mines-paris.org\/gene\/main.php\" target=\"_blank\" rel=\"noopener\">Site internet<\/a><\/p>\n\t\t<\/div>\n\t<\/div>\n<\/div>\n\n\n<div class=\"container block-full-largeur\">\n\t<div class=\"row mt-4\">\n\t\t<div class=\"col-md-12\">\n\t\t\t<h3 style=\"text-align: justify\">Partenaires institutionnels<\/h3>\n\t\t<\/div>\n\t<\/div>\n<\/div>\n\n\n<div class=\"container bloc-30-30-30\">\n\t<div class=\"row mt-4\">\n\t\t<div class=\"col-md-4\">\n\t\t\t<h4 style=\"text-align: justify\">La Conf\u00e9rence des grandes \u00e9coles<\/h4>\n<p style=\"text-align: justify\">Il regroupe la plupart des grandes \u00e9coles d\u2019ing\u00e9nieurs et de commerce de France. Cr\u00e9\u00e9e en 1973, elle comprend 216 grandes \u00e9coles, dont 14 \u00e9tablissements \u00e9trangers, 17 entreprises et 46 organismes. Son r\u00f4le est de d\u00e9velopper l&rsquo;information interne, l&rsquo;entraide et la solidarit\u00e9 entre ses membres, de promouvoir les \u00e9coles, tant sur le plan national, que sur le plan international, de faire \u00e9voluer les formations, d\u00e9velopper la recherche et d\u2019effectuer les d\u00e9marches d&rsquo;int\u00e9r\u00eat commun aupr\u00e8s des pouvoirs publics.<\/p>\n<p style=\"text-align: center\"><a class=\"button-mines btn-bleu flech lf-blanc\" href=\"http:\/\/www.cge.asso.fr\">Site internet<\/a><\/p>\n\t\t<\/div>\n\t\t<div class=\"col-md-4\">\n\t\t\t<h4 style=\"text-align: justify\">Armines<\/h4>\n<p style=\"text-align: justify\">Armines participe \u00e0 la recherche partenariale de Mines Paris &#8211; PSL en apportant ses moyens propres (humains et mat\u00e9riels) dans les centres communs avec l\u2019\u00c9cole et en assure la gestion contractuelle.<\/p>\n<p style=\"text-align: center\"><a class=\"button-mines btn-bleu flech lf-blanc\" href=\"http:\/\/www.armines.net\/\" target=\"_blank\" rel=\"noopener\">Site internet<\/a><\/p>\n\t\t<\/div>\n\t\t<div class=\"col-md-4\">\n\t\t\t<h4 style=\"text-align: justify\">L\u2019Institut Mines-T\u00e9l\u00e9com<\/h4>\n<p style=\"text-align: justify\">L\u2019Institut Mines-T\u00e9l\u00e9com est Grand \u00e9tablissement int\u00e9grant les 4 \u00e9coles des t\u00e9l\u00e9communications et auquel sont rattach\u00e9es les 6 \u00e9coles des Mines sous tutelle du minist\u00e8re charg\u00e9 de l\u2019industrie. Son objectif est d\u2019\u00eatre un organisme d\u2019enseignement et de recherche.<\/p>\n<p style=\"text-align: center\"><a class=\"button-mines btn-bleu flech lf-blanc\" href=\"http:\/\/www.mines-telecom.fr\/\">Site internet<\/a><\/p>\n\t\t<\/div>\n\t<\/div>\n<\/div>\n\n\n<div class=\"container bloc-50-50\">\n\t<div class=\"row mt-4\">\n\t\t<div class=\"col-md-6\">\n\t\t\t<h3>Nos partenaires industriels<\/h3>\n<p style=\"text-align: justify\">L&rsquo;ISIGE Mines Paris &#8211; PSL a construit, au fil du temps, un r\u00e9seau de partenaires industriels de premier plan. Ces relations privil\u00e9gi\u00e9es se sont construites sur la confiance r\u00e9ciproque et gr\u00e2ce \u00e0 la maturit\u00e9 et l&rsquo;expertise des \u00e9tudiants. D&rsquo;un c\u00f4t\u00e9, les partenaires industriels b\u00e9n\u00e9ficient de l&rsquo;expertise de l&rsquo;ISIGE Mines Paris &#8211; PSL (projets p\u00e9dagogiques, missions en entreprise\u2026). De l&rsquo;autre c\u00f4t\u00e9, cela permet \u00e0 l\u2019ISIGE de rester au c\u0153ur des probl\u00e9matiques d\u2019entreprise et de l&rsquo;innovation environnementale.<\/p>\n\t\t<\/div>\n\t\t<div class=\"col-md-6\">\n\t\t\t<h3 style=\"text-align: left\">Nos partenaires acad\u00e9miques<\/h3>\n<p style=\"text-align: justify\">L\u2019ISIGE Mines Paris &#8211; PSL participe activement \u00e0 un r\u00e9seau de partenaires acad\u00e9miques anim\u00e9s par une ambition commune : constituer une force motrice de la transition \u00e9cologique et promouvoir une innovation environnementale exigeante. Appartiennent notamment \u00e0 ce r\u00e9seau les diff\u00e9rents p\u00f4les d\u2019excellence de Mines Paris &#8211; PSL, l\u2019Universit\u00e9 de Tsinghua (Beijing), l\u2019Universit\u00e9 de Pennsylvanie (Etats-Unis), l\u2019INSA de Lyon, PSL-Environnement et l\u2019Universit\u00e9 Virtuelle Environnement et D\u00e9veloppement Durable (Uved).<\/p>\n\t\t<\/div>\n\t<\/div>\n<\/div>\n\n\n<div class=\"container block-full-largeur\">\n\t<div class=\"row mt-4\">\n\t\t<div class=\"col-md-12\">\n\t\t\t<h2>Contact<\/h2>\n<div>\n<ul>\n<li><strong>Margot Waserman, Pr\u00e9sidente du Bureau des Alumni (MS EEDD parcours IGE 2024-25)\n<\/strong><\/li>\n<li><a href=\"mailto:margot.waserman@etu.minesparis.psl.eu\">margot.waserman@etu.minesparis.psl.eu<\/a><\/li>\n<\/ul>\n<p>&nbsp;<\/p>\n<\/div>\n\t\t<\/div>\n\t<\/div>\n<\/div>","protected":false},"excerpt":{"rendered":"","protected":false},"author":4,"featured_media":1381,"parent":0,"menu_order":0,"comment_status":"closed","ping_status":"closed","template":"","meta":{"footnotes":""},"class_list":["post-1241","page","type-page","status-publish","has-post-thumbnail","hentry"],"acf":[],"yoast_head":"<!-- This site is optimized with the Yoast SEO plugin v27.2 - https:\/\/yoast.com\/product\/yoast-seo-wordpress\/ -->\n<title>ISIGE Alumni - ISIGE Mines Paris - PSL<\/title>\n<meta name=\"description\" content=\"Ce r\u00e9seau est une v\u00e9ritable richesse dont chaque dipl\u00f4m\u00e9 peut profiter afin de faciliter les relations entre anciens et \u00e9tudiants actuels.\" \/>\n<meta name=\"robots\" content=\"index, follow, max-snippet:-1, max-image-preview:large, max-video-preview:-1\" \/>\n<link rel=\"canonical\" href=\"https:\/\/www.minesparis.psl.eu\/isige\/alumni-isige\/\" \/>\n<meta property=\"og:locale\" content=\"fr_FR\" \/>\n<meta property=\"og:type\" content=\"article\" \/>\n<meta property=\"og:title\" content=\"ISIGE Alumni - ISIGE Mines Paris - PSL\" \/>\n<meta property=\"og:description\" content=\"Ce r\u00e9seau est une v\u00e9ritable richesse dont chaque dipl\u00f4m\u00e9 peut profiter afin de faciliter les relations entre anciens et \u00e9tudiants actuels.\" \/>\n<meta property=\"og:url\" content=\"https:\/\/www.minesparis.psl.eu\/isige\/alumni-isige\/\" \/>\n<meta property=\"og:site_name\" content=\"ISIGE Mines Paris - PSL\" \/>\n<meta property=\"article:modified_time\" content=\"2025-07-29T05:51:41+00:00\" \/>\n<meta property=\"og:image\" content=\"https:\/\/www.minesparis.psl.eu\/isige\/wp-content\/uploads\/sites\/21\/2025\/03\/IMG_2589-min-scaled.jpg\" \/>\n\t<meta property=\"og:image:width\" content=\"2560\" \/>\n\t<meta property=\"og:image:height\" content=\"1676\" \/>\n\t<meta property=\"og:image:type\" content=\"image\/jpeg\" \/>\n<meta name=\"twitter:card\" content=\"summary_large_image\" \/>\n<meta name=\"twitter:label1\" content=\"Dur\u00e9e de lecture estim\u00e9e\" \/>\n\t<meta name=\"twitter:data1\" content=\"1 minute\" \/>\n<script type=\"application\/ld+json\" class=\"yoast-schema-graph\">{\"@context\":\"https:\/\/schema.org\",\"@graph\":[{\"@type\":\"WebPage\",\"@id\":\"https:\/\/www.minesparis.psl.eu\/isige\/alumni-isige\/\",\"url\":\"https:\/\/www.minesparis.psl.eu\/isige\/alumni-isige\/\",\"name\":\"ISIGE Alumni - ISIGE Mines Paris - PSL\",\"isPartOf\":{\"@id\":\"https:\/\/www.minesparis.psl.eu\/isige\/#website\"},\"primaryImageOfPage\":{\"@id\":\"https:\/\/www.minesparis.psl.eu\/isige\/alumni-isige\/#primaryimage\"},\"image\":{\"@id\":\"https:\/\/www.minesparis.psl.eu\/isige\/alumni-isige\/#primaryimage\"},\"thumbnailUrl\":\"https:\/\/www.minesparis.psl.eu\/isige\/wp-content\/uploads\/sites\/21\/2025\/03\/IMG_2589-min-scaled.jpg\",\"datePublished\":\"2025-03-13T10:32:37+00:00\",\"dateModified\":\"2025-07-29T05:51:41+00:00\",\"description\":\"Ce r\u00e9seau est une v\u00e9ritable richesse dont chaque dipl\u00f4m\u00e9 peut profiter afin de faciliter les relations entre anciens et \u00e9tudiants actuels.\",\"breadcrumb\":{\"@id\":\"https:\/\/www.minesparis.psl.eu\/isige\/alumni-isige\/#breadcrumb\"},\"inLanguage\":\"fr-FR\",\"potentialAction\":[{\"@type\":\"ReadAction\",\"target\":[\"https:\/\/www.minesparis.psl.eu\/isige\/alumni-isige\/\"]}]},{\"@type\":\"ImageObject\",\"inLanguage\":\"fr-FR\",\"@id\":\"https:\/\/www.minesparis.psl.eu\/isige\/alumni-isige\/#primaryimage\",\"url\":\"https:\/\/www.minesparis.psl.eu\/isige\/wp-content\/uploads\/sites\/21\/2025\/03\/IMG_2589-min-scaled.jpg\",\"contentUrl\":\"https:\/\/www.minesparis.psl.eu\/isige\/wp-content\/uploads\/sites\/21\/2025\/03\/IMG_2589-min-scaled.jpg\",\"width\":2560,\"height\":1676,\"caption\":\"ISIGE Alumni\"},{\"@type\":\"BreadcrumbList\",\"@id\":\"https:\/\/www.minesparis.psl.eu\/isige\/alumni-isige\/#breadcrumb\",\"itemListElement\":[{\"@type\":\"ListItem\",\"position\":1,\"name\":\"Accueil\",\"item\":\"https:\/\/www.minesparis.psl.eu\/isige\/\"},{\"@type\":\"ListItem\",\"position\":2,\"name\":\"ISIGE Alumni\"}]},{\"@type\":\"WebSite\",\"@id\":\"https:\/\/www.minesparis.psl.eu\/isige\/#website\",\"url\":\"https:\/\/www.minesparis.psl.eu\/isige\/\",\"name\":\"ISIGE Mines Paris - PSL\",\"description\":\"\",\"publisher\":{\"@id\":\"https:\/\/www.minesparis.psl.eu\/isige\/#organization\"},\"potentialAction\":[{\"@type\":\"SearchAction\",\"target\":{\"@type\":\"EntryPoint\",\"urlTemplate\":\"https:\/\/www.minesparis.psl.eu\/isige\/?s={search_term_string}\"},\"query-input\":{\"@type\":\"PropertyValueSpecification\",\"valueRequired\":true,\"valueName\":\"search_term_string\"}}],\"inLanguage\":\"fr-FR\"},{\"@type\":\"Organization\",\"@id\":\"https:\/\/www.minesparis.psl.eu\/isige\/#organization\",\"name\":\"ISIGE Mines Paris - PSL\",\"url\":\"https:\/\/www.minesparis.psl.eu\/isige\/\",\"logo\":{\"@type\":\"ImageObject\",\"inLanguage\":\"fr-FR\",\"@id\":\"https:\/\/www.minesparis.psl.eu\/isige\/#\/schema\/logo\/image\/\",\"url\":\"https:\/\/www.minesparis.psl.eu\/isige\/wp-content\/uploads\/sites\/21\/2025\/02\/cropped-MinesParis-PSL-ISIGEOCoRVB-1.png\",\"contentUrl\":\"https:\/\/www.minesparis.psl.eu\/isige\/wp-content\/uploads\/sites\/21\/2025\/02\/cropped-MinesParis-PSL-ISIGEOCoRVB-1.png\",\"width\":1584,\"height\":360,\"caption\":\"ISIGE Mines Paris - PSL\"},\"image\":{\"@id\":\"https:\/\/www.minesparis.psl.eu\/isige\/#\/schema\/logo\/image\/\"}}]}<\/script>\n<!-- \/ Yoast SEO plugin. -->","yoast_head_json":{"title":"ISIGE Alumni - ISIGE Mines Paris - PSL","description":"Ce r\u00e9seau est une v\u00e9ritable richesse dont chaque dipl\u00f4m\u00e9 peut profiter afin de faciliter les relations entre anciens et \u00e9tudiants actuels.","robots":{"index":"index","follow":"follow","max-snippet":"max-snippet:-1","max-image-preview":"max-image-preview:large","max-video-preview":"max-video-preview:-1"},"canonical":"https:\/\/www.minesparis.psl.eu\/isige\/alumni-isige\/","og_locale":"fr_FR","og_type":"article","og_title":"ISIGE Alumni - ISIGE Mines Paris - PSL","og_description":"Ce r\u00e9seau est une v\u00e9ritable richesse dont chaque dipl\u00f4m\u00e9 peut profiter afin de faciliter les relations entre anciens et \u00e9tudiants actuels.","og_url":"https:\/\/www.minesparis.psl.eu\/isige\/alumni-isige\/","og_site_name":"ISIGE Mines Paris - PSL","article_modified_time":"2025-07-29T05:51:41+00:00","og_image":[{"width":2560,"height":1676,"url":"https:\/\/www.minesparis.psl.eu\/isige\/wp-content\/uploads\/sites\/21\/2025\/03\/IMG_2589-min-scaled.jpg","type":"image\/jpeg"}],"twitter_card":"summary_large_image","twitter_misc":{"Dur\u00e9e de lecture estim\u00e9e":"1 minute"},"schema":{"@context":"https:\/\/schema.org","@graph":[{"@type":"WebPage","@id":"https:\/\/www.minesparis.psl.eu\/isige\/alumni-isige\/","url":"https:\/\/www.minesparis.psl.eu\/isige\/alumni-isige\/","name":"ISIGE Alumni - ISIGE Mines Paris - PSL","isPartOf":{"@id":"https:\/\/www.minesparis.psl.eu\/isige\/#website"},"primaryImageOfPage":{"@id":"https:\/\/www.minesparis.psl.eu\/isige\/alumni-isige\/#primaryimage"},"image":{"@id":"https:\/\/www.minesparis.psl.eu\/isige\/alumni-isige\/#primaryimage"},"thumbnailUrl":"https:\/\/www.minesparis.psl.eu\/isige\/wp-content\/uploads\/sites\/21\/2025\/03\/IMG_2589-min-scaled.jpg","datePublished":"2025-03-13T10:32:37+00:00","dateModified":"2025-07-29T05:51:41+00:00","description":"Ce r\u00e9seau est une v\u00e9ritable richesse dont chaque dipl\u00f4m\u00e9 peut profiter afin de faciliter les relations entre anciens et \u00e9tudiants actuels.","breadcrumb":{"@id":"https:\/\/www.minesparis.psl.eu\/isige\/alumni-isige\/#breadcrumb"},"inLanguage":"fr-FR","potentialAction":[{"@type":"ReadAction","target":["https:\/\/www.minesparis.psl.eu\/isige\/alumni-isige\/"]}]},{"@type":"ImageObject","inLanguage":"fr-FR","@id":"https:\/\/www.minesparis.psl.eu\/isige\/alumni-isige\/#primaryimage","url":"https:\/\/www.minesparis.psl.eu\/isige\/wp-content\/uploads\/sites\/21\/2025\/03\/IMG_2589-min-scaled.jpg","contentUrl":"https:\/\/www.minesparis.psl.eu\/isige\/wp-content\/uploads\/sites\/21\/2025\/03\/IMG_2589-min-scaled.jpg","width":2560,"height":1676,"caption":"ISIGE Alumni"},{"@type":"BreadcrumbList","@id":"https:\/\/www.minesparis.psl.eu\/isige\/alumni-isige\/#breadcrumb","itemListElement":[{"@type":"ListItem","position":1,"name":"Accueil","item":"https:\/\/www.minesparis.psl.eu\/isige\/"},{"@type":"ListItem","position":2,"name":"ISIGE Alumni"}]},{"@type":"WebSite","@id":"https:\/\/www.minesparis.psl.eu\/isige\/#website","url":"https:\/\/www.minesparis.psl.eu\/isige\/","name":"ISIGE Mines Paris - PSL","description":"","publisher":{"@id":"https:\/\/www.minesparis.psl.eu\/isige\/#organization"},"potentialAction":[{"@type":"SearchAction","target":{"@type":"EntryPoint","urlTemplate":"https:\/\/www.minesparis.psl.eu\/isige\/?s={search_term_string}"},"query-input":{"@type":"PropertyValueSpecification","valueRequired":true,"valueName":"search_term_string"}}],"inLanguage":"fr-FR"},{"@type":"Organization","@id":"https:\/\/www.minesparis.psl.eu\/isige\/#organization","name":"ISIGE Mines Paris - PSL","url":"https:\/\/www.minesparis.psl.eu\/isige\/","logo":{"@type":"ImageObject","inLanguage":"fr-FR","@id":"https:\/\/www.minesparis.psl.eu\/isige\/#\/schema\/logo\/image\/","url":"https:\/\/www.minesparis.psl.eu\/isige\/wp-content\/uploads\/sites\/21\/2025\/02\/cropped-MinesParis-PSL-ISIGEOCoRVB-1.png","contentUrl":"https:\/\/www.minesparis.psl.eu\/isige\/wp-content\/uploads\/sites\/21\/2025\/02\/cropped-MinesParis-PSL-ISIGEOCoRVB-1.png","width":1584,"height":360,"caption":"ISIGE Mines Paris - PSL"},"image":{"@id":"https:\/\/www.minesparis.psl.eu\/isige\/#\/schema\/logo\/image\/"}}]}},"_links":{"self":[{"href":"https:\/\/www.minesparis.psl.eu\/isige\/wp-json\/wp\/v2\/pages\/1241","targetHints":{"allow":["GET"]}}],"collection":[{"href":"https:\/\/www.minesparis.psl.eu\/isige\/wp-json\/wp\/v2\/pages"}],"about":[{"href":"https:\/\/www.minesparis.psl.eu\/isige\/wp-json\/wp\/v2\/types\/page"}],"author":[{"embeddable":true,"href":"https:\/\/www.minesparis.psl.eu\/isige\/wp-json\/wp\/v2\/users\/4"}],"replies":[{"embeddable":true,"href":"https:\/\/www.minesparis.psl.eu\/isige\/wp-json\/wp\/v2\/comments?post=1241"}],"version-history":[{"count":65,"href":"https:\/\/www.minesparis.psl.eu\/isige\/wp-json\/wp\/v2\/pages\/1241\/revisions"}],"predecessor-version":[{"id":3310,"href":"https:\/\/www.minesparis.psl.eu\/isige\/wp-json\/wp\/v2\/pages\/1241\/revisions\/3310"}],"wp:featuredmedia":[{"embeddable":true,"href":"https:\/\/www.minesparis.psl.eu\/isige\/wp-json\/wp\/v2\/media\/1381"}],"wp:attachment":[{"href":"https:\/\/www.minesparis.psl.eu\/isige\/wp-json\/wp\/v2\/media?parent=1241"}],"curies":[{"name":"wp","href":"https:\/\/api.w.org\/{rel}","templated":true}]}}