{"id":1223,"date":"2025-03-13T10:51:35","date_gmt":"2025-03-13T09:51:35","guid":{"rendered":"https:\/\/www.minesparis.psl.eu\/isige\/?page_id=1223"},"modified":"2025-07-24T12:04:29","modified_gmt":"2025-07-24T10:04:29","slug":"certificat-economie-circulaire","status":"publish","type":"page","link":"https:\/\/www.minesparis.psl.eu\/isige\/formations\/certificat-economie-circulaire\/","title":{"rendered":"Certificat \u00c9conomie Circulaire"},"content":{"rendered":"\n<div class=\"container block-full-largeur\">\n\t<div class=\"row mt-4\">\n\t\t<div class=\"col-md-12\">\n\t\t\t<blockquote>\n<p style=\"text-align: center\">Un parcours certifiant pour r\u00e9inventer les syst\u00e8mes de production et de consommation par l\u2019\u00e9conomie circulaire<\/p>\n<\/blockquote>\n\t\t<\/div>\n\t<\/div>\n<\/div>\n\n\n<div class=\"container bloc-50-50\">\n\t<div class=\"row mt-4\">\n\t\t<div class=\"col-md-6\">\n\t\t\t<p><iframe loading=\"lazy\" title=\"Pre\u0301sentation du certificat Economie Circulaire - PARTIE 2\" width=\"500\" height=\"281\" src=\"https:\/\/www.youtube.com\/embed\/MhDnw2WAJQQ?feature=oembed\" frameborder=\"0\" allow=\"accelerometer; autoplay; clipboard-write; encrypted-media; gyroscope; picture-in-picture; web-share\" referrerpolicy=\"strict-origin-when-cross-origin\" allowfullscreen><\/iframe><\/p>\n\t\t<\/div>\n\t\t<div class=\"col-md-6\">\n\t\t\t<p style=\"text-align: justify\">L\u2019\u00e9conomie circulaire offre une approche durable pour transformer les organisations (entreprises, collectivit\u00e9s, associations\u2026) en r\u00e9duisant les impacts environnementaux, tels que l\u2019\u00e9puisement des ressources, la diminution des d\u00e9chets et des \u00e9missions de gaz \u00e0 effet de serre. Elle propose, gr\u00e2ce \u00e0 des strat\u00e9gies de boucle ferm\u00e9e des flux de mati\u00e8res et d\u2019\u00e9nergie, de cr\u00e9er de nouveaux mod\u00e8les \u00e9conomiques dans des secteurs comme le recyclage, le r\u00e9emploi, la r\u00e9paration, ou encore les services g\u00e9n\u00e9rateurs d\u2019emplois.<\/p>\n<p style=\"text-align: justify\">Pour r\u00e9aliser ces objectifs, l\u2019int\u00e9gration d\u2019une strat\u00e9gie d\u2019\u00e9conomie circulaire dans les entreprises n\u00e9cessite une transformation profonde des organisations et de leurs m\u00e9thodes, ainsi que le d\u00e9veloppement de nouveaux m\u00e9tiers et comp\u00e9tences.<\/p>\n\t\t<\/div>\n\t<\/div>\n<\/div>\n\n\n<div class=\"container block-full-largeur\">\n\t<div class=\"row mt-4\">\n\t\t<div class=\"col-md-12\">\n\t\t\t<h2>Programme<\/h2>\n<p style=\"text-align: justify\">Ce parcours s\u2019appuie sur les recherches r\u00e9centes dans le domaine de l\u2019\u00e9conomie circulaire et sur les retours d\u2019exp\u00e9rience des meilleures pratiques. Divis\u00e9e en trois modules, la formation aborde les bases de l\u2019\u00e9conomie circulaire (cadre r\u00e9glementaire, tensions sur les ressources, enjeux environnementaux), les leviers pour d\u00e9ployer une strat\u00e9gie circulaire et enfin les projections permettant une transformation r\u00e9elle de l\u2019entreprise.<\/p>\n<h3 style=\"text-align: justify\">MODULE 1 : Comprendre l\u2019\u00e9conomie circulaire et ma\u00eetriser ses concepts cl\u00e9s<\/h3>\n<h4 style=\"text-align: justify\">L\u2019\u00e9conomie circulaire, un concept incontournable<\/h4>\n<p style=\"text-align: justify\"><em>Objectifs p\u00e9dagogiques :<\/em> Poser les bases de l\u2019\u00e9conomie circulaire, comprendre le cadre r\u00e9glementaire et les politiques publiques existantes et \u00e0 venir, explorer les approches internationales.<\/p>\n<ul style=\"text-align: justify\">\n<li>Atelier : Fresque de l\u2019\u00e9conomie circulaire<\/li>\n<li>S\u00e9minaire : Concepts cl\u00e9s et cadre r\u00e9glementaire de l\u2019\u00e9conomie circulaire<\/li>\n<\/ul>\n<h4 style=\"text-align: justify\">Les tensions sur les ressources et la sobri\u00e9t\u00e9<\/h4>\n<p style=\"text-align: justify\"><em>Objectifs p\u00e9dagogiques :<\/em> Identifier les limites et d\u00e9pendances des ressources naturelles (r\u00e9serves physiques, accessibilit\u00e9, limites \u00e9conomiques), comprendre le concept de sobri\u00e9t\u00e9.<\/p>\n<ul style=\"text-align: justify\">\n<li>Les tensions sur les ressources et les implications technologiques<\/li>\n<li>S\u00e9minaire : Sobri\u00e9t\u00e9 \u2013 Concepts et questionnements<\/li>\n<\/ul>\n<hr \/>\n<h3 style=\"text-align: justify\">MODULE 2 : Concevoir un mod\u00e8le circulaire<\/h3>\n<h4 style=\"text-align: justify\">Le cycle de vie des produits et les leviers pour r\u00e9duire les impacts<\/h4>\n<p style=\"text-align: justify\"><em>Objectifs p\u00e9dagogiques :<\/em> Comprendre l\u2019analyse de cycle de vie (ACV) et identifier les leviers de r\u00e9duction d\u2019impacts et de d\u00e9pendances.<\/p>\n<ul style=\"text-align: justify\">\n<li>L\u2019Analyse de Cycle de Vie (ACV) et sa mise en \u0153uvre en entreprise<\/li>\n<li>T\u00e9moignages sur l\u2019allongement de la dur\u00e9e de vie des produits (r\u00e9parabilit\u00e9, r\u00e9emploi, \u00e9conomie de fonctionnalit\u00e9)<\/li>\n<\/ul>\n<h4 style=\"text-align: justify\">Focus sur le r\u00e9emploi et le recyclage des \u00e9quipements \u00e9lectriques<\/h4>\n<p style=\"text-align: justify\"><em>Objectifs p\u00e9dagogiques :<\/em> Appr\u00e9hender le r\u00e9emploi et le recyclage, en abordant les aspects techniques, r\u00e9glementaires et environnementaux.<\/p>\n<ul style=\"text-align: justify\">\n<li>Visite d\u2019une installation de recyclage<\/li>\n<li>Visite d\u2019un site de reconditionnement<\/li>\n<\/ul>\n<h4 style=\"text-align: justify\">Les nouveaux mod\u00e8les d\u2019affaires<\/h4>\n<p style=\"text-align: justify\"><em>Objectifs p\u00e9dagogiques :<\/em> D\u00e9velopper une nouvelle approche de la valeur, d\u00e9couvrir de nouveaux business models et outils de gestion et de comptabilit\u00e9.<\/p>\n<ul style=\"text-align: justify\">\n<li>Nouveaux mod\u00e8les d\u2019affaires avec illustrations<\/li>\n<li>Cours et t\u00e9moignages sur les nouveaux outils de gestion et de comptabilit\u00e9<\/li>\n<\/ul>\n<hr \/>\n<h3 style=\"text-align: justify\">MODULE 3 : Impliquer ses partenaires dans l\u2019\u00e9conomie circulaire<\/h3>\n<h4 style=\"text-align: justify\">Nouveaux business models et outils en pratique<\/h4>\n<p style=\"text-align: justify\"><em>Objectifs p\u00e9dagogiques :<\/em> Approprier diff\u00e9rents mod\u00e8les d\u2019affaires innovants et d\u00e9couvrir leur mise en \u0153uvre.<\/p>\n<ul style=\"text-align: justify\">\n<li>Conf\u00e9rence \/ Table ronde avec des acteurs de grandes entreprises, PME et start-up ayant transform\u00e9 leurs mod\u00e8les d\u2019affaires \u2013 Retours d\u2019exp\u00e9rience et bonnes pratiques<\/li>\n<li>Illustration des approches et outils pour convaincre (m\u00e9triques, indicateurs, calcul de valeurs)<\/li>\n<\/ul>\n<h4 style=\"text-align: justify\">Convaincre, construire, orienter et transformer avec ses parties prenantes<\/h4>\n<p style=\"text-align: justify\"><em>Objectifs p\u00e9dagogiques :<\/em> Apprendre \u00e0 embarquer les acteurs internes et externes, partager des exp\u00e9riences et bonnes pratiques.<\/p>\n<ul style=\"text-align: justify\">\n<li>T\u00e9moignage : Convaincre la direction g\u00e9n\u00e9rale et financi\u00e8re<\/li>\n<li>T\u00e9moignage : Convaincre les fournisseurs et le service achat<\/li>\n<li>T\u00e9moignage : Construire des \u00e9cosyst\u00e8mes industriels territoriaux<\/li>\n<li>T\u00e9moignage : G\u00e9rer les attentes clients (les prendre en compte et les orienter)<\/li>\n<\/ul>\n<h4 style=\"text-align: justify\">Projeter son activit\u00e9 dans le futur \u2013 Exercice de serious game<\/h4>\n<p style=\"text-align: justify\"><em>Objectifs p\u00e9dagogiques :<\/em> Penser son activit\u00e9 dans l\u2019avenir, identifier les implications pour son organisation et co-cr\u00e9er des solutions.<\/p>\n<ul style=\"text-align: justify\">\n<li>\u00c0 partir de sc\u00e9narios probables, les participants g\u00e9n\u00e9reront des solutions circulaires innovantes via un exercice de design fiction.<\/li>\n<\/ul>\n<h4 style=\"text-align: justify\">Certification<\/h4>\n<p style=\"text-align: justify\">Chaque participant proposera un projet concret d\u2019application des enseignements pour d\u00e9velopper une r\u00e9flexion sur les enjeux sp\u00e9cifiques \u00e0 son entreprise ou organisation partenaire. Ce projet s\u2019inscrira dans une d\u00e9marche pratique, en ancrant les comp\u00e9tences acquises dans la r\u00e9alit\u00e9 de l\u2019entreprise.<\/p>\n<h2>Pour aller plus loin<\/h2>\n<p style=\"text-align: justify\">Le public cible &amp; pr\u00e9requis, organisation p\u00e9dagogique, m\u00e9thode &amp; format, modalit\u00e9 d&rsquo;\u00e9valuation, \u00e9quipe p\u00e9dagogique, interviews &amp; vid\u00e9os&#8230;<\/p>\n<p style=\"text-align: center\"><a class=\"button-mines btn-bleu flech lf-blanc\" href=\"https:\/\/executive-education.minesparis.psl.eu\/formations\/certificat-executive-economie-circulaire-transformer-votre-organisation-par-des-approches-et-outils-innovants\/\" target=\"_blank\" rel=\"noopener\">Site de l&rsquo;Executive Education Mines Paris &#8211; PSL<\/a><\/p>\n<p>&nbsp;<\/p>\n\t\t<\/div>\n\t<\/div>\n<\/div>","protected":false},"excerpt":{"rendered":"","protected":false},"author":4,"featured_media":571,"parent":292,"menu_order":0,"comment_status":"closed","ping_status":"closed","template":"","meta":{"footnotes":""},"class_list":["post-1223","page","type-page","status-publish","has-post-thumbnail","hentry"],"acf":[],"yoast_head":"<!-- This site is optimized with the Yoast SEO plugin v27.2 - https:\/\/yoast.com\/product\/yoast-seo-wordpress\/ -->\n<title>Certificat \u00c9conomie Circulaire - ISIGE Mines Paris - PSL<\/title>\n<meta name=\"description\" content=\"Un parcours certifiant pour r\u00e9inventer les syst\u00e8mes de production et de consommation par l\u2019\u00e9conomie circulaire.\" \/>\n<meta name=\"robots\" content=\"index, follow, max-snippet:-1, max-image-preview:large, max-video-preview:-1\" \/>\n<link rel=\"canonical\" href=\"https:\/\/www.minesparis.psl.eu\/isige\/formations\/certificat-economie-circulaire\/\" \/>\n<meta property=\"og:locale\" content=\"fr_FR\" \/>\n<meta property=\"og:type\" content=\"article\" \/>\n<meta property=\"og:title\" content=\"Certificat \u00c9conomie Circulaire - ISIGE Mines Paris - PSL\" \/>\n<meta property=\"og:description\" content=\"Un parcours certifiant pour r\u00e9inventer les syst\u00e8mes de production et de consommation par l\u2019\u00e9conomie circulaire.\" \/>\n<meta property=\"og:url\" content=\"https:\/\/www.minesparis.psl.eu\/isige\/formations\/certificat-economie-circulaire\/\" \/>\n<meta property=\"og:site_name\" content=\"ISIGE Mines Paris - PSL\" \/>\n<meta property=\"article:modified_time\" content=\"2025-07-24T10:04:29+00:00\" \/>\n<meta property=\"og:image\" content=\"https:\/\/www.minesparis.psl.eu\/isige\/wp-content\/uploads\/sites\/21\/2025\/02\/IMG_2432-scaled-600x400-1.jpg\" \/>\n\t<meta property=\"og:image:width\" content=\"600\" \/>\n\t<meta property=\"og:image:height\" content=\"400\" \/>\n\t<meta property=\"og:image:type\" content=\"image\/jpeg\" \/>\n<meta name=\"twitter:card\" content=\"summary_large_image\" \/>\n<meta name=\"twitter:label1\" content=\"Dur\u00e9e de lecture estim\u00e9e\" \/>\n\t<meta name=\"twitter:data1\" content=\"1 minute\" \/>\n<script type=\"application\/ld+json\" class=\"yoast-schema-graph\">{\"@context\":\"https:\/\/schema.org\",\"@graph\":[{\"@type\":\"WebPage\",\"@id\":\"https:\/\/www.minesparis.psl.eu\/isige\/formations\/certificat-economie-circulaire\/\",\"url\":\"https:\/\/www.minesparis.psl.eu\/isige\/formations\/certificat-economie-circulaire\/\",\"name\":\"Certificat \u00c9conomie Circulaire - ISIGE Mines Paris - PSL\",\"isPartOf\":{\"@id\":\"https:\/\/www.minesparis.psl.eu\/isige\/#website\"},\"primaryImageOfPage\":{\"@id\":\"https:\/\/www.minesparis.psl.eu\/isige\/formations\/certificat-economie-circulaire\/#primaryimage\"},\"image\":{\"@id\":\"https:\/\/www.minesparis.psl.eu\/isige\/formations\/certificat-economie-circulaire\/#primaryimage\"},\"thumbnailUrl\":\"https:\/\/www.minesparis.psl.eu\/isige\/wp-content\/uploads\/sites\/21\/2025\/02\/IMG_2432-scaled-600x400-1.jpg\",\"datePublished\":\"2025-03-13T09:51:35+00:00\",\"dateModified\":\"2025-07-24T10:04:29+00:00\",\"description\":\"Un parcours certifiant pour r\u00e9inventer les syst\u00e8mes de production et de consommation par l\u2019\u00e9conomie circulaire.\",\"breadcrumb\":{\"@id\":\"https:\/\/www.minesparis.psl.eu\/isige\/formations\/certificat-economie-circulaire\/#breadcrumb\"},\"inLanguage\":\"fr-FR\",\"potentialAction\":[{\"@type\":\"ReadAction\",\"target\":[\"https:\/\/www.minesparis.psl.eu\/isige\/formations\/certificat-economie-circulaire\/\"]}]},{\"@type\":\"ImageObject\",\"inLanguage\":\"fr-FR\",\"@id\":\"https:\/\/www.minesparis.psl.eu\/isige\/formations\/certificat-economie-circulaire\/#primaryimage\",\"url\":\"https:\/\/www.minesparis.psl.eu\/isige\/wp-content\/uploads\/sites\/21\/2025\/02\/IMG_2432-scaled-600x400-1.jpg\",\"contentUrl\":\"https:\/\/www.minesparis.psl.eu\/isige\/wp-content\/uploads\/sites\/21\/2025\/02\/IMG_2432-scaled-600x400-1.jpg\",\"width\":600,\"height\":400,\"caption\":\"Certificat \u00e9conomie circulaire\"},{\"@type\":\"BreadcrumbList\",\"@id\":\"https:\/\/www.minesparis.psl.eu\/isige\/formations\/certificat-economie-circulaire\/#breadcrumb\",\"itemListElement\":[{\"@type\":\"ListItem\",\"position\":1,\"name\":\"Accueil\",\"item\":\"https:\/\/www.minesparis.psl.eu\/isige\/\"},{\"@type\":\"ListItem\",\"position\":2,\"name\":\"Les formations\",\"item\":\"https:\/\/www.minesparis.psl.eu\/isige\/formations\/\"},{\"@type\":\"ListItem\",\"position\":3,\"name\":\"Certificat \u00c9conomie Circulaire\"}]},{\"@type\":\"WebSite\",\"@id\":\"https:\/\/www.minesparis.psl.eu\/isige\/#website\",\"url\":\"https:\/\/www.minesparis.psl.eu\/isige\/\",\"name\":\"ISIGE Mines Paris - PSL\",\"description\":\"\",\"publisher\":{\"@id\":\"https:\/\/www.minesparis.psl.eu\/isige\/#organization\"},\"potentialAction\":[{\"@type\":\"SearchAction\",\"target\":{\"@type\":\"EntryPoint\",\"urlTemplate\":\"https:\/\/www.minesparis.psl.eu\/isige\/?s={search_term_string}\"},\"query-input\":{\"@type\":\"PropertyValueSpecification\",\"valueRequired\":true,\"valueName\":\"search_term_string\"}}],\"inLanguage\":\"fr-FR\"},{\"@type\":\"Organization\",\"@id\":\"https:\/\/www.minesparis.psl.eu\/isige\/#organization\",\"name\":\"ISIGE Mines Paris - PSL\",\"url\":\"https:\/\/www.minesparis.psl.eu\/isige\/\",\"logo\":{\"@type\":\"ImageObject\",\"inLanguage\":\"fr-FR\",\"@id\":\"https:\/\/www.minesparis.psl.eu\/isige\/#\/schema\/logo\/image\/\",\"url\":\"https:\/\/www.minesparis.psl.eu\/isige\/wp-content\/uploads\/sites\/21\/2025\/02\/cropped-MinesParis-PSL-ISIGEOCoRVB-1.png\",\"contentUrl\":\"https:\/\/www.minesparis.psl.eu\/isige\/wp-content\/uploads\/sites\/21\/2025\/02\/cropped-MinesParis-PSL-ISIGEOCoRVB-1.png\",\"width\":1584,\"height\":360,\"caption\":\"ISIGE Mines Paris - PSL\"},\"image\":{\"@id\":\"https:\/\/www.minesparis.psl.eu\/isige\/#\/schema\/logo\/image\/\"}}]}<\/script>\n<!-- \/ Yoast SEO plugin. -->","yoast_head_json":{"title":"Certificat \u00c9conomie Circulaire - ISIGE Mines Paris - PSL","description":"Un parcours certifiant pour r\u00e9inventer les syst\u00e8mes de production et de consommation par l\u2019\u00e9conomie circulaire.","robots":{"index":"index","follow":"follow","max-snippet":"max-snippet:-1","max-image-preview":"max-image-preview:large","max-video-preview":"max-video-preview:-1"},"canonical":"https:\/\/www.minesparis.psl.eu\/isige\/formations\/certificat-economie-circulaire\/","og_locale":"fr_FR","og_type":"article","og_title":"Certificat \u00c9conomie Circulaire - ISIGE Mines Paris - PSL","og_description":"Un parcours certifiant pour r\u00e9inventer les syst\u00e8mes de production et de consommation par l\u2019\u00e9conomie circulaire.","og_url":"https:\/\/www.minesparis.psl.eu\/isige\/formations\/certificat-economie-circulaire\/","og_site_name":"ISIGE Mines Paris - PSL","article_modified_time":"2025-07-24T10:04:29+00:00","og_image":[{"width":600,"height":400,"url":"https:\/\/www.minesparis.psl.eu\/isige\/wp-content\/uploads\/sites\/21\/2025\/02\/IMG_2432-scaled-600x400-1.jpg","type":"image\/jpeg"}],"twitter_card":"summary_large_image","twitter_misc":{"Dur\u00e9e de lecture estim\u00e9e":"1 minute"},"schema":{"@context":"https:\/\/schema.org","@graph":[{"@type":"WebPage","@id":"https:\/\/www.minesparis.psl.eu\/isige\/formations\/certificat-economie-circulaire\/","url":"https:\/\/www.minesparis.psl.eu\/isige\/formations\/certificat-economie-circulaire\/","name":"Certificat \u00c9conomie Circulaire - ISIGE Mines Paris - PSL","isPartOf":{"@id":"https:\/\/www.minesparis.psl.eu\/isige\/#website"},"primaryImageOfPage":{"@id":"https:\/\/www.minesparis.psl.eu\/isige\/formations\/certificat-economie-circulaire\/#primaryimage"},"image":{"@id":"https:\/\/www.minesparis.psl.eu\/isige\/formations\/certificat-economie-circulaire\/#primaryimage"},"thumbnailUrl":"https:\/\/www.minesparis.psl.eu\/isige\/wp-content\/uploads\/sites\/21\/2025\/02\/IMG_2432-scaled-600x400-1.jpg","datePublished":"2025-03-13T09:51:35+00:00","dateModified":"2025-07-24T10:04:29+00:00","description":"Un parcours certifiant pour r\u00e9inventer les syst\u00e8mes de production et de consommation par l\u2019\u00e9conomie circulaire.","breadcrumb":{"@id":"https:\/\/www.minesparis.psl.eu\/isige\/formations\/certificat-economie-circulaire\/#breadcrumb"},"inLanguage":"fr-FR","potentialAction":[{"@type":"ReadAction","target":["https:\/\/www.minesparis.psl.eu\/isige\/formations\/certificat-economie-circulaire\/"]}]},{"@type":"ImageObject","inLanguage":"fr-FR","@id":"https:\/\/www.minesparis.psl.eu\/isige\/formations\/certificat-economie-circulaire\/#primaryimage","url":"https:\/\/www.minesparis.psl.eu\/isige\/wp-content\/uploads\/sites\/21\/2025\/02\/IMG_2432-scaled-600x400-1.jpg","contentUrl":"https:\/\/www.minesparis.psl.eu\/isige\/wp-content\/uploads\/sites\/21\/2025\/02\/IMG_2432-scaled-600x400-1.jpg","width":600,"height":400,"caption":"Certificat \u00e9conomie circulaire"},{"@type":"BreadcrumbList","@id":"https:\/\/www.minesparis.psl.eu\/isige\/formations\/certificat-economie-circulaire\/#breadcrumb","itemListElement":[{"@type":"ListItem","position":1,"name":"Accueil","item":"https:\/\/www.minesparis.psl.eu\/isige\/"},{"@type":"ListItem","position":2,"name":"Les formations","item":"https:\/\/www.minesparis.psl.eu\/isige\/formations\/"},{"@type":"ListItem","position":3,"name":"Certificat \u00c9conomie Circulaire"}]},{"@type":"WebSite","@id":"https:\/\/www.minesparis.psl.eu\/isige\/#website","url":"https:\/\/www.minesparis.psl.eu\/isige\/","name":"ISIGE Mines Paris - PSL","description":"","publisher":{"@id":"https:\/\/www.minesparis.psl.eu\/isige\/#organization"},"potentialAction":[{"@type":"SearchAction","target":{"@type":"EntryPoint","urlTemplate":"https:\/\/www.minesparis.psl.eu\/isige\/?s={search_term_string}"},"query-input":{"@type":"PropertyValueSpecification","valueRequired":true,"valueName":"search_term_string"}}],"inLanguage":"fr-FR"},{"@type":"Organization","@id":"https:\/\/www.minesparis.psl.eu\/isige\/#organization","name":"ISIGE Mines Paris - PSL","url":"https:\/\/www.minesparis.psl.eu\/isige\/","logo":{"@type":"ImageObject","inLanguage":"fr-FR","@id":"https:\/\/www.minesparis.psl.eu\/isige\/#\/schema\/logo\/image\/","url":"https:\/\/www.minesparis.psl.eu\/isige\/wp-content\/uploads\/sites\/21\/2025\/02\/cropped-MinesParis-PSL-ISIGEOCoRVB-1.png","contentUrl":"https:\/\/www.minesparis.psl.eu\/isige\/wp-content\/uploads\/sites\/21\/2025\/02\/cropped-MinesParis-PSL-ISIGEOCoRVB-1.png","width":1584,"height":360,"caption":"ISIGE Mines Paris - PSL"},"image":{"@id":"https:\/\/www.minesparis.psl.eu\/isige\/#\/schema\/logo\/image\/"}}]}},"_links":{"self":[{"href":"https:\/\/www.minesparis.psl.eu\/isige\/wp-json\/wp\/v2\/pages\/1223","targetHints":{"allow":["GET"]}}],"collection":[{"href":"https:\/\/www.minesparis.psl.eu\/isige\/wp-json\/wp\/v2\/pages"}],"about":[{"href":"https:\/\/www.minesparis.psl.eu\/isige\/wp-json\/wp\/v2\/types\/page"}],"author":[{"embeddable":true,"href":"https:\/\/www.minesparis.psl.eu\/isige\/wp-json\/wp\/v2\/users\/4"}],"replies":[{"embeddable":true,"href":"https:\/\/www.minesparis.psl.eu\/isige\/wp-json\/wp\/v2\/comments?post=1223"}],"version-history":[{"count":23,"href":"https:\/\/www.minesparis.psl.eu\/isige\/wp-json\/wp\/v2\/pages\/1223\/revisions"}],"predecessor-version":[{"id":3114,"href":"https:\/\/www.minesparis.psl.eu\/isige\/wp-json\/wp\/v2\/pages\/1223\/revisions\/3114"}],"up":[{"embeddable":true,"href":"https:\/\/www.minesparis.psl.eu\/isige\/wp-json\/wp\/v2\/pages\/292"}],"wp:featuredmedia":[{"embeddable":true,"href":"https:\/\/www.minesparis.psl.eu\/isige\/wp-json\/wp\/v2\/media\/571"}],"wp:attachment":[{"href":"https:\/\/www.minesparis.psl.eu\/isige\/wp-json\/wp\/v2\/media?parent=1223"}],"curies":[{"name":"wp","href":"https:\/\/api.w.org\/{rel}","templated":true}]}}