{"id":1104,"date":"2025-03-07T11:05:16","date_gmt":"2025-03-07T10:05:16","guid":{"rendered":"https:\/\/www.minesparis.psl.eu\/isige\/?page_id=1104"},"modified":"2026-01-13T09:07:42","modified_gmt":"2026-01-13T08:07:42","slug":"cycle-de-conferences","status":"publish","type":"page","link":"https:\/\/www.minesparis.psl.eu\/isige\/expertise\/cycle-de-conferences\/","title":{"rendered":"Les conf\u00e9rences de l\u2019ISIGE"},"content":{"rendered":"\n<div class=\"container block-full-largeur\">\n\t<div class=\"row mt-4\">\n\t\t<div class=\"col-md-12\">\n\t\t\t<h2>2026<\/h2>\n<ul>\n<li>3 f\u00e9vrier 2026 &#8211; Discussion in\u00e9dite \u00ab\u00a0De l\u2019innovation mini\u00e8re \u00e0 l\u2019ing\u00e9nierie des limites : extraire, recycler, ou repenser nos besoins ?\u00a0\u00bb avec Philippe BIHOUIX et Damien GOETZ.<\/li>\n<\/ul>\n<h2>2025<\/h2>\n<ul>\n<li>22 septembre 2025 &#8211; Table ronde \u00ab\u00a0L&rsquo;art de parler climat\u00a0\u00bb avec\u00a0 <span class=\"break-words tvm-parent-container\"><span dir=\"ltr\"> Samuel Valensi, metteur en sc\u00e8ne, Maxime Ollivier, artiviste et Paloma Moritz, journaliste et documentariste engag\u00e9e.<\/span><\/span><\/li>\n<li>16 septembre 2025 &#8211; Conf\u00e9rence de Catherine Brennan, DG du cabinet Bird\u00e9o sp\u00e9cialis\u00e9 en recrutement RSE<\/li>\n<li>6 mars 2025 &#8211; Conf\u00e9rence de Marc-Andr\u00e9 Selosse : u<span class=\"OYPEnA font-feature-liga-off font-feature-clig-off font-feature-calt-off text-decoration-none text-strikethrough-none\">n autre mod\u00e8le agricole est possible, mieux comprendre le r\u00f4le invisible mais fondamental des micro-organismes dans les \u00e9cosyst\u00e8mes. <\/span><\/li>\n<\/ul>\n<h2>2024<\/h2>\n<ul style=\"text-align: justify\">\n<li>4 d\u00e9cembre 2024 &#8211; Table ronde organis\u00e9e par l&rsquo;ISIGE Mines Paris-PSL : <span class=\"break-words tvm-parent-container\"><span dir=\"ltr\"><a href=\"https:\/\/open.spotify.com\/episode\/1Gd6maEIo4fdw99PpIRnOb\">faire le point sur les avanc\u00e9es en mati\u00e8re d\u2019initiatives, de leviers financiers et de r\u00e8glementation pour permettre aux entreprises d\u2019agir en faveur de la la biodiversit\u00e9.<\/a>\n<\/span><\/span><\/li>\n<li><span class=\"break-words tvm-parent-container\"><span dir=\"ltr\">19 novembre 2024 &#8211; Table ronde organis\u00e9e par Mines Paris &#8211; PSL, ecosystem et l&rsquo;Universit\u00e9 Universit\u00e9 Paris Dauphine- PSL dans le cadre des \u00e9v\u00e9nements associ\u00e9s au Certificat \u00c9conomie Circulaire : <strong>La sobri\u00e9t\u00e9, nouvelle fronti\u00e8re de la transition durable ?<\/strong><\/span><\/span><\/li>\n<li><span class=\"break-words tvm-parent-container\"><span dir=\"ltr\">16 septembre 2024 Conf\u00e9rence de Luc Teerlinck faisant partie du cycle \u201c\u00c9conomie circulaire et sobri\u00e9t\u00e9\u201d que l\u2019ISIGE et l\u2019ISIGE Alumni ont lanc\u00e9 en 2022 <strong> \u00ab We Play Circular : face \u00e0 l\u2019urgence \u00e9cologique, renoncer \u00e0 la possession des biens ? \u00bb.<\/strong>\n<\/span><\/span><\/li>\n<li>12 avril 2024 &#8211; <span class=\"break-words tvm-parent-container\"><span dir=\"ltr\">Conf\u00e9rence organis\u00e9e par\u00a0 l\u2019Iddri et l\u2019Office fran\u00e7ais de la biodiversit\u00e9 (OFB) en partenariat avec l&rsquo;ISIGE Mines Paris-PSL. <strong>De la COP 15 \u00e0 la COP 16, quelles avanc\u00e9es dans la mise en \u0153uvre du cadre mondial pour la biodiversit\u00e9 ?<\/strong> <\/span><\/span><\/li>\n<li>21 mars 2024 &#8211; T<span class=\"break-words tvm-parent-container\"><span dir=\"ltr\">able ronde organis\u00e9e par ISIGE Alumni &#8211; Mines Paris-PSL et le Club Mines Environnement D\u00e9veloppement Durable :\n<\/span><\/span><strong>Comment embarquer l&rsquo;industrie pour acc\u00e9l\u00e9rer la transition \u00e9cologique ?<\/strong><\/li>\n<li>26 f\u00e9vrier 2024 &#8211; <strong>Troisi\u00e8me<\/strong> <strong>conf\u00e9rence du cycle \u00ab\u00a0Les ing\u00e9nieurs face aux urgences environnementales\u00a0\u00bb<\/strong> l&rsquo;histoire des sujets environnementaux par Jean-Baptiste Fressoz, historien des sciences et de l&rsquo;environnement et auteur avec C. Bonneuil de <em>L\u2019\u00c9v\u00e9nement Anthropoc\u00e8ne. La Terre, l&rsquo;histoire et nous<\/em>, Le Seuil.<\/li>\n<\/ul>\n<hr \/>\n<h2 style=\"text-align: justify\">2023<\/h2>\n<ul style=\"text-align: justify\">\n<li>17 octobre 2023 &#8211; <strong>Deuxi\u00e8me<\/strong> <strong>conf\u00e9rence du cycle \u00ab\u00a0Les ing\u00e9nieurs face aux urgences environnementales\u00a0\u00bb<\/strong> : un nouveau r\u00e9cit pour les ing\u00e9nieurs, donn\u00e9e par Antoine Bouzin, ing\u00e9nieur et sociologue : un regard historique sur le m\u00e9tier d\u2019ing\u00e9nieur, son r\u00f4le et ses responsabilit\u00e9s par rapport aux urgences environnementales.<\/li>\n<li>4 octobre 2023 &#8211; <strong>Premi\u00e8re conf\u00e9rence du cycle \u00ab\u00a0Les ing\u00e9nieurs face aux urgences environnementales\u00a0\u00bb<\/strong> donn\u00e9e par Gilles B\u0153uf : \u00ab\u00a0Changement climatique, biodiversit\u00e9, humanit\u00e9 : quelles menaces ? Comment agir ?\u00a0\u00bb<\/li>\n<li><span class=\"break-words\"><span dir=\"ltr\">20 avril 2023 &#8211; <\/span><\/span><strong>Conf\u00e9rence table ronde<\/strong><span class=\"break-words\"><span dir=\"ltr\"> \u00ab\u00a0L&rsquo;\u00e9conomie de la fonctionnalit\u00e9 chez Decathlon\u00a0\u00bb avec Yann Carr\u00e9, leader \u201clocation\u201d du groupe Decathlon France.\nCette conf\u00e9rence fait partie du cycle \u201c\u00c9conomie circulaire et sobri\u00e9t\u00e9\u201d que l\u2019ISIGE Mines Paris-PSL et l\u2019ISIGE Alumni &#8211; Mines Paris-PSL ont lanc\u00e9 depuis 2022. <\/span><\/span><\/li>\n<li>22 mars 2023 &#8211; <strong>Conf\u00e9rence table ronde <\/strong>\u00ab\u00a0Consommer sans poss\u00e9der, est-ce vraiment \u00e9cologique ?\u00a0\u00bb<strong>\n<\/strong>Une table ronde organis\u00e9e par les \u00e9tudiants IGE 2023 avec Camille Faure | Co-fondatrice de Kazoo, Coralie Muylaert | Doctorante sp\u00e9cialis\u00e9e dans l\u2019\u00e9conomie de fonctionnalit\u00e9, Christian du Tertre | Pr\u00e9sident du Conseil Scientifique et d&rsquo;Evaluation de l\u2019Institut Europ\u00e9en de l\u2019Economie de la Fonctionnalit\u00e9 et de la Coop\u00e9ration (IE-EFC)<\/li>\n<\/ul>\n<hr \/>\n<h2 style=\"text-align: justify\">2022<\/h2>\n<ul style=\"text-align: justify\">\n<li>8 novembre 2022 &#8211; <strong>Conf\u00e9rence table ronde<\/strong> \u00ab\u00a0\u00c9conomie circulaire et rar\u00e9faction des ressources. L&rsquo;\u00e9conomie circulaire, une &#8211; voire &#8211; la solution pour concilier enjeux de production, de consommation et de respect du vivant ? \u00a0\u00bb avec Fabrice Abraham, Agn\u00e8s Crepet, Damien Goetz, Anna Pineau et La\u00ebtitia Vasseur.<\/li>\n<\/ul>\n<hr \/>\n<h2 style=\"text-align: justify\">2020<\/h2>\n<ul style=\"text-align: justify\">\n<li>20 f\u00e9vrier 2020 &#8211; <strong>Conf\u00e9rence table ronde<\/strong> \u00ab\u00a0Transition \u00e9cologique des villes et des territoires: collaborer pour changer d&rsquo;\u00e9chelle\u00a0\u00bb avec Delphine Antoniucci, Sabine Bognon, Clothilde Sauvages et Antoine Daval.<\/li>\n<\/ul>\n<hr \/>\n<h2 style=\"text-align: justify\">2019<\/h2>\n<ul style=\"text-align: justify\">\n<li>14 novembre 2019 &#8211; <strong>Conf\u00e9rence table ronde<\/strong> \u00ab\u00a0Quel avenir pour la Biodiversit\u00e9? 2020, espoir ou d\u00e9sillusion?\u00a0\u00bb avec Didier Babin, Gilles Lecuir et C\u00e9cile Joucan, Guillaume Neveux et Philippe Jacob.<\/li>\n<li>12 juin 2019 &#8211; <strong>Conf\u00e9rence table ronde<\/strong> \u00ab\u00a0La transition vers un monde durable &#8230; et tout le monde s&rsquo;en fou?\u00a0\u00bb avec Julien Vidal, Arthur Keller et Jacques Fradin.<\/li>\n<li>12 f\u00e9vrier 2019 &#8211; <strong>Conf\u00e9rence table ronde<\/strong> \u00ab\u00a0Le Num\u00e9rique, le meilleur et le pire pour une transition \u00e9cologique?\u00a0\u00bb avec Fr\u00e9d\u00e9ric Bordage, Anne Tozzolino, Eric Maillard, Gr\u00e9gory Labrousse, Paula Forteza, Hugues Ferreboeuf.<\/li>\n<li>10 janvier 2019 &#8211; <strong>Conf\u00e9rence<\/strong> : \u00ab\u00a0Claire Nouvian, son engagement chez BLOOM\u00a0\u00bb avec Claire Nouvian.<\/li>\n<\/ul>\n<hr \/>\n<h2 style=\"text-align: justify\">2018<\/h2>\n<ul style=\"text-align: justify\">\n<li>16 mai 2018 &#8211;\u00a0 <strong>Conf\u00e9rence<\/strong> : \u00ab\u00a0Comment nous d\u00e9placerons-nous dans 20 ans ?\u00a0\u00bb avec Nicolas Meilhan.<\/li>\n<li>12 mars 2018 &#8211; <strong>Conf\u00e9rence<\/strong> : \u00ab\u00a0Comment s&rsquo;int\u00e8gre la RSE dans l&rsquo;univers du textile?\u00a0\u00bb Avec Isabelle Anton.<\/li>\n<li>6 mars 2018 &#8211; <strong>Conf\u00e9rence table ronde<\/strong> \u00ab\u00a0L&rsquo;\u00c9conomie circulaire\u00a0\u00bb avec Matthieu Orphelin, Franck Aggeri, H\u00e9l\u00e8ne Valade, Val\u00e9rie David, Laetitia Vasseur, Thierry Kuhn.<\/li>\n<li>6 f\u00e9vrier 2018 &#8211; <strong>Conf\u00e9rence<\/strong> \u00ab\u00a0Risques climatiques, l&rsquo;innovation au service des villes\u00a0\u00bb avec Henri Gurs, Cl\u00e9mence Fischer, Claudine Guidat.<\/li>\n<\/ul>\n<hr \/>\n<h2 style=\"text-align: justify\">2017<\/h2>\n<ul>\n<li style=\"text-align: justify\">25 octobre 2017 &#8211; <strong>Conf\u00e9rence<\/strong> \u00ab\u00a0Crises, transition \u00e9cologique et biens communs\u00a0\u00bb avec Ga\u00ebl Giraud.<\/li>\n<\/ul>\n\t\t<\/div>\n\t<\/div>\n<\/div>","protected":false},"excerpt":{"rendered":"","protected":false},"author":4,"featured_media":1601,"parent":973,"menu_order":0,"comment_status":"closed","ping_status":"closed","template":"","meta":{"footnotes":""},"class_list":["post-1104","page","type-page","status-publish","has-post-thumbnail","hentry"],"acf":[],"yoast_head":"<!-- This site is optimized with the Yoast SEO plugin v27.2 - https:\/\/yoast.com\/product\/yoast-seo-wordpress\/ -->\n<title>Les conf\u00e9rences de l&#039;ISIGE - ISIGE Mines Paris - PSL<\/title>\n<meta name=\"description\" content=\"R\u00e9solument tourn\u00e9 vers le partage de son expertise, l&#039;ISIGE est un laboratoire d&#039;id\u00e9es. Cela se traduit notamment par l&#039;organisation de conf\u00e9rences grand public.\" \/>\n<meta name=\"robots\" content=\"index, follow, max-snippet:-1, max-image-preview:large, max-video-preview:-1\" \/>\n<link rel=\"canonical\" href=\"https:\/\/www.minesparis.psl.eu\/isige\/expertise\/cycle-de-conferences\/\" \/>\n<meta property=\"og:locale\" content=\"fr_FR\" \/>\n<meta property=\"og:type\" content=\"article\" \/>\n<meta property=\"og:title\" content=\"Les conf\u00e9rences de l&#039;ISIGE - ISIGE Mines Paris - PSL\" \/>\n<meta property=\"og:description\" content=\"R\u00e9solument tourn\u00e9 vers le partage de son expertise, l&#039;ISIGE est un laboratoire d&#039;id\u00e9es. Cela se traduit notamment par l&#039;organisation de conf\u00e9rences grand public.\" \/>\n<meta property=\"og:url\" content=\"https:\/\/www.minesparis.psl.eu\/isige\/expertise\/cycle-de-conferences\/\" \/>\n<meta property=\"og:site_name\" content=\"ISIGE Mines Paris - PSL\" \/>\n<meta property=\"article:modified_time\" content=\"2026-01-13T08:07:42+00:00\" \/>\n<meta property=\"og:image\" content=\"https:\/\/www.minesparis.psl.eu\/isige\/wp-content\/uploads\/sites\/21\/2025\/03\/IMG_9600.jpg\" \/>\n\t<meta property=\"og:image:width\" content=\"1200\" \/>\n\t<meta property=\"og:image:height\" content=\"798\" \/>\n\t<meta property=\"og:image:type\" content=\"image\/jpeg\" \/>\n<meta name=\"twitter:card\" content=\"summary_large_image\" \/>\n<meta name=\"twitter:label1\" content=\"Dur\u00e9e de lecture estim\u00e9e\" \/>\n\t<meta name=\"twitter:data1\" content=\"1 minute\" \/>\n<script type=\"application\/ld+json\" class=\"yoast-schema-graph\">{\"@context\":\"https:\/\/schema.org\",\"@graph\":[{\"@type\":\"WebPage\",\"@id\":\"https:\/\/www.minesparis.psl.eu\/isige\/expertise\/cycle-de-conferences\/\",\"url\":\"https:\/\/www.minesparis.psl.eu\/isige\/expertise\/cycle-de-conferences\/\",\"name\":\"Les conf\u00e9rences de l'ISIGE - ISIGE Mines Paris - PSL\",\"isPartOf\":{\"@id\":\"https:\/\/www.minesparis.psl.eu\/isige\/#website\"},\"primaryImageOfPage\":{\"@id\":\"https:\/\/www.minesparis.psl.eu\/isige\/expertise\/cycle-de-conferences\/#primaryimage\"},\"image\":{\"@id\":\"https:\/\/www.minesparis.psl.eu\/isige\/expertise\/cycle-de-conferences\/#primaryimage\"},\"thumbnailUrl\":\"https:\/\/www.minesparis.psl.eu\/isige\/wp-content\/uploads\/sites\/21\/2025\/03\/IMG_9600.jpg\",\"datePublished\":\"2025-03-07T10:05:16+00:00\",\"dateModified\":\"2026-01-13T08:07:42+00:00\",\"description\":\"R\u00e9solument tourn\u00e9 vers le partage de son expertise, l'ISIGE est un laboratoire d'id\u00e9es. Cela se traduit notamment par l'organisation de conf\u00e9rences grand public.\",\"breadcrumb\":{\"@id\":\"https:\/\/www.minesparis.psl.eu\/isige\/expertise\/cycle-de-conferences\/#breadcrumb\"},\"inLanguage\":\"fr-FR\",\"potentialAction\":[{\"@type\":\"ReadAction\",\"target\":[\"https:\/\/www.minesparis.psl.eu\/isige\/expertise\/cycle-de-conferences\/\"]}]},{\"@type\":\"ImageObject\",\"inLanguage\":\"fr-FR\",\"@id\":\"https:\/\/www.minesparis.psl.eu\/isige\/expertise\/cycle-de-conferences\/#primaryimage\",\"url\":\"https:\/\/www.minesparis.psl.eu\/isige\/wp-content\/uploads\/sites\/21\/2025\/03\/IMG_9600.jpg\",\"contentUrl\":\"https:\/\/www.minesparis.psl.eu\/isige\/wp-content\/uploads\/sites\/21\/2025\/03\/IMG_9600.jpg\",\"width\":1200,\"height\":798,\"caption\":\"Les conf\u00e9rences de l'ISIGE\"},{\"@type\":\"BreadcrumbList\",\"@id\":\"https:\/\/www.minesparis.psl.eu\/isige\/expertise\/cycle-de-conferences\/#breadcrumb\",\"itemListElement\":[{\"@type\":\"ListItem\",\"position\":1,\"name\":\"Accueil\",\"item\":\"https:\/\/www.minesparis.psl.eu\/isige\/\"},{\"@type\":\"ListItem\",\"position\":2,\"name\":\"Expertise\",\"item\":\"https:\/\/www.minesparis.psl.eu\/isige\/expertise\/\"},{\"@type\":\"ListItem\",\"position\":3,\"name\":\"Les conf\u00e9rences de l\u2019ISIGE\"}]},{\"@type\":\"WebSite\",\"@id\":\"https:\/\/www.minesparis.psl.eu\/isige\/#website\",\"url\":\"https:\/\/www.minesparis.psl.eu\/isige\/\",\"name\":\"ISIGE Mines Paris - PSL\",\"description\":\"\",\"publisher\":{\"@id\":\"https:\/\/www.minesparis.psl.eu\/isige\/#organization\"},\"potentialAction\":[{\"@type\":\"SearchAction\",\"target\":{\"@type\":\"EntryPoint\",\"urlTemplate\":\"https:\/\/www.minesparis.psl.eu\/isige\/?s={search_term_string}\"},\"query-input\":{\"@type\":\"PropertyValueSpecification\",\"valueRequired\":true,\"valueName\":\"search_term_string\"}}],\"inLanguage\":\"fr-FR\"},{\"@type\":\"Organization\",\"@id\":\"https:\/\/www.minesparis.psl.eu\/isige\/#organization\",\"name\":\"ISIGE Mines Paris - PSL\",\"url\":\"https:\/\/www.minesparis.psl.eu\/isige\/\",\"logo\":{\"@type\":\"ImageObject\",\"inLanguage\":\"fr-FR\",\"@id\":\"https:\/\/www.minesparis.psl.eu\/isige\/#\/schema\/logo\/image\/\",\"url\":\"https:\/\/www.minesparis.psl.eu\/isige\/wp-content\/uploads\/sites\/21\/2025\/02\/cropped-MinesParis-PSL-ISIGEOCoRVB-1.png\",\"contentUrl\":\"https:\/\/www.minesparis.psl.eu\/isige\/wp-content\/uploads\/sites\/21\/2025\/02\/cropped-MinesParis-PSL-ISIGEOCoRVB-1.png\",\"width\":1584,\"height\":360,\"caption\":\"ISIGE Mines Paris - PSL\"},\"image\":{\"@id\":\"https:\/\/www.minesparis.psl.eu\/isige\/#\/schema\/logo\/image\/\"}}]}<\/script>\n<!-- \/ Yoast SEO plugin. -->","yoast_head_json":{"title":"Les conf\u00e9rences de l'ISIGE - ISIGE Mines Paris - PSL","description":"R\u00e9solument tourn\u00e9 vers le partage de son expertise, l'ISIGE est un laboratoire d'id\u00e9es. Cela se traduit notamment par l'organisation de conf\u00e9rences grand public.","robots":{"index":"index","follow":"follow","max-snippet":"max-snippet:-1","max-image-preview":"max-image-preview:large","max-video-preview":"max-video-preview:-1"},"canonical":"https:\/\/www.minesparis.psl.eu\/isige\/expertise\/cycle-de-conferences\/","og_locale":"fr_FR","og_type":"article","og_title":"Les conf\u00e9rences de l'ISIGE - ISIGE Mines Paris - PSL","og_description":"R\u00e9solument tourn\u00e9 vers le partage de son expertise, l'ISIGE est un laboratoire d'id\u00e9es. Cela se traduit notamment par l'organisation de conf\u00e9rences grand public.","og_url":"https:\/\/www.minesparis.psl.eu\/isige\/expertise\/cycle-de-conferences\/","og_site_name":"ISIGE Mines Paris - PSL","article_modified_time":"2026-01-13T08:07:42+00:00","og_image":[{"width":1200,"height":798,"url":"https:\/\/www.minesparis.psl.eu\/isige\/wp-content\/uploads\/sites\/21\/2025\/03\/IMG_9600.jpg","type":"image\/jpeg"}],"twitter_card":"summary_large_image","twitter_misc":{"Dur\u00e9e de lecture estim\u00e9e":"1 minute"},"schema":{"@context":"https:\/\/schema.org","@graph":[{"@type":"WebPage","@id":"https:\/\/www.minesparis.psl.eu\/isige\/expertise\/cycle-de-conferences\/","url":"https:\/\/www.minesparis.psl.eu\/isige\/expertise\/cycle-de-conferences\/","name":"Les conf\u00e9rences de l'ISIGE - ISIGE Mines Paris - PSL","isPartOf":{"@id":"https:\/\/www.minesparis.psl.eu\/isige\/#website"},"primaryImageOfPage":{"@id":"https:\/\/www.minesparis.psl.eu\/isige\/expertise\/cycle-de-conferences\/#primaryimage"},"image":{"@id":"https:\/\/www.minesparis.psl.eu\/isige\/expertise\/cycle-de-conferences\/#primaryimage"},"thumbnailUrl":"https:\/\/www.minesparis.psl.eu\/isige\/wp-content\/uploads\/sites\/21\/2025\/03\/IMG_9600.jpg","datePublished":"2025-03-07T10:05:16+00:00","dateModified":"2026-01-13T08:07:42+00:00","description":"R\u00e9solument tourn\u00e9 vers le partage de son expertise, l'ISIGE est un laboratoire d'id\u00e9es. Cela se traduit notamment par l'organisation de conf\u00e9rences grand public.","breadcrumb":{"@id":"https:\/\/www.minesparis.psl.eu\/isige\/expertise\/cycle-de-conferences\/#breadcrumb"},"inLanguage":"fr-FR","potentialAction":[{"@type":"ReadAction","target":["https:\/\/www.minesparis.psl.eu\/isige\/expertise\/cycle-de-conferences\/"]}]},{"@type":"ImageObject","inLanguage":"fr-FR","@id":"https:\/\/www.minesparis.psl.eu\/isige\/expertise\/cycle-de-conferences\/#primaryimage","url":"https:\/\/www.minesparis.psl.eu\/isige\/wp-content\/uploads\/sites\/21\/2025\/03\/IMG_9600.jpg","contentUrl":"https:\/\/www.minesparis.psl.eu\/isige\/wp-content\/uploads\/sites\/21\/2025\/03\/IMG_9600.jpg","width":1200,"height":798,"caption":"Les conf\u00e9rences de l'ISIGE"},{"@type":"BreadcrumbList","@id":"https:\/\/www.minesparis.psl.eu\/isige\/expertise\/cycle-de-conferences\/#breadcrumb","itemListElement":[{"@type":"ListItem","position":1,"name":"Accueil","item":"https:\/\/www.minesparis.psl.eu\/isige\/"},{"@type":"ListItem","position":2,"name":"Expertise","item":"https:\/\/www.minesparis.psl.eu\/isige\/expertise\/"},{"@type":"ListItem","position":3,"name":"Les conf\u00e9rences de l\u2019ISIGE"}]},{"@type":"WebSite","@id":"https:\/\/www.minesparis.psl.eu\/isige\/#website","url":"https:\/\/www.minesparis.psl.eu\/isige\/","name":"ISIGE Mines Paris - PSL","description":"","publisher":{"@id":"https:\/\/www.minesparis.psl.eu\/isige\/#organization"},"potentialAction":[{"@type":"SearchAction","target":{"@type":"EntryPoint","urlTemplate":"https:\/\/www.minesparis.psl.eu\/isige\/?s={search_term_string}"},"query-input":{"@type":"PropertyValueSpecification","valueRequired":true,"valueName":"search_term_string"}}],"inLanguage":"fr-FR"},{"@type":"Organization","@id":"https:\/\/www.minesparis.psl.eu\/isige\/#organization","name":"ISIGE Mines Paris - PSL","url":"https:\/\/www.minesparis.psl.eu\/isige\/","logo":{"@type":"ImageObject","inLanguage":"fr-FR","@id":"https:\/\/www.minesparis.psl.eu\/isige\/#\/schema\/logo\/image\/","url":"https:\/\/www.minesparis.psl.eu\/isige\/wp-content\/uploads\/sites\/21\/2025\/02\/cropped-MinesParis-PSL-ISIGEOCoRVB-1.png","contentUrl":"https:\/\/www.minesparis.psl.eu\/isige\/wp-content\/uploads\/sites\/21\/2025\/02\/cropped-MinesParis-PSL-ISIGEOCoRVB-1.png","width":1584,"height":360,"caption":"ISIGE Mines Paris - PSL"},"image":{"@id":"https:\/\/www.minesparis.psl.eu\/isige\/#\/schema\/logo\/image\/"}}]}},"_links":{"self":[{"href":"https:\/\/www.minesparis.psl.eu\/isige\/wp-json\/wp\/v2\/pages\/1104","targetHints":{"allow":["GET"]}}],"collection":[{"href":"https:\/\/www.minesparis.psl.eu\/isige\/wp-json\/wp\/v2\/pages"}],"about":[{"href":"https:\/\/www.minesparis.psl.eu\/isige\/wp-json\/wp\/v2\/types\/page"}],"author":[{"embeddable":true,"href":"https:\/\/www.minesparis.psl.eu\/isige\/wp-json\/wp\/v2\/users\/4"}],"replies":[{"embeddable":true,"href":"https:\/\/www.minesparis.psl.eu\/isige\/wp-json\/wp\/v2\/comments?post=1104"}],"version-history":[{"count":16,"href":"https:\/\/www.minesparis.psl.eu\/isige\/wp-json\/wp\/v2\/pages\/1104\/revisions"}],"predecessor-version":[{"id":3887,"href":"https:\/\/www.minesparis.psl.eu\/isige\/wp-json\/wp\/v2\/pages\/1104\/revisions\/3887"}],"up":[{"embeddable":true,"href":"https:\/\/www.minesparis.psl.eu\/isige\/wp-json\/wp\/v2\/pages\/973"}],"wp:featuredmedia":[{"embeddable":true,"href":"https:\/\/www.minesparis.psl.eu\/isige\/wp-json\/wp\/v2\/media\/1601"}],"wp:attachment":[{"href":"https:\/\/www.minesparis.psl.eu\/isige\/wp-json\/wp\/v2\/media?parent=1104"}],"curies":[{"name":"wp","href":"https:\/\/api.w.org\/{rel}","templated":true}]}}