{"id":170,"date":"2025-02-27T15:45:03","date_gmt":"2025-02-27T14:45:03","guid":{"rendered":"https:\/\/www.minesparis.psl.eu\/cmat\/?page_id=170"},"modified":"2025-04-22T18:47:39","modified_gmt":"2025-04-22T16:47:39","slug":"atelier-mecanique","status":"publish","type":"page","link":"https:\/\/www.minesparis.psl.eu\/cmat\/plateformes-techniques\/atelier-mecanique\/","title":{"rendered":"Atelier m\u00e9canique AT JPE "},"content":{"rendered":"\n<div class=\"container block-full-largeur\">\n\t<div class=\"row mt-4\">\n\t\t<div class=\"col-md-12\">\n\t\t\t<h2>Un espace d\u00e9di\u00e9 \u00e0 la fabrication et \u00e0 l\u2019usinage de composants m\u00e9caniques sp\u00e9cifiques pour les chercheurs et les industriel<\/h2>\n<p>L&rsquo;Atelier m\u00e9canique propose une large gamme de prestations, notamment :<\/p>\n\t\t<\/div>\n\t<\/div>\n<\/div>\n\n\n<div class=\"container bloc-30-30-30\">\n\t<div class=\"row mt-4\">\n\t\t<div class=\"col-md-4\">\n\t\t\t<h3 style=\"text-align: center;\">Usinage de pi\u00e8ces<\/h3>\n<p style=\"text-align: center;\">Cr\u00e9ation d\u2019\u00e9prouvettes et de prototypes selon les exigences des projets.<\/p>\n\t\t<\/div>\n\t\t<div class=\"col-md-4\">\n\t\t\t<h3 style=\"text-align: center;\">Construction de moyens exp\u00e9rimentaux<\/h3>\n<p style=\"text-align: center;\">Conception et fabrication de dispositifs pour des essais m\u00e9caniques, thermiques ou tribologiques.<\/p>\n\t\t<\/div>\n\t\t<div class=\"col-md-4\">\n\t\t\t<h3 style=\"text-align: center;\">Tests et validation<\/h3>\n<p style=\"text-align: center;\">Pr\u00e9paration et fabrication de composants pour tests avant r\u00e9alisation ou mise en production.<\/p>\n\t\t<\/div>\n\t<\/div>\n<\/div>\n\n\n<div class=\"container block-full-largeur\">\n\t<div class=\"row mt-4\">\n\t\t<div class=\"col-md-12\">\n\t\t\t<p style=\"text-align: justify;\">L\u2019atelier est \u00e9quip\u00e9 de machines de haute technologie et d\u2019une \u00e9quipe d\u2019ouvriers qualifi\u00e9s, capables de travailler sur des machines-outils traditionnelles et \u00e0 commande num\u00e9rique. Cette polyvalence permet de r\u00e9pondre \u00e0 un large \u00e9ventail de demandes, en garantissant la qualit\u00e9 et la pr\u00e9cision des r\u00e9sultats.<\/p>\n<h2 style=\"text-align: justify;\">Moyens techniques et \u00e9quipements<\/h2>\n<p style=\"text-align: justify;\">L&rsquo;AT JPE dispose d&rsquo;un parc d&rsquo;\u00e9quipements performant et vari\u00e9, permettant de r\u00e9pondre \u00e0 une grande diversit\u00e9 de besoins en usinage, soudage, formage et d\u00e9coupe :<\/p>\n\t\t<\/div>\n\t<\/div>\n<\/div>\n\n\n<div class=\"container bloc-50-50\">\n\t<div class=\"row mt-4\">\n\t\t<div class=\"col-md-6\">\n\t\t\t<h3>Usinage par enl\u00e8vement de m\u00e9tal<\/h3>\n<ul>\n<li>2 fraiseuses manuelles et 1 fraiseuse \u00e0 commande num\u00e9rique.<\/li>\n<li>1 tour de capacit\u00e9 f 300 mm et lg 500 mm.<\/li>\n<li>1 tour de capacit\u00e9 f 200 mm et lg 360 mm.<\/li>\n<li>2 tours de capacit\u00e9 f 150 mm et lg 250 mm.<\/li>\n<li>1 tour \u00e0 commande num\u00e9rique de capacit\u00e9 f 300 mm et lg 500 mm.<\/li>\n<li>1 rectifieuse plane avec diaform.<\/li>\n<li>1 rectifieuse cylindrique avec diaform.<\/li>\n<\/ul>\n\t\t<\/div>\n\t\t<div class=\"col-md-6\">\n\t\t\t<h3>Usinage par \u00e9lectro\u00e9rosion<\/h3>\n<ul>\n<li>2 machines d\u2019\u00e9lectro\u00e9rosion par enfon\u00e7age.<\/li>\n<li>3 machines d\u2019\u00e9lectro\u00e9rosion fil.<\/li>\n<\/ul>\n<h3>Soudage, Formage et D\u00e9coupe<\/h3>\n<ul>\n<li>Poste de soudure arc et argon.<\/li>\n<li>Rouleuse et plieuse \u00e0 t\u00f4le.<\/li>\n<li>Cisaille, tron\u00e7onneuses, scies.<\/li>\n<\/ul>\n\t\t<\/div>\n\t<\/div>\n<\/div>\n\n\n<div class=\"container bloc-70-30\">\n\t<div class=\"row mt-4\">\n\t\t<div class=\"col-md-8\">\n\t\t\t\t\t<\/div>\n\t\t<div class=\"col-md-4\">\n\t\t\t\t\t<\/div>\n\t<\/div>\n<\/div>\n\n\n<div class=\"container bloc-70-30\">\n\t<div class=\"row mt-4\">\n\t\t<div class=\"col-md-8\">\n\t\t\t<h3 style=\"text-align: justify;\">Autres r\u00e9alisations<\/h3>\n<p style=\"text-align: justify;\">L\u2019AT JPE s\u2019illustre \u00e9galement par sa capacit\u00e9 \u00e0 concevoir et fabriquer des \u00e9quipements sur mesure pour des applications de recherche avanc\u00e9e. Parmi ses r\u00e9alisations notables :<\/p>\n<ul>\n<li style=\"text-align: justify;\">Conception et r\u00e9alisation d\u2019<strong>extensom\u00e8tres<\/strong> permettant les mesures simultan\u00e9es des d\u00e9formations axiales et radiales d\u2019\u00e9prouvettes.<\/li>\n<li style=\"text-align: justify;\">Conception de <strong>platines de traction pour MEB<\/strong> (Microscope \u00c9lectronique \u00e0 Balayage).<\/li>\n<li style=\"text-align: justify;\">Fabrication de <strong>fours \u00e0 haute temp\u00e9rature et sous vide<\/strong>, adapt\u00e9s aux essais thermiques et \u00e0 l\u2019\u00e9laboration de mat\u00e9riaux.<\/li>\n<li style=\"text-align: justify;\">D\u00e9veloppement de <strong>fours multizones \u00e0 pilotage ind\u00e9pendant<\/strong> pour des exp\u00e9riences de cuisson complexes.<\/li>\n<li style=\"text-align: justify;\">Conception de <strong>b\u00e2tis et transmissions pour machines m\u00e9caniques de fatigue de 10 tonnes<\/strong>.<\/li>\n<li style=\"text-align: justify;\">Fabrication de <strong>machines de torsion pour polym\u00e8res<\/strong> et <strong>machines de traction-compression-torsion<\/strong> en phase et hors phase pour tester les mat\u00e9riaux polym\u00e8res.<\/li>\n<li style=\"text-align: justify;\">D\u00e9veloppement de <strong>d\u00e9tecteurs de rupture \u00e0 ultrasons<\/strong> et <strong>amplificateurs pi\u00e9zo\u00e9lectriques<\/strong> pour les mesures de d\u00e9formation et la d\u00e9tection de d\u00e9fauts dans les mat\u00e9riaux.<\/li>\n<\/ul>\n\t\t<\/div>\n\t\t<div class=\"col-md-4\">\n\t\t\t<p>&nbsp;<\/p>\n<p><img loading=\"lazy\" decoding=\"async\" class=\" wp-image-735 aligncenter\" src=\"https:\/\/www.minesparis.psl.eu\/cmat\/wp-content\/uploads\/sites\/8\/2025\/04\/DSC_6924-scaled-1-199x300.jpg\" alt=\"\" width=\"257\" height=\"387\" srcset=\"https:\/\/www.minesparis.psl.eu\/cmat\/wp-content\/uploads\/sites\/25\/2025\/04\/DSC_6924-scaled-1-199x300.jpg 199w, https:\/\/www.minesparis.psl.eu\/cmat\/wp-content\/uploads\/sites\/25\/2025\/04\/DSC_6924-scaled-1-681x1024.jpg 681w, https:\/\/www.minesparis.psl.eu\/cmat\/wp-content\/uploads\/sites\/25\/2025\/04\/DSC_6924-scaled-1-768x1155.jpg 768w, https:\/\/www.minesparis.psl.eu\/cmat\/wp-content\/uploads\/sites\/25\/2025\/04\/DSC_6924-scaled-1-1021x1536.jpg 1021w, https:\/\/www.minesparis.psl.eu\/cmat\/wp-content\/uploads\/sites\/25\/2025\/04\/DSC_6924-scaled-1-1362x2048.jpg 1362w, https:\/\/www.minesparis.psl.eu\/cmat\/wp-content\/uploads\/sites\/25\/2025\/04\/DSC_6924-scaled-1-1300x1955.jpg 1300w, https:\/\/www.minesparis.psl.eu\/cmat\/wp-content\/uploads\/sites\/25\/2025\/04\/DSC_6924-scaled-1.jpg 1702w\" sizes=\"auto, (max-width: 257px) 100vw, 257px\" \/><\/p>\n\t\t<\/div>\n\t<\/div>\n<\/div>\n\n\n<div class=\"container block-full-largeur\">\n\t<div class=\"row mt-4\">\n\t\t<div class=\"col-md-12\">\n\t\t\t<hr \/>\n<h2 style=\"text-align: justify;\">Accompagnement et services<\/h2>\n\t\t<\/div>\n\t<\/div>\n<\/div>\n\n\n<div class=\"container bloc-70-30\">\n\t<div class=\"row mt-4\">\n\t\t<div class=\"col-md-8\">\n\t\t\t<p style=\"text-align: justify;\">L\u2019atelier Jean-Pierre Etourneau propose des prestations adapt\u00e9es aux besoins sp\u00e9cifiques des chercheurs et des partenaires industriels. Cela inclut la r\u00e9alisation de prototypes, des tests de validation, ainsi que des d\u00e9veloppements de nouveaux \u00e9quipements exp\u00e9rimentaux. L\u2019\u00e9quipe de l\u2019atelier accompagne les utilisateurs dans la conception et l\u2019optimisation de leurs dispositifs.<\/p>\n<p style=\"text-align: justify;\"><strong>Pour toute demande sp\u00e9cifique ou projet, contactez l\u2019Atelier Jean-Pierre Etourneau :<\/strong><\/p>\n<p style=\"text-align: center;\"><a class=\"button-mines btn-noir flech lf-blanc\" href=\"https:\/\/www.minesparis.psl.eu\/cmat\/contact\/\" target=\"_blank\" rel=\"noopener\">Contact<\/a><\/p>\n\t\t<\/div>\n\t\t<div class=\"col-md-4\">\n\t\t\t<p><img loading=\"lazy\" decoding=\"async\" class=\"wp-image-702 aligncenter\" src=\"https:\/\/www.minesparis.psl.eu\/cmat\/wp-content\/uploads\/sites\/8\/2025\/04\/AT-JPE-300x300.jpg\" alt=\"\" width=\"250\" height=\"250\" srcset=\"https:\/\/www.minesparis.psl.eu\/cmat\/wp-content\/uploads\/sites\/25\/2025\/04\/AT-JPE-300x300.jpg 300w, https:\/\/www.minesparis.psl.eu\/cmat\/wp-content\/uploads\/sites\/25\/2025\/04\/AT-JPE-150x150.jpg 150w, https:\/\/www.minesparis.psl.eu\/cmat\/wp-content\/uploads\/sites\/25\/2025\/04\/AT-JPE.jpg 500w\" sizes=\"auto, (max-width: 250px) 100vw, 250px\" \/><\/p>\n\t\t<\/div>\n\t<\/div>\n<\/div>","protected":false},"excerpt":{"rendered":"","protected":false},"author":4,"featured_media":579,"parent":168,"menu_order":0,"comment_status":"closed","ping_status":"closed","template":"","meta":{"footnotes":""},"class_list":["post-170","page","type-page","status-publish","has-post-thumbnail","hentry"],"acf":[],"yoast_head":"<!-- This site is optimized with the Yoast SEO plugin v27.2 - https:\/\/yoast.com\/product\/yoast-seo-wordpress\/ -->\n<title>Atelier m\u00e9canique AT JPE\u00a0 - Centre des Mat\u00e9riaux Mines Paris - PSL<\/title>\n<meta name=\"robots\" content=\"index, follow, max-snippet:-1, max-image-preview:large, max-video-preview:-1\" \/>\n<link rel=\"canonical\" href=\"https:\/\/www.minesparis.psl.eu\/cmat\/plateformes-techniques\/atelier-mecanique\/\" \/>\n<meta property=\"og:locale\" content=\"fr_FR\" \/>\n<meta property=\"og:type\" content=\"article\" \/>\n<meta property=\"og:title\" content=\"Atelier m\u00e9canique AT JPE\u00a0 - Centre des Mat\u00e9riaux Mines Paris - PSL\" \/>\n<meta property=\"og:url\" content=\"https:\/\/www.minesparis.psl.eu\/cmat\/plateformes-techniques\/atelier-mecanique\/\" \/>\n<meta property=\"og:site_name\" content=\"Centre des Mat\u00e9riaux Mines Paris - PSL\" \/>\n<meta property=\"article:modified_time\" content=\"2025-04-22T16:47:39+00:00\" \/>\n<meta property=\"og:image\" content=\"https:\/\/www.minesparis.psl.eu\/cmat\/wp-content\/uploads\/sites\/25\/2025\/04\/Capture-decran-2025-04-17-100423.png\" \/>\n\t<meta property=\"og:image:width\" content=\"1736\" \/>\n\t<meta property=\"og:image:height\" content=\"990\" \/>\n\t<meta property=\"og:image:type\" content=\"image\/png\" \/>\n<meta name=\"twitter:card\" content=\"summary_large_image\" \/>\n<script type=\"application\/ld+json\" class=\"yoast-schema-graph\">{\"@context\":\"https:\/\/schema.org\",\"@graph\":[{\"@type\":\"WebPage\",\"@id\":\"https:\/\/www.minesparis.psl.eu\/cmat\/plateformes-techniques\/atelier-mecanique\/\",\"url\":\"https:\/\/www.minesparis.psl.eu\/cmat\/plateformes-techniques\/atelier-mecanique\/\",\"name\":\"Atelier m\u00e9canique AT JPE\u00a0 - Centre des Mat\u00e9riaux Mines Paris - PSL\",\"isPartOf\":{\"@id\":\"https:\/\/www.minesparis.psl.eu\/cmat\/#website\"},\"primaryImageOfPage\":{\"@id\":\"https:\/\/www.minesparis.psl.eu\/cmat\/plateformes-techniques\/atelier-mecanique\/#primaryimage\"},\"image\":{\"@id\":\"https:\/\/www.minesparis.psl.eu\/cmat\/plateformes-techniques\/atelier-mecanique\/#primaryimage\"},\"thumbnailUrl\":\"https:\/\/www.minesparis.psl.eu\/cmat\/wp-content\/uploads\/sites\/25\/2025\/04\/Capture-decran-2025-04-17-100423.png\",\"datePublished\":\"2025-02-27T14:45:03+00:00\",\"dateModified\":\"2025-04-22T16:47:39+00:00\",\"breadcrumb\":{\"@id\":\"https:\/\/www.minesparis.psl.eu\/cmat\/plateformes-techniques\/atelier-mecanique\/#breadcrumb\"},\"inLanguage\":\"fr-FR\",\"potentialAction\":[{\"@type\":\"ReadAction\",\"target\":[\"https:\/\/www.minesparis.psl.eu\/cmat\/plateformes-techniques\/atelier-mecanique\/\"]}]},{\"@type\":\"ImageObject\",\"inLanguage\":\"fr-FR\",\"@id\":\"https:\/\/www.minesparis.psl.eu\/cmat\/plateformes-techniques\/atelier-mecanique\/#primaryimage\",\"url\":\"https:\/\/www.minesparis.psl.eu\/cmat\/wp-content\/uploads\/sites\/25\/2025\/04\/Capture-decran-2025-04-17-100423.png\",\"contentUrl\":\"https:\/\/www.minesparis.psl.eu\/cmat\/wp-content\/uploads\/sites\/25\/2025\/04\/Capture-decran-2025-04-17-100423.png\",\"width\":1736,\"height\":990},{\"@type\":\"BreadcrumbList\",\"@id\":\"https:\/\/www.minesparis.psl.eu\/cmat\/plateformes-techniques\/atelier-mecanique\/#breadcrumb\",\"itemListElement\":[{\"@type\":\"ListItem\",\"position\":1,\"name\":\"Accueil\",\"item\":\"https:\/\/www.minesparis.psl.eu\/cmat\/\"},{\"@type\":\"ListItem\",\"position\":2,\"name\":\"Plateformes techniques\",\"item\":\"https:\/\/www.minesparis.psl.eu\/cmat\/plateformes-techniques\/\"},{\"@type\":\"ListItem\",\"position\":3,\"name\":\"Atelier m\u00e9canique AT JPE\"}]},{\"@type\":\"WebSite\",\"@id\":\"https:\/\/www.minesparis.psl.eu\/cmat\/#website\",\"url\":\"https:\/\/www.minesparis.psl.eu\/cmat\/\",\"name\":\"Centre des Mat\u00e9riaux Mines Paris - PSL\",\"description\":\"\",\"publisher\":{\"@id\":\"https:\/\/www.minesparis.psl.eu\/cmat\/#organization\"},\"potentialAction\":[{\"@type\":\"SearchAction\",\"target\":{\"@type\":\"EntryPoint\",\"urlTemplate\":\"https:\/\/www.minesparis.psl.eu\/cmat\/?s={search_term_string}\"},\"query-input\":{\"@type\":\"PropertyValueSpecification\",\"valueRequired\":true,\"valueName\":\"search_term_string\"}}],\"inLanguage\":\"fr-FR\"},{\"@type\":\"Organization\",\"@id\":\"https:\/\/www.minesparis.psl.eu\/cmat\/#organization\",\"name\":\"Centre des Mat\u00e9riaux Mines Paris - PSL\",\"url\":\"https:\/\/www.minesparis.psl.eu\/cmat\/\",\"logo\":{\"@type\":\"ImageObject\",\"inLanguage\":\"fr-FR\",\"@id\":\"https:\/\/www.minesparis.psl.eu\/cmat\/#\/schema\/logo\/image\/\",\"url\":\"https:\/\/www.minesparis.psl.eu\/cmat\/wp-content\/uploads\/sites\/25\/2025\/06\/cropped-Logo-Mines-CNRS-scaled-1.png\",\"contentUrl\":\"https:\/\/www.minesparis.psl.eu\/cmat\/wp-content\/uploads\/sites\/25\/2025\/06\/cropped-Logo-Mines-CNRS-scaled-1.png\",\"width\":2479,\"height\":377,\"caption\":\"Centre des Mat\u00e9riaux Mines Paris - PSL\"},\"image\":{\"@id\":\"https:\/\/www.minesparis.psl.eu\/cmat\/#\/schema\/logo\/image\/\"}}]}<\/script>\n<!-- \/ Yoast SEO plugin. -->","yoast_head_json":{"title":"Atelier m\u00e9canique AT JPE\u00a0 - Centre des Mat\u00e9riaux Mines Paris - PSL","robots":{"index":"index","follow":"follow","max-snippet":"max-snippet:-1","max-image-preview":"max-image-preview:large","max-video-preview":"max-video-preview:-1"},"canonical":"https:\/\/www.minesparis.psl.eu\/cmat\/plateformes-techniques\/atelier-mecanique\/","og_locale":"fr_FR","og_type":"article","og_title":"Atelier m\u00e9canique AT JPE\u00a0 - Centre des Mat\u00e9riaux Mines Paris - PSL","og_url":"https:\/\/www.minesparis.psl.eu\/cmat\/plateformes-techniques\/atelier-mecanique\/","og_site_name":"Centre des Mat\u00e9riaux Mines Paris - PSL","article_modified_time":"2025-04-22T16:47:39+00:00","og_image":[{"width":1736,"height":990,"url":"https:\/\/www.minesparis.psl.eu\/cmat\/wp-content\/uploads\/sites\/25\/2025\/04\/Capture-decran-2025-04-17-100423.png","type":"image\/png"}],"twitter_card":"summary_large_image","schema":{"@context":"https:\/\/schema.org","@graph":[{"@type":"WebPage","@id":"https:\/\/www.minesparis.psl.eu\/cmat\/plateformes-techniques\/atelier-mecanique\/","url":"https:\/\/www.minesparis.psl.eu\/cmat\/plateformes-techniques\/atelier-mecanique\/","name":"Atelier m\u00e9canique AT JPE\u00a0 - Centre des Mat\u00e9riaux Mines Paris - PSL","isPartOf":{"@id":"https:\/\/www.minesparis.psl.eu\/cmat\/#website"},"primaryImageOfPage":{"@id":"https:\/\/www.minesparis.psl.eu\/cmat\/plateformes-techniques\/atelier-mecanique\/#primaryimage"},"image":{"@id":"https:\/\/www.minesparis.psl.eu\/cmat\/plateformes-techniques\/atelier-mecanique\/#primaryimage"},"thumbnailUrl":"https:\/\/www.minesparis.psl.eu\/cmat\/wp-content\/uploads\/sites\/25\/2025\/04\/Capture-decran-2025-04-17-100423.png","datePublished":"2025-02-27T14:45:03+00:00","dateModified":"2025-04-22T16:47:39+00:00","breadcrumb":{"@id":"https:\/\/www.minesparis.psl.eu\/cmat\/plateformes-techniques\/atelier-mecanique\/#breadcrumb"},"inLanguage":"fr-FR","potentialAction":[{"@type":"ReadAction","target":["https:\/\/www.minesparis.psl.eu\/cmat\/plateformes-techniques\/atelier-mecanique\/"]}]},{"@type":"ImageObject","inLanguage":"fr-FR","@id":"https:\/\/www.minesparis.psl.eu\/cmat\/plateformes-techniques\/atelier-mecanique\/#primaryimage","url":"https:\/\/www.minesparis.psl.eu\/cmat\/wp-content\/uploads\/sites\/25\/2025\/04\/Capture-decran-2025-04-17-100423.png","contentUrl":"https:\/\/www.minesparis.psl.eu\/cmat\/wp-content\/uploads\/sites\/25\/2025\/04\/Capture-decran-2025-04-17-100423.png","width":1736,"height":990},{"@type":"BreadcrumbList","@id":"https:\/\/www.minesparis.psl.eu\/cmat\/plateformes-techniques\/atelier-mecanique\/#breadcrumb","itemListElement":[{"@type":"ListItem","position":1,"name":"Accueil","item":"https:\/\/www.minesparis.psl.eu\/cmat\/"},{"@type":"ListItem","position":2,"name":"Plateformes techniques","item":"https:\/\/www.minesparis.psl.eu\/cmat\/plateformes-techniques\/"},{"@type":"ListItem","position":3,"name":"Atelier m\u00e9canique AT JPE"}]},{"@type":"WebSite","@id":"https:\/\/www.minesparis.psl.eu\/cmat\/#website","url":"https:\/\/www.minesparis.psl.eu\/cmat\/","name":"Centre des Mat\u00e9riaux Mines Paris - PSL","description":"","publisher":{"@id":"https:\/\/www.minesparis.psl.eu\/cmat\/#organization"},"potentialAction":[{"@type":"SearchAction","target":{"@type":"EntryPoint","urlTemplate":"https:\/\/www.minesparis.psl.eu\/cmat\/?s={search_term_string}"},"query-input":{"@type":"PropertyValueSpecification","valueRequired":true,"valueName":"search_term_string"}}],"inLanguage":"fr-FR"},{"@type":"Organization","@id":"https:\/\/www.minesparis.psl.eu\/cmat\/#organization","name":"Centre des Mat\u00e9riaux Mines Paris - PSL","url":"https:\/\/www.minesparis.psl.eu\/cmat\/","logo":{"@type":"ImageObject","inLanguage":"fr-FR","@id":"https:\/\/www.minesparis.psl.eu\/cmat\/#\/schema\/logo\/image\/","url":"https:\/\/www.minesparis.psl.eu\/cmat\/wp-content\/uploads\/sites\/25\/2025\/06\/cropped-Logo-Mines-CNRS-scaled-1.png","contentUrl":"https:\/\/www.minesparis.psl.eu\/cmat\/wp-content\/uploads\/sites\/25\/2025\/06\/cropped-Logo-Mines-CNRS-scaled-1.png","width":2479,"height":377,"caption":"Centre des Mat\u00e9riaux Mines Paris - PSL"},"image":{"@id":"https:\/\/www.minesparis.psl.eu\/cmat\/#\/schema\/logo\/image\/"}}]}},"_links":{"self":[{"href":"https:\/\/www.minesparis.psl.eu\/cmat\/wp-json\/wp\/v2\/pages\/170","targetHints":{"allow":["GET"]}}],"collection":[{"href":"https:\/\/www.minesparis.psl.eu\/cmat\/wp-json\/wp\/v2\/pages"}],"about":[{"href":"https:\/\/www.minesparis.psl.eu\/cmat\/wp-json\/wp\/v2\/types\/page"}],"author":[{"embeddable":true,"href":"https:\/\/www.minesparis.psl.eu\/cmat\/wp-json\/wp\/v2\/users\/4"}],"replies":[{"embeddable":true,"href":"https:\/\/www.minesparis.psl.eu\/cmat\/wp-json\/wp\/v2\/comments?post=170"}],"version-history":[{"count":25,"href":"https:\/\/www.minesparis.psl.eu\/cmat\/wp-json\/wp\/v2\/pages\/170\/revisions"}],"predecessor-version":[{"id":844,"href":"https:\/\/www.minesparis.psl.eu\/cmat\/wp-json\/wp\/v2\/pages\/170\/revisions\/844"}],"up":[{"embeddable":true,"href":"https:\/\/www.minesparis.psl.eu\/cmat\/wp-json\/wp\/v2\/pages\/168"}],"wp:featuredmedia":[{"embeddable":true,"href":"https:\/\/www.minesparis.psl.eu\/cmat\/wp-json\/wp\/v2\/media\/579"}],"wp:attachment":[{"href":"https:\/\/www.minesparis.psl.eu\/cmat\/wp-json\/wp\/v2\/media?parent=170"}],"curies":[{"name":"wp","href":"https:\/\/api.w.org\/{rel}","templated":true}]}}