{"id":307,"date":"2025-05-22T16:34:46","date_gmt":"2025-05-22T14:34:46","guid":{"rendered":"https:\/\/www.minesparis.psl.eu\/cbio\/?page_id=307"},"modified":"2025-07-30T09:30:32","modified_gmt":"2025-07-30T07:30:32","slug":"partenariat","status":"publish","type":"page","link":"https:\/\/www.minesparis.psl.eu\/cbio\/partenariat\/","title":{"rendered":"Partenariat"},"content":{"rendered":"\n<div class=\"container block-full-largeur\">\n\t<div class=\"row mt-4\">\n\t\t<div class=\"col-md-12\">\n\t\t\t<h2>Une recherche pour une sant\u00e9 innovante<\/h2>\n<p style=\"text-align: justify\">Le CBIO con\u00e7oit des m\u00e9thodes d\u2019apprentissage automatique adapt\u00e9es \u00e0 l\u2019analyse des donn\u00e9es biologiques complexes, issues du s\u00e9quen\u00e7age, de l\u2019imagerie ou des essais cliniques. Ces travaux nourrissent \u00e0 la fois la compr\u00e9hension des m\u00e9canismes fondamentaux du vivant et le d\u00e9veloppement de solutions concr\u00e8tes en m\u00e9decine de pr\u00e9cision.<\/p>\n<h3>Le CBIO en chiffres<\/h3>\n\t\t<\/div>\n\t<\/div>\n<\/div>\n\n\n<div class=\"container bloc-30-30-30\">\n\t<div class=\"row mt-4\">\n\t\t<div class=\"col-md-4\">\n\t\t\t<h3 style=\"text-align: center\"><span style=\"color: #015d9e\">+20<\/span><\/h3>\n<p style=\"text-align: center\"><em>publications scientifiques par an<\/em><\/p>\n\t\t<\/div>\n\t\t<div class=\"col-md-4\">\n\t\t\t<h3 style=\"text-align: center\"><span style=\"color: #015d9e\">10<\/span><\/h3>\n<p style=\"text-align: center\"><em>th\u00e8ses en cours, dont 2 en partenariat<\/em><\/p>\n\t\t<\/div>\n\t\t<div class=\"col-md-4\">\n\t\t\t<h3 style=\"text-align: center\"><span style=\"color: #015d9e\">+50<\/span><\/h3>\n<p style=\"text-align: center\"><em>alumni form\u00e9s au CBIO<\/em><\/p>\n\t\t<\/div>\n\t<\/div>\n<\/div>\n\n\n<div class=\"container bloc-30-30-30\">\n\t<div class=\"row mt-4\">\n\t\t<div class=\"col-md-4\">\n\t\t\t<h3 style=\"text-align: center\"><span style=\"color: #015d9e\">+15 <\/span><\/h3>\n<p style=\"text-align: center\"><em>partenariats industriels<\/em><\/p>\n\t\t<\/div>\n\t\t<div class=\"col-md-4\">\n\t\t\t<h3 style=\"text-align: center\"><span style=\"color: #015d9e\">+10<\/span><\/h3>\n<p style=\"text-align: center\"><em>projets de recherche financ\u00e9s<\/em><\/p>\n\t\t<\/div>\n\t\t<div class=\"col-md-4\">\n\t\t\t<h3 style=\"text-align: center\"><span style=\"color: #015d9e\">+50<\/span><\/h3>\n<p style=\"text-align: center\"><em>collaborations acad\u00e9miques et industrielles<\/em><\/p>\n\t\t<\/div>\n\t<\/div>\n<\/div>\n\n\n<div class=\"container block-full-largeur\">\n\t<div class=\"row mt-4\">\n\t\t<div class=\"col-md-12\">\n\t\t\t<h2>Un r\u00e9seau de collaborations au service de l&rsquo;innovation<\/h2>\n<p data-start=\"315\" data-end=\"667\" style=\"text-align: justify\">Le CBIO s\u2019appuie sur un r\u00e9seau de collaborations structur\u00e9 avec des partenaires acad\u00e9miques, industriels et institutionnels, en France et \u00e0 l\u2019international. Ces synergies permettent de conjuguer recherche fondamentale et transfert technologique, avec pour objectif de faire \u00e9merger des solutions innovantes en bio-informatique et m\u00e9decine de pr\u00e9cision.<\/p>\n<p><img loading=\"lazy\" decoding=\"async\" src=\"https:\/\/www.minesparis.psl.eu\/cbio\/wp-content\/uploads\/sites\/24\/2025\/05\/CBIO-MINES-PARIS-PSL-300x88.png\" alt=\"\" width=\"627\" height=\"184\" class=\"wp-image-337 aligncenter\" srcset=\"https:\/\/www.minesparis.psl.eu\/cbio\/wp-content\/uploads\/sites\/24\/2025\/05\/CBIO-MINES-PARIS-PSL-300x88.png 300w, https:\/\/www.minesparis.psl.eu\/cbio\/wp-content\/uploads\/sites\/24\/2025\/05\/CBIO-MINES-PARIS-PSL-768x224.png 768w, https:\/\/www.minesparis.psl.eu\/cbio\/wp-content\/uploads\/sites\/24\/2025\/05\/CBIO-MINES-PARIS-PSL.png 955w\" sizes=\"auto, (max-width: 627px) 100vw, 627px\" \/><\/p>\n<p>&nbsp;<\/p>\n<h3>Les modalit\u00e9s de collaboration sont adapt\u00e9es \u00e0 chaque projet, et couvrent un large \u00e9ventail d\u2019interactions :<\/h3>\n\t\t<\/div>\n\t<\/div>\n<\/div>\n\n\n<div class=\"container bloc-30-30-30\">\n\t<div class=\"row mt-4\">\n\t\t<div class=\"col-md-4\">\n\t\t\t<p style=\"text-align: center\"><span style=\"color: #015d9e\"><strong>Collaborations industrielles<\/strong><\/span><\/p>\n<p style=\"text-align: center\">D\u00e9veloppement de projets conjoints avec des entreprises, autour de probl\u00e9matiques concr\u00e8tes en sant\u00e9, IA et traitement des donn\u00e9es biologiques.<\/p>\n\t\t<\/div>\n\t\t<div class=\"col-md-4\">\n\t\t\t<p style=\"text-align: center\"><strong data-start=\"994\" data-end=\"1018\"><span style=\"color: #015d9e\">Partenariats directs<\/span><\/strong><\/p>\n<p style=\"text-align: center\">Coop\u00e9rations bilat\u00e9rales \u00e9tablies pour r\u00e9pondre \u00e0 des besoins sp\u00e9cifiques en recherche, d\u00e9veloppement ou innovation.<\/p>\n\t\t<\/div>\n\t\t<div class=\"col-md-4\">\n\t\t\t<p style=\"text-align: center\"><span style=\"color: #015d9e\"><strong data-start=\"1143\" data-end=\"1181\">Projets de recherche subventionn\u00e9s<\/strong><\/span><\/p>\n<p style=\"text-align: center\">Participation \u00e0 des appels \u00e0 projets nationaux ou europ\u00e9ens (ANR, Horizon Europe, etc.), en consortium ou coordination.<\/p>\n\t\t<\/div>\n\t<\/div>\n<\/div>\n\n\n<div class=\"container bloc-30-30-30\">\n\t<div class=\"row mt-4\">\n\t\t<div class=\"col-md-4\">\n\t\t\t<p style=\"text-align: center\"><span style=\"color: #015d9e\"><strong data-start=\"1309\" data-end=\"1331\">Chaires de m\u00e9c\u00e9nat<\/strong><\/span><\/p>\n<p style=\"text-align: center\">Soutien d\u2019un partenaire industriel \u00e0 une th\u00e9matique scientifique structurante, avec engagement dans la dur\u00e9e.<\/p>\n\t\t<\/div>\n\t\t<div class=\"col-md-4\">\n\t\t\t<p style=\"text-align: center\"><span style=\"color: #015d9e\"><strong data-start=\"1449\" data-end=\"1464\">Consortiums<\/strong><\/span><\/p>\n<p style=\"text-align: center\">Implication dans des r\u00e9seaux collaboratifs multi-acteurs, permettant le partage de ressources, donn\u00e9es et expertises \u00e0 grande \u00e9chelle.<\/p>\n\t\t<\/div>\n\t\t<div class=\"col-md-4\">\n\t\t\t<p style=\"text-align: center\"><span style=\"color: #015d9e\"><strong data-start=\"1607\" data-end=\"1633\">Prestations de service<\/strong><\/span><\/p>\n<p style=\"text-align: center\">R\u00e9alisation de travaux de recherche, d\u2019analyse ou de mod\u00e9lisation algorithmique r\u00e9pondant \u00e0 une commande pr\u00e9cise.<\/p>\n\t\t<\/div>\n\t<\/div>\n<\/div>\n\n\n<div class=\"container bloc-30-30-30\">\n\t<div class=\"row mt-4\">\n\t\t<div class=\"col-md-4\">\n\t\t\t<p style=\"text-align: center\"><span style=\"color: #015d9e\"><strong data-start=\"1755\" data-end=\"1779\">Laboratoires communs<\/strong><\/span><\/p>\n<p style=\"text-align: center\">Mise en place de structures mixtes pour un partenariat approfondi, avec \u00e9quipes int\u00e9gr\u00e9es et projets co-construits.<\/p>\n\t\t<\/div>\n\t\t<div class=\"col-md-4\">\n\t\t\t<p style=\"text-align: center\"><span style=\"color: #015d9e\"><strong data-start=\"1903\" data-end=\"1919\">Th\u00e8ses CIFRE<\/strong><\/span><\/p>\n<p style=\"text-align: center\">Accueil de doctorants financ\u00e9s par des entreprises, pour mener des travaux \u00e0 l\u2019interface recherche acad\u00e9mique \/ industrielle.<\/p>\n\t\t<\/div>\n\t\t<div class=\"col-md-4\">\n\t\t\t\t\t<\/div>\n\t<\/div>\n<\/div>\n\n\n<div class=\"container bloc-70-30\">\n\t<div class=\"row mt-4\">\n\t\t<div class=\"col-md-8\">\n\t\t\t<p data-start=\"2105\" data-end=\"2326\" style=\"text-align: justify\"><strong>Mines Paris &#8211; PSL et le CBIO mobilisent leur expertise scientifique et leur connaissance des \u00e9cosyst\u00e8mes pour structurer des projets \u00e0 fort impact, adapt\u00e9s aux besoins des entreprises, start-ups ou institutions publiques.<\/strong><\/p>\n<p data-start=\"2328\" data-end=\"2382\"><span style=\"color: #015d9e\"><strong>Les partenaires b\u00e9n\u00e9ficient de leviers concrets pour :<\/strong><\/span><\/p>\n<ul>\n<li data-start=\"2385\" data-end=\"2437\">Acc\u00e9l\u00e9rer le d\u00e9veloppement de produits ou services<\/li>\n<li data-start=\"2440\" data-end=\"2544\">Renforcer leurs \u00e9quipes par l\u2019int\u00e9gration de profils sp\u00e9cialis\u00e9s (th\u00e8ses CIFRE, post-docs, ing\u00e9nieurs)<\/li>\n<li data-start=\"2547\" data-end=\"2611\">Explorer de nouveaux march\u00e9s gr\u00e2ce \u00e0 l\u2019innovation scientifique<\/li>\n<li data-start=\"2614\" data-end=\"2675\">Accro\u00eetre leur visibilit\u00e9 et leurs r\u00e9seaux de collaboration<\/li>\n<li data-start=\"2678\" data-end=\"2749\">Acc\u00e9der \u00e0 des dispositifs de financement et de soutien \u00e0 la recherche ;<\/li>\n<li data-start=\"2752\" data-end=\"2814\">Initier des d\u00e9marches \u00e0 fort impact soci\u00e9tal et technologique<\/li>\n<\/ul>\n<p style=\"text-align: center\"><a href=\"mailto:perm_cbio@minesparis.psl.eu\" class=\"button-mines btn-noir flech lf-blanc\">Contact<\/a><\/p>\n\t\t<\/div>\n\t\t<div class=\"col-md-4\">\n\t\t\t<p><img loading=\"lazy\" decoding=\"async\" src=\"https:\/\/www.minesparis.psl.eu\/cbio\/wp-content\/uploads\/sites\/24\/2025\/05\/cbio_mines_paris_psl_81-200x300.jpg\" alt=\"\" width=\"270\" height=\"405\" class=\"wp-image-391 alignleft\" srcset=\"https:\/\/www.minesparis.psl.eu\/cbio\/wp-content\/uploads\/sites\/24\/2025\/05\/cbio_mines_paris_psl_81-200x300.jpg 200w, https:\/\/www.minesparis.psl.eu\/cbio\/wp-content\/uploads\/sites\/24\/2025\/05\/cbio_mines_paris_psl_81-683x1024.jpg 683w, https:\/\/www.minesparis.psl.eu\/cbio\/wp-content\/uploads\/sites\/24\/2025\/05\/cbio_mines_paris_psl_81-768x1152.jpg 768w, https:\/\/www.minesparis.psl.eu\/cbio\/wp-content\/uploads\/sites\/24\/2025\/05\/cbio_mines_paris_psl_81-1024x1536.jpg 1024w, https:\/\/www.minesparis.psl.eu\/cbio\/wp-content\/uploads\/sites\/24\/2025\/05\/cbio_mines_paris_psl_81-1365x2048.jpg 1365w, https:\/\/www.minesparis.psl.eu\/cbio\/wp-content\/uploads\/sites\/24\/2025\/05\/cbio_mines_paris_psl_81-1300x1950.jpg 1300w, https:\/\/www.minesparis.psl.eu\/cbio\/wp-content\/uploads\/sites\/24\/2025\/05\/cbio_mines_paris_psl_81-scaled.jpg 1707w\" sizes=\"auto, (max-width: 270px) 100vw, 270px\" \/><\/p>\n<p>&nbsp;<\/p>\n<p>&nbsp;<\/p>\n\t\t<\/div>\n\t<\/div>\n<\/div>","protected":false},"excerpt":{"rendered":"","protected":false},"author":4,"featured_media":508,"parent":0,"menu_order":0,"comment_status":"closed","ping_status":"closed","template":"","meta":{"footnotes":""},"class_list":["post-307","page","type-page","status-publish","has-post-thumbnail","hentry"],"acf":[],"yoast_head":"<!-- This site is optimized with the Yoast SEO plugin v27.2 - https:\/\/yoast.com\/product\/yoast-seo-wordpress\/ -->\n<title>Partenariat - CBIO Mines Paris - PSL<\/title>\n<meta name=\"robots\" content=\"index, follow, max-snippet:-1, max-image-preview:large, max-video-preview:-1\" \/>\n<link rel=\"canonical\" href=\"https:\/\/www.minesparis.psl.eu\/cbio\/partenariat\/\" \/>\n<meta property=\"og:locale\" content=\"fr_FR\" \/>\n<meta property=\"og:type\" content=\"article\" \/>\n<meta property=\"og:title\" content=\"Partenariat - CBIO Mines Paris - PSL\" \/>\n<meta property=\"og:url\" content=\"https:\/\/www.minesparis.psl.eu\/cbio\/partenariat\/\" \/>\n<meta property=\"og:site_name\" content=\"CBIO Mines Paris - PSL\" \/>\n<meta property=\"article:modified_time\" content=\"2025-07-30T07:30:32+00:00\" \/>\n<meta property=\"og:image\" content=\"https:\/\/www.minesparis.psl.eu\/cbio\/wp-content\/uploads\/sites\/24\/2025\/05\/CBIO-MINESe.jpg\" \/>\n\t<meta property=\"og:image:width\" content=\"2000\" \/>\n\t<meta property=\"og:image:height\" content=\"916\" \/>\n\t<meta property=\"og:image:type\" content=\"image\/jpeg\" \/>\n<meta name=\"twitter:card\" content=\"summary_large_image\" \/>\n<meta name=\"twitter:label1\" content=\"Dur\u00e9e de lecture estim\u00e9e\" \/>\n\t<meta name=\"twitter:data1\" content=\"1 minute\" \/>\n<script type=\"application\/ld+json\" class=\"yoast-schema-graph\">{\"@context\":\"https:\/\/schema.org\",\"@graph\":[{\"@type\":\"WebPage\",\"@id\":\"https:\/\/www.minesparis.psl.eu\/cbio\/partenariat\/\",\"url\":\"https:\/\/www.minesparis.psl.eu\/cbio\/partenariat\/\",\"name\":\"Partenariat - CBIO Mines Paris - PSL\",\"isPartOf\":{\"@id\":\"https:\/\/www.minesparis.psl.eu\/cbio\/#website\"},\"primaryImageOfPage\":{\"@id\":\"https:\/\/www.minesparis.psl.eu\/cbio\/partenariat\/#primaryimage\"},\"image\":{\"@id\":\"https:\/\/www.minesparis.psl.eu\/cbio\/partenariat\/#primaryimage\"},\"thumbnailUrl\":\"https:\/\/www.minesparis.psl.eu\/cbio\/wp-content\/uploads\/sites\/24\/2025\/05\/CBIO-MINESe.jpg\",\"datePublished\":\"2025-05-22T14:34:46+00:00\",\"dateModified\":\"2025-07-30T07:30:32+00:00\",\"breadcrumb\":{\"@id\":\"https:\/\/www.minesparis.psl.eu\/cbio\/partenariat\/#breadcrumb\"},\"inLanguage\":\"fr-FR\",\"potentialAction\":[{\"@type\":\"ReadAction\",\"target\":[\"https:\/\/www.minesparis.psl.eu\/cbio\/partenariat\/\"]}]},{\"@type\":\"ImageObject\",\"inLanguage\":\"fr-FR\",\"@id\":\"https:\/\/www.minesparis.psl.eu\/cbio\/partenariat\/#primaryimage\",\"url\":\"https:\/\/www.minesparis.psl.eu\/cbio\/wp-content\/uploads\/sites\/24\/2025\/05\/CBIO-MINESe.jpg\",\"contentUrl\":\"https:\/\/www.minesparis.psl.eu\/cbio\/wp-content\/uploads\/sites\/24\/2025\/05\/CBIO-MINESe.jpg\",\"width\":2000,\"height\":916},{\"@type\":\"BreadcrumbList\",\"@id\":\"https:\/\/www.minesparis.psl.eu\/cbio\/partenariat\/#breadcrumb\",\"itemListElement\":[{\"@type\":\"ListItem\",\"position\":1,\"name\":\"Accueil\",\"item\":\"https:\/\/www.minesparis.psl.eu\/cbio\/\"},{\"@type\":\"ListItem\",\"position\":2,\"name\":\"Partenariat\"}]},{\"@type\":\"WebSite\",\"@id\":\"https:\/\/www.minesparis.psl.eu\/cbio\/#website\",\"url\":\"https:\/\/www.minesparis.psl.eu\/cbio\/\",\"name\":\"CBIO Mines Paris - PSL\",\"description\":\"\",\"publisher\":{\"@id\":\"https:\/\/www.minesparis.psl.eu\/cbio\/#organization\"},\"potentialAction\":[{\"@type\":\"SearchAction\",\"target\":{\"@type\":\"EntryPoint\",\"urlTemplate\":\"https:\/\/www.minesparis.psl.eu\/cbio\/?s={search_term_string}\"},\"query-input\":{\"@type\":\"PropertyValueSpecification\",\"valueRequired\":true,\"valueName\":\"search_term_string\"}}],\"inLanguage\":\"fr-FR\"},{\"@type\":\"Organization\",\"@id\":\"https:\/\/www.minesparis.psl.eu\/cbio\/#organization\",\"name\":\"CBIO Mines Paris - PSL\",\"url\":\"https:\/\/www.minesparis.psl.eu\/cbio\/\",\"logo\":{\"@type\":\"ImageObject\",\"inLanguage\":\"fr-FR\",\"@id\":\"https:\/\/www.minesparis.psl.eu\/cbio\/#\/schema\/logo\/image\/\",\"url\":\"https:\/\/www.minesparis.psl.eu\/cbio\/wp-content\/uploads\/sites\/24\/2025\/05\/cropped-cropped-CBIO-Logo-Mines-Paris-PSL-Bloc-Marque-Bleu-VF-scaled-1.jpg\",\"contentUrl\":\"https:\/\/www.minesparis.psl.eu\/cbio\/wp-content\/uploads\/sites\/24\/2025\/05\/cropped-cropped-CBIO-Logo-Mines-Paris-PSL-Bloc-Marque-Bleu-VF-scaled-1.jpg\",\"width\":2560,\"height\":573,\"caption\":\"CBIO Mines Paris - PSL\"},\"image\":{\"@id\":\"https:\/\/www.minesparis.psl.eu\/cbio\/#\/schema\/logo\/image\/\"}}]}<\/script>\n<!-- \/ Yoast SEO plugin. -->","yoast_head_json":{"title":"Partenariat - CBIO Mines Paris - PSL","robots":{"index":"index","follow":"follow","max-snippet":"max-snippet:-1","max-image-preview":"max-image-preview:large","max-video-preview":"max-video-preview:-1"},"canonical":"https:\/\/www.minesparis.psl.eu\/cbio\/partenariat\/","og_locale":"fr_FR","og_type":"article","og_title":"Partenariat - CBIO Mines Paris - PSL","og_url":"https:\/\/www.minesparis.psl.eu\/cbio\/partenariat\/","og_site_name":"CBIO Mines Paris - PSL","article_modified_time":"2025-07-30T07:30:32+00:00","og_image":[{"width":2000,"height":916,"url":"https:\/\/www.minesparis.psl.eu\/cbio\/wp-content\/uploads\/sites\/24\/2025\/05\/CBIO-MINESe.jpg","type":"image\/jpeg"}],"twitter_card":"summary_large_image","twitter_misc":{"Dur\u00e9e de lecture estim\u00e9e":"1 minute"},"schema":{"@context":"https:\/\/schema.org","@graph":[{"@type":"WebPage","@id":"https:\/\/www.minesparis.psl.eu\/cbio\/partenariat\/","url":"https:\/\/www.minesparis.psl.eu\/cbio\/partenariat\/","name":"Partenariat - CBIO Mines Paris - PSL","isPartOf":{"@id":"https:\/\/www.minesparis.psl.eu\/cbio\/#website"},"primaryImageOfPage":{"@id":"https:\/\/www.minesparis.psl.eu\/cbio\/partenariat\/#primaryimage"},"image":{"@id":"https:\/\/www.minesparis.psl.eu\/cbio\/partenariat\/#primaryimage"},"thumbnailUrl":"https:\/\/www.minesparis.psl.eu\/cbio\/wp-content\/uploads\/sites\/24\/2025\/05\/CBIO-MINESe.jpg","datePublished":"2025-05-22T14:34:46+00:00","dateModified":"2025-07-30T07:30:32+00:00","breadcrumb":{"@id":"https:\/\/www.minesparis.psl.eu\/cbio\/partenariat\/#breadcrumb"},"inLanguage":"fr-FR","potentialAction":[{"@type":"ReadAction","target":["https:\/\/www.minesparis.psl.eu\/cbio\/partenariat\/"]}]},{"@type":"ImageObject","inLanguage":"fr-FR","@id":"https:\/\/www.minesparis.psl.eu\/cbio\/partenariat\/#primaryimage","url":"https:\/\/www.minesparis.psl.eu\/cbio\/wp-content\/uploads\/sites\/24\/2025\/05\/CBIO-MINESe.jpg","contentUrl":"https:\/\/www.minesparis.psl.eu\/cbio\/wp-content\/uploads\/sites\/24\/2025\/05\/CBIO-MINESe.jpg","width":2000,"height":916},{"@type":"BreadcrumbList","@id":"https:\/\/www.minesparis.psl.eu\/cbio\/partenariat\/#breadcrumb","itemListElement":[{"@type":"ListItem","position":1,"name":"Accueil","item":"https:\/\/www.minesparis.psl.eu\/cbio\/"},{"@type":"ListItem","position":2,"name":"Partenariat"}]},{"@type":"WebSite","@id":"https:\/\/www.minesparis.psl.eu\/cbio\/#website","url":"https:\/\/www.minesparis.psl.eu\/cbio\/","name":"CBIO Mines Paris - PSL","description":"","publisher":{"@id":"https:\/\/www.minesparis.psl.eu\/cbio\/#organization"},"potentialAction":[{"@type":"SearchAction","target":{"@type":"EntryPoint","urlTemplate":"https:\/\/www.minesparis.psl.eu\/cbio\/?s={search_term_string}"},"query-input":{"@type":"PropertyValueSpecification","valueRequired":true,"valueName":"search_term_string"}}],"inLanguage":"fr-FR"},{"@type":"Organization","@id":"https:\/\/www.minesparis.psl.eu\/cbio\/#organization","name":"CBIO Mines Paris - PSL","url":"https:\/\/www.minesparis.psl.eu\/cbio\/","logo":{"@type":"ImageObject","inLanguage":"fr-FR","@id":"https:\/\/www.minesparis.psl.eu\/cbio\/#\/schema\/logo\/image\/","url":"https:\/\/www.minesparis.psl.eu\/cbio\/wp-content\/uploads\/sites\/24\/2025\/05\/cropped-cropped-CBIO-Logo-Mines-Paris-PSL-Bloc-Marque-Bleu-VF-scaled-1.jpg","contentUrl":"https:\/\/www.minesparis.psl.eu\/cbio\/wp-content\/uploads\/sites\/24\/2025\/05\/cropped-cropped-CBIO-Logo-Mines-Paris-PSL-Bloc-Marque-Bleu-VF-scaled-1.jpg","width":2560,"height":573,"caption":"CBIO Mines Paris - PSL"},"image":{"@id":"https:\/\/www.minesparis.psl.eu\/cbio\/#\/schema\/logo\/image\/"}}]}},"_links":{"self":[{"href":"https:\/\/www.minesparis.psl.eu\/cbio\/wp-json\/wp\/v2\/pages\/307","targetHints":{"allow":["GET"]}}],"collection":[{"href":"https:\/\/www.minesparis.psl.eu\/cbio\/wp-json\/wp\/v2\/pages"}],"about":[{"href":"https:\/\/www.minesparis.psl.eu\/cbio\/wp-json\/wp\/v2\/types\/page"}],"author":[{"embeddable":true,"href":"https:\/\/www.minesparis.psl.eu\/cbio\/wp-json\/wp\/v2\/users\/4"}],"replies":[{"embeddable":true,"href":"https:\/\/www.minesparis.psl.eu\/cbio\/wp-json\/wp\/v2\/comments?post=307"}],"version-history":[{"count":89,"href":"https:\/\/www.minesparis.psl.eu\/cbio\/wp-json\/wp\/v2\/pages\/307\/revisions"}],"predecessor-version":[{"id":891,"href":"https:\/\/www.minesparis.psl.eu\/cbio\/wp-json\/wp\/v2\/pages\/307\/revisions\/891"}],"wp:featuredmedia":[{"embeddable":true,"href":"https:\/\/www.minesparis.psl.eu\/cbio\/wp-json\/wp\/v2\/media\/508"}],"wp:attachment":[{"href":"https:\/\/www.minesparis.psl.eu\/cbio\/wp-json\/wp\/v2\/media?parent=307"}],"curies":[{"name":"wp","href":"https:\/\/api.w.org\/{rel}","templated":true}]}}